000
CXUS51 KOKX 021625
CF6LGA
PRELIMINARY LOCAL CLIMATOLOGICAL DATA (WS FORM: F-6)
STATION: LAGUARDIA NY
MONTH: JANUARY
YEAR: 2021
LATITUDE: 40 46 N
LONGITUDE: 73 54 W
TEMPERATURE IN F: :PCPN: SNOW: WIND :SUNSHINE: SKY :PK WND
================================================================================
1 2 3 4 5 6A 6B 7 8 9 10 11 12 13 14 15 16 17 18
12Z AVG MX 2MIN
DY MAX MIN AVG DEP HDD CDD WTR SNW DPTH SPD SPD DIR MIN PSBL S-S WX SPD DR
================================================================================
1 41 35 38 4 27 0 0.66 0.0 0 8.1 17 60 M M 7 1 20 50
2 52 37 45 11 20 0 0.06 0.0 0 13.2 32 310 M M 8 18 40 310
3 40 36 38 4 27 0 0.16 0.1 0 15.3 24 50 M M 9 148 29 60
4 44 37 41 7 24 0 0.01 0.0 0 7.8 16 40 M M 8 20 40
5 42 38 40 7 25 0 0.00 0.0 0 8.2 20 340 M M 9 24 340
6 43 37 40 7 25 0 0.00 0.0 0 14.7 25 310 M M 5 34 330
7 44 33 39 6 26 0 0.00 0.0 0 13.8 20 320 M M 1 26 320
8 39 31 35 2 30 0 0.00 0.0 0 11.1 24 350 M M 6 31 360
9 38 28 33 0 32 0 0.00 0.0 0 14.6 26 360 M M 6 35 10
10 43 32 38 5 27 0 0.00 0.0 0 9.2 18 350 M M 3 24 330
11 38 30 34 1 31 0 0.00 0.0 0 3.1 10 310 M M 6 12 330
12 46 34 40 7 25 0 0.00 0.0 0 6.4 13 310 M M 3 16 290
13 45 35 40 7 25 0 0.00 0.0 0 5.9 17 270 M M 9 21 270
14 50 38 44 11 21 0 0.00 0.0 0 4.4 9 190 M M 8 13 210
15 49 38 44 11 21 0 0.36 0.0 0 11.8 23 80 M M 9 138 29 90
16 49 40 45 12 20 0 0.79 0.0 0 14.2 28 50 M M 8 1 32 90
17 46 38 42 9 23 0 0.00 0.0 0 15.4 32 250 M M 5 41 250
18 47 40 44 11 21 0 0.00 0.0 0 12.8 23 290 M M 5 30 300
19 43 38 41 8 24 0 0.00 0.0 0 14.7 25 280 M M 5 32 280
20 42 29 36 3 29 0 0.02 0.2 0 13.2 30 330 M M 7 8 39 310
21 45 27 36 3 29 0 0.00 0.0 0 8.1 17 260 M M 5 24 210
22 46 38 42 9 23 0 0.00 0.0 0 15.4 25 290 M M 5 32 290
23 38 27 33 0 32 0 0.00 0.0 0 20.7 35 320 M M 5 45 310
24 34 24 29 -4 36 0 0.00 0.0 0 17.6 29 310 M M 4 36 310
25 39 26 33 0 32 0 0.00 0.0 0 8.5 21 310 M M 7 24 310
26 36 33 35 2 30 0 0.07 0.1 0 11.0 17 60 M M 10 148 21 50
27 39 33 36 3 29 0 T T 0 11.5 22 310 M M 9 1 30 320
28 35 23 29 -4 36 0 0.00 0.0 0 19.5 35 330 M M 5 43 300
29 28 17 23 -10 42 0 T T T 23.9 39 310 M M 2 49 320
30 34 19 27 -6 38 0 0.00 0.0 0 13.6 21 340 M M 2 30 320
31 27 21 24 -9 41 0 0.05 1.5 0 10.0 23 50 M M 8 1 28 60
================================================================================
SM 1282 992 871 0 2.18 1.9 377.7 M 189
================================================================================
AV 41.4 32.0 12.2 FASTST M M 6 MAX(MPH)
MISC ----> 39 310 49 320
================================================================================
NOTES:
# LAST OF SEVERAL OCCURRENCES
COLUMN 17 PEAK WIND IN M.P.H.
PRELIMINARY LOCAL CLIMATOLOGICAL DATA (WS FORM: F-6) , PAGE 2
STATION: LAGUARDIA NY
MONTH: JANUARY
YEAR: 2021
LATITUDE: 40 46 N
LONGITUDE: 73 54 W
[TEMPERATURE DATA] [PRECIPITATION DATA] SYMBOLS USED IN COLUMN 16
AVERAGE MONTHLY: 36.7 TOTAL FOR MONTH: 2.18 1 = FOG OR MIST
DPTR FM NORMAL: 3.8 DPTR FM NORMAL: -0.99 2 = FOG REDUCING VISIBILITY
HIGHEST: 52 ON 2 GRTST 24HR 1.16 ON 15-16 TO 1/4 MILE OR LESS
LOWEST: 17 ON 29 3 = THUNDER
SNOW, ICE PELLETS, HAIL 4 = ICE PELLETS
TOTAL MONTH: 1.9 INCHES 5 = HAIL
GRTST 24HR 1.5 ON 31-31 6 = FREEZING RAIN OR DRIZZLE
GRTST DEPTH: T 7 = DUSTSTORM OR SANDSTORM:
VSBY 1/2 MILE OR LESS
8 = SMOKE OR HAZE
[NO. OF DAYS WITH] [WEATHER - DAYS WITH] 9 = BLOWING SNOW
X = TORNADO
MAX 32 OR BELOW: 2 0.01 INCH OR MORE: 9
MAX 90 OR ABOVE: 0 0.10 INCH OR MORE: 4
MIN 32 OR BELOW: 13 0.50 INCH OR MORE: 2
MIN 0 OR BELOW: 0 1.00 INCH OR MORE: 0
[HDD (BASE 65) ]
TOTAL THIS MO. 871 CLEAR (SCALE 0-3) 5
DPTR FM NORMAL -122 PTCLDY (SCALE 4-7) 18
TOTAL FM JUL 1 2124 CLOUDY (SCALE 8-10) 8
DPTR FM NORMAL -470
[CDD (BASE 65) ]
TOTAL THIS MO. 0
DPTR FM NORMAL 0 [PRESSURE DATA]
TOTAL FM JAN 1 0 HIGHEST SLP 30.53 ON 1
DPTR FM NORMAL 0 LOWEST SLP 29.34 ON 16
[REMARKS]
#FINAL-01-21#