000
CXUS51 KOKX 081518
CF6LGA
PRELIMINARY LOCAL CLIMATOLOGICAL DATA (WS FORM: F-6)
STATION: LAGUARDIA NY
MONTH: SEPTEMBER
YEAR: 2020
LATITUDE: 40 46 N
LONGITUDE: 73 54 W
TEMPERATURE IN F: :PCPN: SNOW: WIND :SUNSHINE: SKY :PK WND
================================================================================
1 2 3 4 5 6A 6B 7 8 9 10 11 12 13 14 15 16 17 18
12Z AVG MX 2MIN
DY MAX MIN AVG DEP HDD CDD WTR SNW DPTH SPD SPD DIR MIN PSBL S-S WX SPD DR
================================================================================
1 81 68 75 1 0 10 0.18 0.0 0 9.4 18 110 M M 8 1 23 120
2 81 70 76 2 0 11 0.11 0.0 0 7.9 16 170 M M 9 18 19 170
3 89 73 81 8 0 16 1.16 0.0 0 6.5 17 190 M M 7 1 22 360
4 87 73 80 7 0 15 0.00 0.0 0 8.9 20 330 M M 3 26 320
5 82 69 76 3 0 11 0.00 0.0 0 8.0 16 360 M M 5 21 190
6 85 70 78 6 0 13 0.00 0.0 0 8.5 20 190 M M 3 25 190
7 81 70 76 4 0 11 0.00 0.0 0 8.6 20 160 M M 5 24 170
8 84 71 78 6 0 13 0.00 0.0 0 6.9 13 180 M M 5 16 140
9 81 72 77 5 0 12 0.06 0.0 0 6.6 12 130 M M 8 14 40
10 85 75 80 9 0 15 1.43 0.0 0 6.4 14 110 M M 9 1 16 210
11 79 67 73 2 0 8 0.00 0.0 0 9.3 17 350 M M 7 21 350
12 73 63 68 -2 0 3 0.00 0.0 0 11.1 17 120 M M 7 21 50
13 77 64 71 1 0 6 0.00 0.0 0 9.7 20 170 M M 8 25 170
14 77 62 70 0 0 5 0.00 0.0 0 13.3 21 350 M M 8 27 340
15 67 55 61 -9 4 0 0.00 0.0 0 8.8 20 20 M M 8 24 20
16 73 60 67 -2 0 2 0.00 0.0 0 8.3 16 170 M M 9 22 160
17 77 66 72 3 0 7 0.00 0.0 0 7.0 14 170 M M 10 16 220
18 71 57 64 -4 1 0 0.00 0.0 0 14.4 24 30 M M 7 34 10
19 65 51 58 -10 7 0 0.00 0.0 0 11.7 21 40 M M 2 29 50
20 64 52 58 -10 7 0 0.00 0.0 0 12.3 23 50 M M 3 28 40
21 66 52 59 -8 6 0 0.00 0.0 0 8.4 20 50 M M 2 23 70
22 74 55 65 -2 0 0 0.00 0.0 0 10.9 20 360 M M 3 25 360
23 81 62 72 6 0 7 0.00 0.0 0 10.8 18 300 M M 2 30 310
24 78 66 72 6 0 7 0.00 0.0 0 5.8 12 220 M M 8 M M
25 80 65 73 7 0 8 0.00 0.0 0 5.5 14 160 M M 7 8 17 160
26 77 66 72 7 0 7 0.00 0.0 0 7.1 16 140 M M 8 18 19 130
27 78 69 74 9 0 9 0.02 0.0 0 7.0 14 110 M M 8 1 17 110
28 79 70 75 10 0 10 0.02 0.0 0 11.9 20 160 M M 6 1 23 170
29 74 69 72 8 0 7 0.31 0.0 0 10.7 24 170 M M 8 1 41 170
30 73 62 68 4 0 3 0.88 0.0 0 15.0 30 170 M M 5 1 44 160
================================================================================
SM 2319 1944 25 216 4.17 0.0 276.7 M 188
================================================================================
AV 77.3 64.8 9.2 FASTST M M 6 MAX(MPH)
MISC ----> # 30 170 # 44 160
================================================================================
NOTES:
# LAST OF SEVERAL OCCURRENCES
COLUMN 17 PEAK WIND IN M.P.H.
PRELIMINARY LOCAL CLIMATOLOGICAL DATA (WS FORM: F-6) , PAGE 2
STATION: LAGUARDIA NY
MONTH: SEPTEMBER
YEAR: 2020
LATITUDE: 40 46 N
LONGITUDE: 73 54 W
[TEMPERATURE DATA] [PRECIPITATION DATA] SYMBOLS USED IN COLUMN 16
AVERAGE MONTHLY: 71.1 TOTAL FOR MONTH: 4.17 1 = FOG OR MIST
DPTR FM NORMAL: 2.0 DPTR FM NORMAL: 0.44 2 = FOG REDUCING VISIBILITY
HIGHEST: 89 ON 3 GRTST 24HR 1.43 ON 10-10 TO 1/4 MILE OR LESS
LOWEST: 51 ON 19 3 = THUNDER
SNOW, ICE PELLETS, HAIL 4 = ICE PELLETS
TOTAL MONTH: 0.0 INCH 5 = HAIL
GRTST 24HR 0.0 6 = FREEZING RAIN OR DRIZZLE
GRTST DEPTH: 0 7 = DUSTSTORM OR SANDSTORM:
VSBY 1/2 MILE OR LESS
8 = SMOKE OR HAZE
[NO. OF DAYS WITH] [WEATHER - DAYS WITH] 9 = BLOWING SNOW
X = TORNADO
MAX 32 OR BELOW: 0 0.01 INCH OR MORE: 9
MAX 90 OR ABOVE: 0 0.10 INCH OR MORE: 6
MIN 32 OR BELOW: 0 0.50 INCH OR MORE: 3
MIN 0 OR BELOW: 0 1.00 INCH OR MORE: 2
[HDD (BASE 65) ]
TOTAL THIS MO. 25 CLEAR (SCALE 0-3) 6
DPTR FM NORMAL -9 PTCLDY (SCALE 4-7) 18
TOTAL FM JUL 1 25 CLOUDY (SCALE 8-10) 6
DPTR FM NORMAL -10
[CDD (BASE 65) ]
TOTAL THIS MO. 216
DPTR FM NORMAL 59 [PRESSURE DATA]
TOTAL FM JAN 1 1626 HIGHEST SLP 30.58 ON 21
DPTR FM NORMAL 436 LOWEST SLP 29.45 ON 30
[REMARKS]
#FINAL-09-20#