000
CXUS51 KOKX 010702
CF6LGA
PRELIMINARY LOCAL CLIMATOLOGICAL DATA (WS FORM: F-6)
STATION: LAGUARDIA NY
MONTH: AUGUST
YEAR: 2020
LATITUDE: 40 46 N
LONGITUDE: 73 54 W
TEMPERATURE IN F: :PCPN: SNOW: WIND :SUNSHINE: SKY :PK WND
================================================================================
1 2 3 4 5 6A 6B 7 8 9 10 11 12 13 14 15 16 17 18
12Z AVG MX 2MIN
DY MAX MIN AVG DEP HDD CDD WTR SNW DPTH SPD SPD DIR MIN PSBL S-S WX SPD DR
================================================================================
1 90 74 82 4 0 17 0.00 0.0 0 7.8 17 180 M M 5 24 180
2 90 77 84 6 0 19 0.00 0.0 0 13.6 24 160 M M 7 34 160
3 93 74 84 6 0 19 0.35 0.0 0 10.3 37 220 M M 6 3 46 220
4 83 73 78 0 0 13 0.45 0.0 0 16.1 53 160 M M 8 138 69 170
5 90 77 84 6 0 19 T 0.0 0 8.3 18 270 M M 5 26 270
6 82 73 78 1 0 13 T 0.0 0 6.3 14 180 M M 8 16 180
7 80 71 76 -1 0 11 0.44 0.0 0 8.1 17 120 M M 9 3 19 120
8 85 72 79 2 0 14 0.00 0.0 0 6.3 15 170 M M 6 18 170
9 89 75 82 5 0 17 0.00 0.0 0 8.6 20 170 M M 4 25 180
10 95 79 87 10 0 22 0.00 0.0 0 8.6 18 160 M M 2 24 150
11 89 80 85 8 0 20 T 0.0 0 9.6 23 160 M M 5 29 170
12 92 77 85 8 0 20 1.49 0.0 0 5.8 25 150 M M 7 38 31 170
13 82 75 79 2 0 14 0.11 0.0 0 6.4 13 60 M M 8 3 14 60
14 88 74 81 4 0 16 0.00 0.0 0 8.6 16 40 M M 7 19 60
15 85 73 79 2 0 14 0.00 0.0 0 11.9 20 90 M M 8 25 90
16 73 69 71 -6 0 6 0.13 0.0 0 14.5 23 60 M M 10 28 60
17 83 68 76 0 0 11 0.84 0.0 0 8.3 21 160 M M 5 138 26 170
18 86 67 77 1 0 12 0.13 0.0 0 6.5 24 300 M M 5 3 33 290
19 77 69 73 -3 0 8 0.14 0.0 0 5.7 13 30 M M 6 3 16 40
20 83 68 76 0 0 11 0.00 0.0 0 6.7 15 160 M M 3 18 160
21 88 72 80 4 0 15 0.00 0.0 0 10.7 16 200 M M 7 21 230
22 92 77 85 9 0 20 T 0.0 0 8.4 17 220 M M 7 3 22 200
23 87 77 82 6 0 17 0.00 0.0 0 7.0 16 160 M M 6 20 190
24 93 78 86 11 0 21 0.00 0.0 0 8.2 17 270 M M 5 21 280
25 93 71 82 7 0 17 0.36 0.0 0 10.5 17 260 M M 4 3 53 330
26 79 70 75 0 0 10 T 0.0 0 13.0 24 320 M M 4 31 320
27 94 72 83 8 0 18 0.43 0.0 0 9.1 31 340 M M 7 3 41 340
28 89 75 82 7 0 17 0.01 0.0 0 9.3 20 180 M M 6 23 180
29 84 75 80 6 0 15 0.02 0.0 0 10.4 23 290 M M 8 31 300
30 81 70 76 2 0 11 0.00 0.0 0 14.6 25 310 M M 4 32 310
31 77 67 72 -2 0 7 0.00 0.0 0 7.5 12 110 M M 7 15 130
================================================================================
SM 2672 2269 0 464 4.90 0.0 286.7 M 189
================================================================================
AV 86.2 73.2 9.2 FASTST M M 6 MAX(MPH)
MISC ----> # 53 160 # 69 170
================================================================================
NOTES:
# LAST OF SEVERAL OCCURRENCES
COLUMN 17 PEAK WIND IN M.P.H.
PRELIMINARY LOCAL CLIMATOLOGICAL DATA (WS FORM: F-6) , PAGE 2
STATION: LAGUARDIA NY
MONTH: AUGUST
YEAR: 2020
LATITUDE: 40 46 N
LONGITUDE: 73 54 W
[TEMPERATURE DATA] [PRECIPITATION DATA] SYMBOLS USED IN COLUMN 16
AVERAGE MONTHLY: 79.7 TOTAL FOR MONTH: 4.90 1 = FOG OR MIST
DPTR FM NORMAL: 3.4 DPTR FM NORMAL: 0.78 2 = FOG REDUCING VISIBILITY
HIGHEST: 95 ON 10 GRTST 24HR 1.49 ON 12-12 TO 1/4 MILE OR LESS
LOWEST: 67 ON 31,18 3 = THUNDER
SNOW, ICE PELLETS, HAIL 4 = ICE PELLETS
TOTAL MONTH: 0.0 INCH 5 = HAIL
GRTST 24HR 0.0 6 = FREEZING RAIN OR DRIZZLE
GRTST DEPTH: 0 7 = DUSTSTORM OR SANDSTORM:
VSBY 1/2 MILE OR LESS
8 = SMOKE OR HAZE
[NO. OF DAYS WITH] [WEATHER - DAYS WITH] 9 = BLOWING SNOW
X = TORNADO
MAX 32 OR BELOW: 0 0.01 INCH OR MORE: 13
MAX 90 OR ABOVE: 10 0.10 INCH OR MORE: 11
MIN 32 OR BELOW: 0 0.50 INCH OR MORE: 2
MIN 0 OR BELOW: 0 1.00 INCH OR MORE: 1
[HDD (BASE 65) ]
TOTAL THIS MO. 0 CLEAR (SCALE 0-3) 1
DPTR FM NORMAL -1 PTCLDY (SCALE 4-7) 28
TOTAL FM JUL 1 0 CLOUDY (SCALE 8-10) 2
DPTR FM NORMAL -1
[CDD (BASE 65) ]
TOTAL THIS MO. 464
DPTR FM NORMAL 113 [PRESSURE DATA]
TOTAL FM JAN 1 1410 HIGHEST SLP M ON M
DPTR FM NORMAL 377 LOWEST SLP 29.43 ON 4
[REMARKS]
#FINAL-08-20#