000
CXUS51 KOKX 010702
CF6LGA
PRELIMINARY LOCAL CLIMATOLOGICAL DATA (WS FORM: F-6)
STATION: LAGUARDIA NY
MONTH: FEBRUARY
YEAR: 2020
LATITUDE: 40 46 N
LONGITUDE: 73 54 W
TEMPERATURE IN F: :PCPN: SNOW: WIND :SUNSHINE: SKY :PK WND
================================================================================
1 2 3 4 5 6A 6B 7 8 9 10 11 12 13 14 15 16 17 18
12Z AVG MX 2MIN
DY MAX MIN AVG DEP HDD CDD WTR SNW DPTH SPD SPD DIR MIN PSBL S-S WX SPD DR
================================================================================
1 42 37 40 7 25 0 0.01 0.0 0 4.6 9 310 M M 10 18 11 60
2 43 35 39 5 26 0 0.06 0.0 0 8.7 20 270 M M 10 1 24 230
3 56 37 47 13 18 0 T 0.0 0 8.8 18 290 M M 5 25 290
4 58 39 49 15 16 0 0.01 0.0 0 5.4 16 50 M M 9 19 40
5 53 38 46 12 19 0 T 0.0 0 10.3 18 10 M M 10 25 10
6 41 35 38 4 27 0 0.56 0.0 0 11.2 20 40 M M 10 1 25 40
7 58 33 46 12 19 0 0.29 0.0 0 18.0 39 270 M M 9 12 52 250
8 40 30 35 1 30 0 0.00 0.0 0 14.0 28 290 M M 4 37 280
9 42 30 36 2 29 0 0.00 0.0 0 10.4 16 40 M M 7 23 60
10 47 42 45 11 20 0 0.41 0.0 0 9.3 18 220 M M 10 1 25 220
11 48 42 45 10 20 0 0.26 0.0 0 8.7 21 310 M M 10 12 26 320
12 45 37 41 6 24 0 0.13 0.0 0 13.2 18 190 M M 9 24 190
13 44 36 40 5 25 0 0.39 0.0 0 8.2 25 300 M M 9 1 34 300
14 40 19 30 -5 35 0 0.00 0.0 0 17.5 30 320 M M 3 38 320
15 30 15 23 -12 42 0 0.00 0.0 0 9.6 18 170 M M 4 25 220
16 44 29 37 1 28 0 0.00 0.0 0 6.4 16 210 M M 8 21 220
17 51 38 45 9 20 0 0.00 0.0 0 7.2 17 60 M M 7 20 60
18 47 37 42 6 23 0 T 0.0 0 9.9 17 40 M M 10 1 22 100
19 48 33 41 5 24 0 0.00 0.0 0 14.4 25 320 M M 5 1 31 310
20 35 27 31 -5 34 0 0.00 0.0 0 13.3 21 310 M M 8 26 320
21 36 21 29 -7 36 0 0.00 0.0 0 10.0 22 340 M M 1 26 340
22 50 32 41 4 24 0 0.00 0.0 0 10.1 18 260 M M 1 26 260
23 56 36 46 9 19 0 0.00 0.0 0 7.9 17 240 M M 1 22 230
24 61 41 51 14 14 0 0.00 0.0 0 7.2 15 190 M M 6 18 180
25 51 44 48 11 17 0 0.13 0.0 0 6.6 12 60 M M 10 1 18 60
26 49 42 46 9 19 0 0.02 0.0 0 9.4 20 90 M M 10 18 24 90
27 45 32 39 1 26 0 0.45 0.0 0 22.8 37 270 M M 7 1 48 280
28 42 30 36 -2 29 0 0.00 0.0 0 18.6 30 260 M M 6 39 250
29 36 27 32 -6 33 0 T T 0 16.3 30 310 M M 5 35 290
================================================================================
SM 1338 974 721 0 2.72 T 318.0 M 204
================================================================================
AV 46.1 33.6 11.0 FASTST M M 7 MAX(MPH)
MISC ----> # 39 270 # 52 250
================================================================================
NOTES:
# LAST OF SEVERAL OCCURRENCES
COLUMN 17 PEAK WIND IN M.P.H.
PRELIMINARY LOCAL CLIMATOLOGICAL DATA (WS FORM: F-6) , PAGE 2
STATION: LAGUARDIA NY
MONTH: FEBRUARY
YEAR: 2020
LATITUDE: 40 46 N
LONGITUDE: 73 54 W
[TEMPERATURE DATA] [PRECIPITATION DATA] SYMBOLS USED IN COLUMN 16
AVERAGE MONTHLY: 39.9 TOTAL FOR MONTH: 2.72 1 = FOG OR MIST
DPTR FM NORMAL: 4.6 DPTR FM NORMAL: -0.04 2 = FOG REDUCING VISIBILITY
HIGHEST: 61 ON 24 GRTST 24HR 0.56 ON 6- 6 TO 1/4 MILE OR LESS
LOWEST: 15 ON 15 3 = THUNDER
SNOW, ICE PELLETS, HAIL 4 = ICE PELLETS
TOTAL MONTH: T 5 = HAIL
GRTST 24HR T ON 29-29 6 = FREEZING RAIN OR DRIZZLE
GRTST DEPTH: 0 7 = DUSTSTORM OR SANDSTORM:
VSBY 1/2 MILE OR LESS
8 = SMOKE OR HAZE
[NO. OF DAYS WITH] [WEATHER - DAYS WITH] 9 = BLOWING SNOW
X = TORNADO
MAX 32 OR BELOW: 1 0.01 INCH OR MORE: 12
MAX 90 OR ABOVE: 0 0.10 INCH OR MORE: 8
MIN 32 OR BELOW: 11 0.50 INCH OR MORE: 1
MIN 0 OR BELOW: 0 1.00 INCH OR MORE: 0
[HDD (BASE 65) ]
TOTAL THIS MO. 721 CLEAR (SCALE 0-3) 4
DPTR FM NORMAL -109 PTCLDY (SCALE 4-7) 12
TOTAL FM JUL 1 3083 CLOUDY (SCALE 8-10) 13
DPTR FM NORMAL -373
[CDD (BASE 65) ]
TOTAL THIS MO. 0
DPTR FM NORMAL 0 [PRESSURE DATA]
TOTAL FM JAN 1 0 HIGHEST SLP M ON M
DPTR FM NORMAL 0 LOWEST SLP 28.80 ON 7
[REMARKS]
#FINAL-02-20#