000
CXUS51 KOKX 010910
CF6LGA
PRELIMINARY LOCAL CLIMATOLOGICAL DATA (WS FORM: F-6)
STATION: LAGUARDIA NY
MONTH: OCTOBER
YEAR: 2023
LATITUDE: 40 46 N
LONGITUDE: 73 54 W
TEMPERATURE IN F: :PCPN: SNOW: WIND :SUNSHINE: SKY :PK WND
================================================================================
1 2 3 4 5 6A 6B 7 8 9 10 11 12 13 14 15 16 17 18
12Z AVG MX 2MIN
DY MAX MIN AVG DEP HDD CDD WTR SNW DPTH SPD SPD DIR MIN PSBL S-S WX SPD DR
================================================================================
1 77 61 69 4 0 4 0.00 0.0 0 6.7 15 350 M M 3 19 340
2 79 65 72 7 0 7 0.00 0.0 0 6.6 13 140 M M 2 22 60
3 83 63 73 9 0 8 0.00 0.0 0 3.5 10 160 M M 2 13 150
4 84 66 75 11 0 10 0.00 0.0 0 5.7 14 170 M M 2 17 160
5 78 63 71 7 0 6 0.00 0.0 0 6.9 14 160 M M 4 1 21 120
6 71 67 69 6 0 4 0.13 0.0 0 7.8 13 110 M M 10 1 19 60
7 70 55 63 0 2 0 0.80 0.0 0 12.0 25 320 M M 9 1 35 310
8 62 52 57 -6 8 0 0.00 0.0 0 15.9 22 250 M M 5 30 270
9 62 50 56 -6 9 0 0.00 0.0 0 10.5 20 230 M M 6 27 200
10 65 54 60 -2 5 0 0.01 0.0 0 6.5 15 220 M M 7 21 220
11 71 57 64 3 1 0 0.00 0.0 0 6.4 14 210 M M 5 19 220
12 71 56 64 3 1 0 0.00 0.0 0 4.0 16 300 M M 3 20 300
13 65 54 60 -1 5 0 0.00 0.0 0 8.9 17 350 M M 3 21 350
14 59 50 55 -5 10 0 0.71 0.0 0 8.1 17 70 M M 10 1 20 60
15 61 51 56 -4 9 0 0.01 0.0 0 15.8 22 330 M M 7 28 330
16 65 50 58 -2 7 0 T 0.0 0 10.5 20 10 M M 5 25 10
17 64 53 59 0 6 0 0.00 0.0 0 7.0 13 350 M M 7 20 60
18 63 56 60 1 5 0 0.00 0.0 0 4.9 9 160 M M 7 13 80
19 66 52 59 1 6 0 0.00 0.0 0 7.8 17 160 M M 4 22 160
20 65 60 63 5 2 0 0.94 0.0 0 9.6 22 170 M M 10 13 29 160
21 65 58 62 4 3 0 0.60 0.0 0 13.8 30 280 M M 8 1 38 270
22 58 49 54 -3 11 0 0.00 0.0 0 17.0 29 300 M M 7 37 320
23 62 48 55 -2 10 0 0.00 0.0 0 11.2 22 320 M M 2 31 290
24 66 50 58 1 7 0 0.00 0.0 0 7.1 15 160 M M 4 19 160
25 74 53 64 8 1 0 0.00 0.0 0 9.0 16 220 M M 5 20 220
26 80 59 70 14 0 5 0.00 0.0 0 4.7 12 190 M M 6 14 150
27 76 63 70 14 0 5 0.00 0.0 0 5.6 13 230 M M 6 18 240
28 82 64 73 18 0 8 0.00 0.0 0 9.4 18 340 M M 4 25 330
29 64 52 58 3 7 0 0.42 0.0 0 10.9 21 60 M M 10 1 26 60
30 60 51 56 1 9 0 0.56 0.0 0 10.1 24 310 M M 10 18 30 310
31 52 46 49 -5 16 0 0.00 0.0 0 8.7 16 330 M M 9 23 340
================================================================================
SM 2120 1728 140 57 4.18 0.0 272.6 M 182
================================================================================
AV 68.4 55.7 8.8 FASTST M M 6 MAX(MPH)
MISC ----> 30 280 38 270
================================================================================
NOTES:
# LAST OF SEVERAL OCCURRENCES
COLUMN 17 PEAK WIND IN M.P.H.
PRELIMINARY LOCAL CLIMATOLOGICAL DATA (WS FORM: F-6) , PAGE 2
STATION: LAGUARDIA NY
MONTH: OCTOBER
YEAR: 2023
LATITUDE: 40 46 N
LONGITUDE: 73 54 W
[TEMPERATURE DATA] [PRECIPITATION DATA] SYMBOLS USED IN COLUMN 16
AVERAGE MONTHLY: 62.1 TOTAL FOR MONTH: 4.18 1 = FOG OR MIST
DPTR FM NORMAL: 2.5 DPTR FM NORMAL: 0.37 2 = FOG REDUCING VISIBILITY
HIGHEST: 84 ON 4 GRTST 24HR 1.33 ON 20-21 TO 1/4 MILE OR LESS
LOWEST: 46 ON 31 3 = THUNDER
SNOW, ICE PELLETS, HAIL 4 = ICE PELLETS
TOTAL MONTH: 0.0 INCH 5 = HAIL
GRTST 24HR 0.0 6 = FREEZING RAIN OR DRIZZLE
GRTST DEPTH: 0 7 = DUSTSTORM OR SANDSTORM:
VSBY 1/2 MILE OR LESS
8 = SMOKE OR HAZE
[NO. OF DAYS WITH] [WEATHER - DAYS WITH] 9 = BLOWING SNOW
X = TORNADO
MAX 32 OR BELOW: 0 0.01 INCH OR MORE: 9
MAX 90 OR ABOVE: 0 0.10 INCH OR MORE: 7
MIN 32 OR BELOW: 0 0.50 INCH OR MORE: 5
MIN 0 OR BELOW: 0 1.00 INCH OR MORE: 0
[HDD (BASE 65) ]
TOTAL THIS MO. 140 CLEAR (SCALE 0-3) 5
DPTR FM NORMAL -58 PTCLDY (SCALE 4-7) 18
TOTAL FM JUL 1 169 CLOUDY (SCALE 8-10) 8
DPTR FM NORMAL -50
[CDD (BASE 65) ]
TOTAL THIS MO. 57
DPTR FM NORMAL 25 [PRESSURE DATA]
TOTAL FM JAN 1 1389 HIGHEST SLP M ON M
DPTR FM NORMAL -18 LOWEST SLP 29.23 ON 21
[REMARKS]
#FINAL-10-23#