000
CXUS51 KOKX 190910
CF6LGA
PRELIMINARY LOCAL CLIMATOLOGICAL DATA (WS FORM: F-6)
STATION: LAGUARDIA NY
MONTH: MARCH
YEAR: 2024
LATITUDE: 40 46 N
LONGITUDE: 73 54 W
TEMPERATURE IN F: :PCPN: SNOW: WIND :SUNSHINE: SKY :PK WND
================================================================================
1 2 3 4 5 6A 6B 7 8 9 10 11 12 13 14 15 16 17 18
12Z AVG MX 2MIN
DY MAX MIN AVG DEP HDD CDD WTR SNW DPTH SPD SPD DIR MIN PSBL S-S WX SPD DR
================================================================================
1 44 31 38 -1 27 0 0.00 0.0 0 10.6 20 160 M M 4 28 190
2 55 41 48 9 17 0 1.40 0.0 0 9.7 29 110 M M 10 1 35 110
3 68 46 57 17 8 0 T 0.0 0 7.0 16 310 M M 6 1 20 320
4 59 45 52 12 13 0 T 0.0 0 9.5 20 110 M M 8 1 25 90
5 49 41 45 5 20 0 0.47 0.0 0 11.5 28 50 M M 10 12 34 50
6 51 44 48 8 17 0 1.61 0.0 0 8.9 25 50 M M 10 18 34 60
7 54 44 49 9 16 0 0.10 0.0 0 14.6 23 350 M M 9 1 32 350
8 55 40 48 7 17 0 0.00 0.0 0 9.8 17 40 M M 5 24 350
9 47 41 44 3 21 0 1.68 0.0 0 15.2 31 120 M M 10 18 41 130
10 50 37 44 3 21 0 0.02 0.0 0 19.6 37 290 M M 8 1 49 270
11 51 35 43 1 22 0 T T 0 25.4 38 310 M M 5 58 320
12 65 45 55 13 10 0 0.00 0.0 0 13.3 24 310 M M 3 33 290
13 60 44 52 10 13 0 0.00 0.0 0 5.9 17 160 M M 5 22 140
14 72 43 58 16 7 0 0.00 0.0 0 7.0 16 180 M M 6 23 170
15 72 50 61 18 4 0 T 0.0 0 11.3 29 310 M M 8 37 300
16 59 47 53 10 12 0 0.00 0.0 0 9.6 21 160 M M 5 29 160
17 61 48 55 12 10 0 T 0.0 0 12.4 23 270 M M 7 35 300
18 50 38 44 1 21 0 0.00 0.0 0 14.7 24 320 M M 7 35 330
================================================================================
SM 1022 760 276 0 5.28 T 216.0 M 126
================================================================================
AV 56.8 42.2 12.0 FASTST M M 7 MAX(MPH)
MISC ----> 38 310 58 320
================================================================================
NOTES:
# LAST OF SEVERAL OCCURRENCES
COLUMN 17 PEAK WIND IN M.P.H.
PRELIMINARY LOCAL CLIMATOLOGICAL DATA (WS FORM: F-6) , PAGE 2
STATION: LAGUARDIA NY
MONTH: MARCH
YEAR: 2024
LATITUDE: 40 46 N
LONGITUDE: 73 54 W
[TEMPERATURE DATA] [PRECIPITATION DATA] SYMBOLS USED IN COLUMN 16
AVERAGE MONTHLY: 49.5 TOTAL FOR MONTH: 5.28 1 = FOG OR MIST
DPTR FM NORMAL: 8.3 DPTR FM NORMAL: 2.97 2 = FOG REDUCING VISIBILITY
HIGHEST: 72 ON 15,14 GRTST 24HR 1.71 ON 6- 7 TO 1/4 MILE OR LESS
LOWEST: 31 ON 1 3 = THUNDER
SNOW, ICE PELLETS, HAIL 4 = ICE PELLETS
TOTAL MONTH: T 5 = HAIL
GRTST 24HR T ON 11-11 6 = FREEZING RAIN OR DRIZZLE
GRTST DEPTH: 0 7 = DUSTSTORM OR SANDSTORM:
VSBY 1/2 MILE OR LESS
8 = SMOKE OR HAZE
[NO. OF DAYS WITH] [WEATHER - DAYS WITH] 9 = BLOWING SNOW
X = TORNADO
MAX 32 OR BELOW: 0 0.01 INCH OR MORE: 6
MAX 90 OR ABOVE: 0 0.10 INCH OR MORE: 5
MIN 32 OR BELOW: 1 0.50 INCH OR MORE: 3
MIN 0 OR BELOW: 0 1.00 INCH OR MORE: 3
[HDD (BASE 65) ]
TOTAL THIS MO. 276 CLEAR (SCALE 0-3) 1
DPTR FM NORMAL -154 PTCLDY (SCALE 4-7) 10
TOTAL FM JUL 1 3181 CLOUDY (SCALE 8-10) 7
DPTR FM NORMAL -472
[CDD (BASE 65) ]
TOTAL THIS MO. 0
DPTR FM NORMAL 0 [PRESSURE DATA]
TOTAL FM JAN 1 0 HIGHEST SLP M ON M
DPTR FM NORMAL 0 LOWEST SLP 29.35 ON 10
[REMARKS]