146
CXUS56 KLOX 011655
CF6LGB
PRELIMINARY LOCAL CLIMATOLOGICAL DATA (WS FORM: F-6)
STATION: LONG BEACH AIRPORT CA
MONTH: JULY
YEAR: 2020
LATITUDE: 33 49 N
LONGITUDE: 118 9 W
TEMPERATURE IN F: :PCPN: SNOW: WIND :SUNSHINE: SKY :PK WND
================================================================================
1 2 3 4 5 6A 6B 7 8 9 10 11 12 13 14 15 16 17 18
12Z AVG MX 2MIN
DY MAX MIN AVG DEP HDD CDD WTR SNW DPTH SPD SPD DIR MIN PSBL S-S WX SPD DR
================================================================================
1 73 64 69 -3 0 4 0.00 0.0 0 4.9 10 190 M M 7 16 180
2 78 64 71 -1 0 6 0.00 0.0 0 6.9 13 280 M M 5 16 190
3 83 61 72 0 0 7 0.00 0.0 0 7.0 14 290 M M 0 17 300
4 87 63 75 3 0 10 0.00 0.0 0 5.4 16 310 M M 0 8 19 290
5 88 64 76 4 0 11 0.00 0.0 0 4.7 13 300 M M 0 1 15 320
6 85 64 75 3 0 10 0.00 0.0 0 5.5 10 310 M M 2 18 15 160
7 81 66 74 2 0 9 0.00 0.0 0 5.3 13 190 M M 2 8 17 180
8 75 66 71 -2 0 6 0.00 0.0 0 6.6 12 170 M M 3 18 210
9 84 66 75 2 0 10 0.00 0.0 0 5.8 14 210 M M 3 8 19 200
10 89 65 77 4 0 12 0.00 0.0 0 5.4 12 310 M M 3 18 15 270
11 94 65 80 7 0 15 0.00 0.0 0 5.9 16 290 M M 0 19 310
12 92 68 80 7 0 15 0.00 0.0 0 5.1 15 310 M M 0 17 310
13 79 67 73 0 0 8 0.00 0.0 0 6.9 13 290 M M 3 16 190
14 80 65 73 0 0 8 0.00 0.0 0 6.2 14 290 M M 5 16 300
15 80 64 72 -1 0 7 0.00 0.0 0 7.0 15 300 M M 4 20 300
16 80 63 72 -1 0 7 0.00 0.0 0 6.9 14 310 M M 3 17 260
17 81 65 73 -1 0 8 0.00 0.0 0 7.0 16 300 M M 4 22 280
18 82 63 73 -1 0 8 0.00 0.0 0 6.9 15 290 M M 0 21 290
19 81 62 72 -2 0 7 0.00 0.0 0 6.6 16 290 M M 1 21 340
20 80 62 71 -3 0 6 0.00 0.0 0 6.3 14 290 M M 1 16 180
21 78 63 71 -3 0 6 0.00 0.0 0 5.9 17 300 M M 1 19 300
22 76 61 69 -5 0 4 0.00 0.0 0 4.9 12 290 M M 6 1 20 230
23 73 63 68 -6 0 3 0.00 0.0 0 5.7 12 300 M M 6 15 180
24 76 62 69 -5 0 4 0.00 0.0 0 6.0 13 280 M M 5 17 210
25 80 63 72 -2 0 7 0.00 0.0 0 6.2 14 290 M M 4 18 310
26 81 61 71 -3 0 6 0.00 0.0 0 6.0 16 310 M M 2 18 19 280
27 79 62 71 -3 0 6 0.00 0.0 0 5.9 14 300 M M 0 17 300
28 80 61 71 -3 0 6 0.00 0.0 0 5.7 12 310 M M 3 18 17 300
29 81 61 71 -3 0 6 0.00 0.0 0 5.5 14 300 M M 1 1 18 300
30 85 60 73 -1 0 8 0.00 0.0 0 6.4 16 290 M M 4 18 20 280
31 90 64 77 3 0 12 0.00 0.0 0 5.8 16 310 M M 0 19 290
================================================================================
SM 2531 1968 0 242 0.00 0.0 186.3 M 78
================================================================================
AV 81.7 63.5 6.0 FASTST M M 3 MAX(MPH)
MISC ----> # 17 300 # 22 280
================================================================================
NOTES:
# LAST OF SEVERAL OCCURRENCES
COLUMN 17 PEAK WIND IN M.P.H.
PRELIMINARY LOCAL CLIMATOLOGICAL DATA (WS FORM: F-6) , PAGE 2
STATION: LONG BEACH AIRPORT CA
MONTH: JULY
YEAR: 2020
LATITUDE: 33 49 N
LONGITUDE: 118 9 W
[TEMPERATURE DATA] [PRECIPITATION DATA] SYMBOLS USED IN COLUMN 16
AVERAGE MONTHLY: 72.6 TOTAL FOR MONTH: 0.00 1 = FOG OR MIST
DPTR FM NORMAL: -0.6 DPTR FM NORMAL: -0.03 2 = FOG REDUCING VISIBILITY
HIGHEST: 94 ON 11 GRTST 24HR 0.00 ON 31-31 TO 1/4 MILE OR LESS
LOWEST: 60 ON 30 3 = THUNDER
SNOW, ICE PELLETS, HAIL 4 = ICE PELLETS
TOTAL MONTH: 0.0 INCH 5 = HAIL
GRTST 24HR 0.0 6 = FREEZING RAIN OR DRIZZLE
GRTST DEPTH: 0 7 = DUSTSTORM OR SANDSTORM:
VSBY 1/2 MILE OR LESS
8 = SMOKE OR HAZE
[NO. OF DAYS WITH] [WEATHER - DAYS WITH] 9 = BLOWING SNOW
X = TORNADO
MAX 32 OR BELOW: 0 0.01 INCH OR MORE: 0
MAX 90 OR ABOVE: 3 0.10 INCH OR MORE: 0
MIN 32 OR BELOW: 0 0.50 INCH OR MORE: 0
MIN 0 OR BELOW: 0 1.00 INCH OR MORE: 0
[HDD (BASE 65) ]
TOTAL THIS MO. 0 CLEAR (SCALE 0-3) 21
DPTR FM NORMAL 0 PTCLDY (SCALE 4-7) 10
TOTAL FM JUL 1 0 CLOUDY (SCALE 8-10) 0
DPTR FM NORMAL 0
[CDD (BASE 65) ]
TOTAL THIS MO. 242
DPTR FM NORMAL -12 [PRESSURE DATA]
TOTAL FM JAN 1 566 HIGHEST SLP M ON M
DPTR FM NORMAL 88 LOWEST SLP 29.75 ON 21
[REMARKS]
#FINAL-07-20#