000
CXUS54 KFWD 251721
CF6LHB
PRELIMINARY LOCAL CLIMATOLOGICAL DATA (WS FORM: F-6)
STATION: HEARNE
MONTH: MARCH
YEAR: 2021
LATITUDE: 30 52 N
LONGITUDE: 96 36 W
TEMPERATURE IN F: :PCPN: SNOW: WIND :SUNSHINE: SKY :PK WND
================================================================================
1 2 3 4 5 6A 6B 7 8 9 10 11 12 13 14 15 16 17 18
12Z AVG MX 2MIN
DY MAX MIN AVG DEP HDD CDD WTR SNW DPTH SPD SPD DIR MIN PSBL S-S WX SPD DR
================================================================================
1 59 48 54 M 11 0 0.08 M M 12.2 17 360 M M 10 1 22 340
2 65 40 53 M 12 0 0.00 M M 5.3 12 10 M M 2 17 20
3 69 37 53 M 12 0 0.00 M M 2.4 8 160 M M 0 M M
4 74 40 57 M 8 0 0.00 M M 5.8 15 160 M M 0 18 160
5 78 52 65 M 0 0 0.00 M M 8.2 18 320 M M 5 30 320
6 68 46 57 M 8 0 0.00 M M 7.3 20 10 M M 2 23 10
7 69 36 53 M 12 0 0.00 M M 4.1 12 130 M M 0 16 130
8 73 36 55 M 10 0 0.00 M M 5.1 12 150 M M 2 16 150
9 76 58 67 M 0 2 0.00 M M 11.5 21 160 M M 9 27 160
10 81 59 70 M 0 5 0.00 M M 13.2 22 180 M M 6 32 180
11 81 69 75 M 0 10 0.00 M M 12.1 20 180 M M 9 27 190
12 82 69 76 M 0 11 0.02 M M 10.3 17 170 M M 8 25 170
13 82 65 74 M 0 9 0.00 M M 10.9 16 150 M M 7 24 140
14 70 46 58 M 7 0 0.17 M M 4.5 15 150 M M 8 12 24 0
15 83 42 63 M 2 0 0.00 M M 3.4 8 140 M M 3 12 M M
16 83 67 75 M 0 10 M M M 7.7 16 150 M M 9 20 150
17 76 49 63 M 2 0 0.47 M M 12.1 25 280 M M 6 3 32 280
18 65 43 54 M 11 0 0.00 M M 11.2 21 320 M M 0 29 320
19 64 39 52 M 13 0 0.00 M M 6.8 14 360 M M 0 23 360
20 69 38 54 M 11 0 0.00 M M 1.2 7 100 M M 0 M M
21 71 40 56 M 9 0 0.00 M M 5.5 10 140 M M 0 17 140
22 70 55 63 M 2 0 0.00 M M 6.8 14 130 M M 7 3 23 140
23 77 52 65 M 0 0 0.01 M M 3.1 12 310 M M 1 2 9 250
24 73 49 61 M 4 0 0.00 M M 5.9 12 90 M M 7 1 17 90
25 73 50 62 M 3 0 0.03 M M 7.0 13 310 M M 4 3 20 280
26 82 44 63 M 2 0 0.00 M M 4.8 14 170 M M 0 17 150
27 83 66 75 M 0 10 0.26 M M 4.4 13 180 M M 9 1 M M
28 74 48 61 M 4 0 0.00 M M 11.6 21 350 M M 1 28 350
29 75 39 57 M 8 0 0.00 M M 5.5 13 170 M M 2 17 160
30 82 62 72 M 0 7 0.00 M M 9.1 17 170 M M 10 23 170
31 73 44 59 M 6 0 0.01 M M 10.0 27 360 M M 7 1 32 360
================================================================================
SM 2300 1528 157 64 1.05 M 228.9 M 134
================================================================================
AV 74.2 49.3 7.4 FASTST M M 4 MAX(MPH)
MISC ----> 27 360 # 32 180
================================================================================
NOTES:
# LAST OF SEVERAL OCCURRENCES
COLUMN 17 PEAK WIND IN M.P.H.
PRELIMINARY LOCAL CLIMATOLOGICAL DATA (WS FORM: F-6) , PAGE 2
STATION: HEARNE
MONTH: MARCH
YEAR: 2021
LATITUDE: 30 52 N
LONGITUDE: 96 36 W
[TEMPERATURE DATA] [PRECIPITATION DATA] SYMBOLS USED IN COLUMN 16
AVERAGE MONTHLY: 61.7 TOTAL FOR MONTH: 1.05 1 = FOG OR MIST
DPTR FM NORMAL: 0.0 DPTR FM NORMAL: M 2 = FOG REDUCING VISIBILITY
HIGHEST: 83 ON 27,16 GRTST 24HR 0.47 ON 17-17 TO 1/4 MILE OR LESS
LOWEST: 36 ON 8, 7 3 = THUNDER
SNOW, ICE PELLETS, HAIL 4 = ICE PELLETS
TOTAL MONTH: M 5 = HAIL
GRTST 24HR M ON M 6 = FREEZING RAIN OR DRIZZLE
GRTST DEPTH: M ON M 7 = DUSTSTORM OR SANDSTORM:
VSBY 1/2 MILE OR LESS
8 = SMOKE OR HAZE
[NO. OF DAYS WITH] [WEATHER - DAYS WITH] 9 = BLOWING SNOW
X = TORNADO
MAX 32 OR BELOW: 0 0.01 INCH OR MORE: 8
MAX 90 OR ABOVE: 0 0.10 INCH OR MORE: 3
MIN 32 OR BELOW: 0 0.50 INCH OR MORE: 0
MIN 0 OR BELOW: 0 1.00 INCH OR MORE: 0
[HDD (BASE 65) ]
TOTAL THIS MO. 157 CLEAR (SCALE 0-3) 15
DPTR FM NORMAL M PTCLDY (SCALE 4-7) 8
TOTAL FM JUL 1 1740 CLOUDY (SCALE 8-10) 8
DPTR FM NORMAL M
[CDD (BASE 65) ]
TOTAL THIS MO. 64
DPTR FM NORMAL M [PRESSURE DATA]
TOTAL FM JAN 1 81 HIGHEST SLP M ON M
DPTR FM NORMAL M LOWEST SLP M ON M
[REMARKS]
#FINAL-03-21#