000
CXUS55 KPUB 011210
CF6LHX
PRELIMINARY LOCAL CLIMATOLOGICAL DATA (WS FORM: F-6)
STATION: LA JUNTA CO
MONTH: APRIL
YEAR: 2021
LATITUDE: 38 2 N
LONGITUDE: 103 31 W
TEMPERATURE IN F: :PCPN: SNOW: WIND :SUNSHINE: SKY :PK WND
================================================================================
1 2 3 4 5 6A 6B 7 8 9 10 11 12 13 14 15 16 17 18
12Z AVG MX 2MIN
DY MAX MIN AVG DEP HDD CDD WTR SNW DPTH SPD SPD DIR MIN PSBL S-S WX SPD DR
================================================================================
1 73 26 50 2 15 0 0.00 M M 9.7 23 220 M M 0 30 220
2 84 36 60 11 5 0 0.00 M M 7.9 18 220 M M 0 22 230
3 85 40 63 14 2 0 0.00 M M 9.8 17 280 M M 0 24 200
4 88 46 67 18 0 2 0.00 M M 7.5 18 270 M M 0 25 210
5 89 47 68 18 0 3 0.00 M M 11.2 20 230 M M 0 27 220
6 84 41 63 13 2 0 T M M 17.6 46 350 M M 2 8 68 30
7 69 40 55 5 10 0 T M M 13.0 26 360 M M 4 38 340
8 79 37 58 8 7 0 0.00 M M 8.5 22 300 M M 0 30 280
9 63 35 49 -2 16 0 0.00 M M 17.6 44 10 M M 0 8 58 10
10 72 29 51 0 14 0 0.00 M M 7.2 15 90 M M 0 20 110
11 76 35 56 5 9 0 0.00 M M 13.7 31 60 M M 0 43 70
12 55 28 42 -10 23 0 0.00 M M 7.6 17 60 M M 1 8 23 70
13 59 38 49 -3 16 0 0.00 M M 15.0 28 110 M M 6 35 110
14 63 32 48 -4 17 0 0.00 M M 17.3 35 130 M M 1 43 130
15 56 37 47 -5 18 0 T M M 24.3 38 110 M M 9 1 47 110
16 47 30 39 -14 26 0 0.03 M M 14.1 24 10 M M 8 1 31 30
17 47 29 38 -15 27 0 0.01 M M 6.2 18 320 M M 7 22 330
18 65 28 47 -6 18 0 0.00 M M 11.8 22 290 M M 2 29 290
19 66 29 48 -6 17 0 0.04 M M 16.4 36 40 M M 4 1 43 50
20 46 21 34 -20 31 0 T M M 7.6 20 20 M M 6 1 25 20
21 59 35 47 -7 18 0 0.00 M M 16.2 32 100 M M 5 44 90
22 76 29 53 -2 12 0 0.00 M M 13.3 32 230 M M 1 44 230
23 69 36 53 -2 12 0 0.03 M M 10.6 25 50 M M 3 3 31 220
24 78 35 57 2 8 0 0.00 M M 8.7 20 190 M M 0 26 190
25 90 41 66 10 0 1 0.00 M M 11.8 30 240 M M 0 40 230
26 89 55 72 16 0 7 0.00 M M 19.4 32 240 M M 0 41 240
27 78 44 61 5 4 0 T M M 12.0 31 340 M M 1 41 360
28 64 42 53 -4 12 0 0.00 M M 12.3 28 10 M M 7 34 10
29 77 38 58 1 7 0 0.00 M M 9.5 20 20 M M 0 28 30
30 83 41 62 4 3 0 0.00 M M 7.6 17 160 M M 0 22 160
================================================================================
SM 2129 1080 349 13 0.11 M 365.4 M 67
================================================================================
AV 71.0 36.0 12.2 FASTST M M 2 MAX(MPH)
MISC ----> 46 350 68 30
================================================================================
NOTES:
# LAST OF SEVERAL OCCURRENCES
COLUMN 17 PEAK WIND IN M.P.H.
PRELIMINARY LOCAL CLIMATOLOGICAL DATA (WS FORM: F-6) , PAGE 2
STATION: LA JUNTA CO
MONTH: APRIL
YEAR: 2021
LATITUDE: 38 2 N
LONGITUDE: 103 31 W
[TEMPERATURE DATA] [PRECIPITATION DATA] SYMBOLS USED IN COLUMN 16
AVERAGE MONTHLY: 53.5 TOTAL FOR MONTH: 0.11 1 = FOG OR MIST
DPTR FM NORMAL: 0.7 DPTR FM NORMAL: -1.15 2 = FOG REDUCING VISIBILITY
HIGHEST: 90 ON 25 GRTST 24HR 0.04 ON 19-19 TO 1/4 MILE OR LESS
LOWEST: 21 ON 20 3 = THUNDER
SNOW, ICE PELLETS, HAIL 4 = ICE PELLETS
TOTAL MONTH: M 5 = HAIL
GRTST 24HR M ON M 6 = FREEZING RAIN OR DRIZZLE
GRTST DEPTH: M ON M 7 = DUSTSTORM OR SANDSTORM:
VSBY 1/2 MILE OR LESS
8 = SMOKE OR HAZE
[NO. OF DAYS WITH] [WEATHER - DAYS WITH] 9 = BLOWING SNOW
X = TORNADO
MAX 32 OR BELOW: 0 0.01 INCH OR MORE: 4
MAX 90 OR ABOVE: 1 0.10 INCH OR MORE: 0
MIN 32 OR BELOW: 10 0.50 INCH OR MORE: 0
MIN 0 OR BELOW: 0 1.00 INCH OR MORE: 0
[HDD (BASE 65) ]
TOTAL THIS MO. 349 CLEAR (SCALE 0-3) 21
DPTR FM NORMAL -26 PTCLDY (SCALE 4-7) 8
TOTAL FM JUL 1 4928 CLOUDY (SCALE 8-10) 1
DPTR FM NORMAL -196
[CDD (BASE 65) ]
TOTAL THIS MO. 13
DPTR FM NORMAL 5 [PRESSURE DATA]
TOTAL FM JAN 1 13 HIGHEST SLP 30.41 ON 1
DPTR FM NORMAL 4 LOWEST SLP 29.28 ON 26
[REMARKS]
#FINAL-04-21#