000
CXUS54 KLZK 070612 CCA
CLALIT
CLIMATE REPORT...CORRECTED
NATIONAL WEATHER SERVICE LITTLE ROCK AR
108 PM CST FRI JAN 06 2023
...................................
...THE LITTLE ROCK ADAMS FIELD CLIMATE SUMMARY FOR THE YEAR OF 2022...
CLIMATE NORMAL PERIOD 1991 TO 2020
CLIMATE RECORD PERIOD 1874 TO 2023
WEATHER OBSERVED NORMAL DEPART LAST YEAR`S
VALUE DATE(S) VALUE FROM VALUE DATE(S)
NORMAL
................................................................
TEMPERATURE (F)
RECORD
HIGH 114 08/03/2011
LOW -12 02/12/1899
HIGHEST 104 08/15 73 31 100 09/01
LOWEST 2 12/23 52 -50 -1 02/16
AVG. MAXIMUM 75.1 72.3 2.8 73.2
AVG. MINIMUM 53.0 51.1 1.9 52.6
MEAN 64.0 61.7 2.3 62.9
DAYS MAX >= 90 98 76.4 21.6 66
DAYS MAX <= 32 2 3.1 -1.1 8
DAYS MIN <= 32 63 50.1 12.9 47
DAYS MIN <= 0 0 0.0 0.0 1
PRECIPITATION (INCHES)
RECORD
MAXIMUM 81.79 2009
MINIMUM 28.26 1963
TOTALS 48.27 50.42 -2.15 43.71
DAILY AVG. 0.13 0.14 -0.01 0.12
DAYS >= .01 96 105.9 -9.9 116
DAYS >= .10 62 71.3 -9.3 74
DAYS >= .50 31 34.2 -3.2 37
DAYS >= 1.00 13 14.6 -1.6 12
GREATEST
24 HR. TOTAL 3.30 03/21 TO 03/22 3.13 06/07 TO 06/08
SNOWFALL (INCHES)
RECORDS
TOTAL 32.6 1960
24 HR TOTAL 13.0 01/17/1893 TO 01/18/1893
SNOW DEPTH 15 02/18/2021
TOTALS 6.1 3.8 2.3 20.3
LIQUID EQUIV 0.60 0.40 0.20 2.00
SINCE 7/1 0.1 0.6 -0.5 MM
LIQUID 7/1 0.01 0.00 0.01 MM
SNOWDEPTH AVG. T 0
DAYS >= TRACE 16 2.2 13.8 7
DAYS >= 1.0 2 1.1 0.9 2
GREATEST
SNOW DEPTH 3 03/12 15 02/18
24 HR TOTAL 3.3 03/11 TO 03/11 11.8 02/17 TO 02/17
DEGREE DAYS
HEATING TOTAL 2798 3165 -367 2803
SINCE 7/1 1099 1264 -165 MM
COOLING TOTAL 2576 1989 587 2164
SINCE 1/1 2576 1990 586 MM
FREEZE DATES
RECORD
EARLIEST 10/20/1989
LATEST 04/19/1983
EARLIEST 11/12
LATEST 03/13
................................................................
WIND (MPH)
AVERAGE WIND SPEED 7.1
HIGHEST WIND SPEED/DIRECTION 44/320 DATE 05/15
HIGHEST GUST SPEED/DIRECTION 56/250 DATE 09/24
SKY COVER
AVERAGE SKY COVER 0.50
NUMBER OF DAYS FAIR 105
NUMBER OF DAYS PC 120
NUMBER OF DAYS CLOUDY 79
WEATHER CONDITIONS. NUMBER OF DAYS WITH
THUNDERSTORM 65 MIXED PRECIP 1
HEAVY RAIN 44 RAIN 55
LIGHT RAIN 117 FREEZING RAIN 1
LT FREEZING RAIN 6 HAIL 1
HEAVY SNOW 1 SLEET 10
FOG 114 FOG W/VIS <= 1/4 MILE 18
HAZE 72
- INDICATES NEGATIVE NUMBERS.
R INDICATES RECORD WAS SET OR TIED.
MM INDICATES DATA IS MISSING.
T INDICATES TRACE AMOUNT.
$$