000
CXUS54 KLZK 011330
CF6LLQ
PRELIMINARY LOCAL CLIMATOLOGICAL DATA (WS FORM: F-6)
STATION: MONTICELLO
MONTH: DECEMBER
YEAR: 2022
LATITUDE: 33 37 N
LONGITUDE: 91 45 W
TEMPERATURE IN F: :PCPN: SNOW: WIND :SUNSHINE: SKY :PK WND
================================================================================
1 2 3 4 5 6A 6B 7 8 9 10 11 12 13 14 15 16 17 18
12Z AVG MX 2MIN
DY MAX MIN AVG DEP HDD CDD WTR SNW DPTH SPD SPD DIR MIN PSBL S-S WX SPD DR
================================================================================
1 51 29 40 -9 25 0 0.00 0.0 M 3.6 14 90 M M 0 18 80
2 70 43 57 8 8 0 T M M 7.3 17 200 M M 9 24 200
3 69 41 55 6 10 0 0.08 M M 6.2 12 30 M M 7 1 20 330
4 46 39 43 -6 22 0 0.01 M M 3.5 10 70 M M 8 18 13 60
5 68 43 56 8 9 0 0.22 0.0 0 5.5 13 190 M M 8 12 18 180
6 74 65 70 22 0 5 0.00 0.0 0 7.2 14 210 M M 9 19 200
7 77 67 72 24 0 7 0.03 0.0 0 6.5 13 210 M M 7 1 19 230
8 75 62 69 21 0 4 0.68 0.0 0 7.4 15 220 M M 9 12 25 220
9 68 58 63 16 2 0 0.64 0.0 M 3.5 10 70 M M 10 13 14 40
10 74 54 64 17 1 0 0.21 0.0 M 5.0 14 320 M M 9 1 19 320
11 55 51 53 6 12 0 0.05 0.0 M 5.3 12 50 M M 10 1 17 50
12 53 50 52 5 13 0 0.00 0.0 M 6.9 12 70 M M 10 1 14 60
13 67 53 60 13 5 0 1.20 0.0 0 9.5 17 160 M M 10 13 25 160
14 65 44 55 9 10 0 0.06 0.0 0 4.6 18 280 M M 7 12 29 280
15 53 36 45 -1 20 0 0.00 0.0 M 6.9 15 260 M M 0 21 260
16 50 32 41 -5 24 0 0.00 0.0 M 4.3 13 270 M M 4 16 260
17 50 33 42 -4 23 0 0.00 0.0 0 6.7 17 280 M M 0 24 260
18 50 26 38 -8 27 0 0.00 0.0 M 2.4 12 40 M M 0 15 40
19 42 32 37 -9 28 0 T 0.0 0 4.9 10 70 M M 7 13 50
20 52 37 45 0 20 0 0.08 0.0 0 4.8 14 50 M M 6 18 17 40
21 48 30 39 -6 26 0 0.00 0.0 M 4.8 12 110 M M 5 1 16 80
22 47 13 30 -15 35 0 0.02 M M 8.7 22 320 M M 9 18 34 300
23 24 6 15 -30 50 0 0.00 0.0 0 10.3 18 290 M M 0 27 310
24 36 13 25 -20 40 0 0.00 0.0 0 4.8 13 310 M M 0 17 280
25 42 19 31 -14 34 0 0.00 0.0 0 4.9 12 310 M M 1 15 280
26 46 29 38 -6 27 0 0.00 0.0 M 5.7 14 210 M M 3 20 200
27 47 27 37 -7 28 0 0.00 0.0 M 4.2 10 220 M M 0 14 40
28 66 30 48 4 17 0 0.00 0.0 0 8.6 17 200 M M 1 24 190
29 66 59 63 19 2 0 1.06 0.0 0 7.1 17 170 M M 9 12 23 160
30 64 54 59 15 6 0 0.83 0.0 0 2.3 14 90 M M 8 123 23 100
31 66 52 59 15 6 0 T 0.0 0 3.6 10 200 M M 7 128 17 190
================================================================================
SM 1761 1227 530 16 5.17 0.0 177.0 M 173
================================================================================
AV 56.8 39.6 5.7 FASTST M M 6 MAX(MPH)
MISC ----> 22 320 34 300
================================================================================
NOTES:
# LAST OF SEVERAL OCCURRENCES
COLUMN 17 PEAK WIND IN M.P.H.
PRELIMINARY LOCAL CLIMATOLOGICAL DATA (WS FORM: F-6) , PAGE 2
STATION: MONTICELLO
MONTH: DECEMBER
YEAR: 2022
LATITUDE: 33 37 N
LONGITUDE: 91 45 W
[TEMPERATURE DATA] [PRECIPITATION DATA] SYMBOLS USED IN COLUMN 16
AVERAGE MONTHLY: 48.2 TOTAL FOR MONTH: 5.17 1 = FOG OR MIST
DPTR FM NORMAL: 2.0 DPTR FM NORMAL: -0.68 2 = FOG REDUCING VISIBILITY
HIGHEST: 77 ON 7 GRTST 24HR 1.89 ON 29-30 TO 1/4 MILE OR LESS
LOWEST: 6 ON 23 3 = THUNDER
SNOW, ICE PELLETS, HAIL 4 = ICE PELLETS
TOTAL MONTH: 0.0 INCH 5 = HAIL
GRTST 24HR 0.0 6 = FREEZING RAIN OR DRIZZLE
GRTST DEPTH: 0 7 = DUSTSTORM OR SANDSTORM:
VSBY 1/2 MILE OR LESS
8 = SMOKE OR HAZE
[NO. OF DAYS WITH] [WEATHER - DAYS WITH] 9 = BLOWING SNOW
X = TORNADO
MAX 32 OR BELOW: 1 0.01 INCH OR MORE: 14
MAX 90 OR ABOVE: 0 0.10 INCH OR MORE: 7
MIN 32 OR BELOW: 12 0.50 INCH OR MORE: 5
MIN 0 OR BELOW: 0 1.00 INCH OR MORE: 2
[HDD (BASE 65) ]
TOTAL THIS MO. 530 CLEAR (SCALE 0-3) 9
DPTR FM NORMAL -55 PTCLDY (SCALE 4-7) 11
TOTAL FM JUL 1 1002 CLOUDY (SCALE 8-10) 11
DPTR FM NORMAL -47
[CDD (BASE 65) ]
TOTAL THIS MO. 16
DPTR FM NORMAL 12 [PRESSURE DATA]
TOTAL FM JAN 1 2477 HIGHEST SLP 30.63 ON 23
DPTR FM NORMAL 155 LOWEST SLP 29.62 ON 13
[REMARKS]
#FINAL-12-22#