000
CXUS54 KLZK 011130
CF6LLQ
PRELIMINARY LOCAL CLIMATOLOGICAL DATA (WS FORM: F-6)
STATION: Monticello
MONTH: MARCH
YEAR: 2020
LATITUDE: 33 37 N
LONGITUDE: 91 45 W
TEMPERATURE IN F: :PCPN: SNOW: WIND :SUNSHINE: SKY :PK WND
================================================================================
1 2 3 4 5 6A 6B 7 8 9 10 11 12 13 14 15 16 17 18
12Z AVG MX 2MIN
DY MAX MIN AVG DEP HDD CDD WTR SNW DPTH SPD SPD DIR MIN PSBL S-S WX SPD DR
================================================================================
1 72 53 63 11 2 0 0.00 0.0 0 10.9 23 200 M M 5 33 170
2 76 60 68 16 0 3 0.00 0.0 0 11.1 18 220 M M 6 27 210
3 68 57 63 11 2 0 T 0.0 0 5.4 15 220 M M 8 20 220
4 58 53 56 4 9 0 0.99 0.0 0 5.8 14 90 M M 10 13 19 80
5 71 50 61 8 4 0 0.37 0.0 0 6.0 14 310 M M 3 1 20 320
6 63 40 52 -1 13 0 0.00 0.0 0 5.0 15 20 M M 0 21 30
7 61 34 48 -5 17 0 0.00 0.0 0 3.5 15 70 M M 0 20 120
8 69 39 54 1 11 0 0.00 0.0 0 5.2 15 160 M M 0 22 150
9 65 56 61 7 4 0 0.39 0.0 0 9.4 18 180 M M 7 1 28 170
10 76 54 65 11 0 0 0.02 0.0 0 5.7 13 220 M M 6 19 50
11 75 52 64 10 1 0 0.00 0.0 0 5.5 18 250 M M 4 1 26 250
12 80 65 73 19 0 8 0.34 0.0 0 9.9 20 210 M M 5 1 29 220
13 65 51 58 3 7 0 1.59 0.0 0 8.3 18 50 M M 10 1 25 50
14 78 52 65 10 0 0 0.01 0.0 0 7.0 18 200 M M 8 26 190
15 52 46 49 -6 16 0 0.76 0.0 0 8.0 16 50 M M 10 13 20 40
16 59 45 52 -3 13 0 0.00 0.0 0 3.0 12 110 M M 9 1 15 50
17 61 48 55 -1 10 0 0.00 0.0 0 4.3 13 60 M M 7 12 15 40
18 76 55 66 10 0 1 0.04 0.0 0 6.2 17 190 M M 7 1 24 170
19 81 68 75 19 0 10 0.00 0.0 0 9.5 22 190 M M 6 28 200
20 75 54 65 9 0 0 0.58 0.0 0 6.7 14 270 M M 9 13 22 230
21 55 47 51 -6 14 0 0.00 0.0 0 7.0 14 40 M M 7 20 50
22 54 47 51 -6 14 0 1.53 0.0 0 4.5 12 70 M M 8 13 16 70
23 60 53 57 0 8 0 1.38 0.0 0 4.3 9 60 M M 9 13 12 60
24 78 57 68 11 0 3 0.04 0.0 0 8.0 21 210 M M 9 18 30 190
25 73 53 63 5 2 0 0.00 0.0 0 5.0 12 50 M M 5 16 40
26 86 54 70 12 0 5 0.00 0.0 0 8.0 18 220 M M 0 26 190
27 86 69 78 20 0 13 0.00 0.0 0 10.2 21 210 M M 2 29 210
28 83 58 71 13 0 6 0.69 0.0 0 10.6 24 290 M M 5 13 32 300
29 76 50 63 4 2 0 0.00 0.0 0 3.4 9 290 M M 0 14 310
30 67 53 60 1 5 0 1.35 M 0 4.4 14 60 M M 8 13 22 70
31 64 48 56 -3 9 0 0.71 M 0 5.8 16 50 M M 6 1 26 10
================================================================================
SM 2163 1621 163 49 10.79 0.0 207.6 M 179
================================================================================
AV 69.8 52.3 6.7 FASTST M M 6 MAX(MPH)
MISC ----> # 24 290 # 33 170
================================================================================
NOTES:
# LAST OF SEVERAL OCCURRENCES
COLUMN 17 PEAK WIND IN M.P.H.
PRELIMINARY LOCAL CLIMATOLOGICAL DATA (WS FORM: F-6) , PAGE 2
STATION: Monticello
MONTH: MARCH
YEAR: 2020
LATITUDE: 33 37 N
LONGITUDE: 91 45 W
[TEMPERATURE DATA] [PRECIPITATION DATA] SYMBOLS USED IN COLUMN 16
AVERAGE MONTHLY: 61.0 TOTAL FOR MONTH: 10.79 1 = FOG OR MIST
DPTR FM NORMAL: 5.6 DPTR FM NORMAL: 5.66 2 = FOG REDUCING VISIBILITY
HIGHEST: 86 ON 27,26 GRTST 24HR 1.59 ON 13-13 TO 1/4 MILE OR LESS
LOWEST: 34 ON 7 3 = THUNDER
SNOW, ICE PELLETS, HAIL 4 = ICE PELLETS
TOTAL MONTH: 0.0 INCH 5 = HAIL
GRTST 24HR 0.0 6 = FREEZING RAIN OR DRIZZLE
GRTST DEPTH: 0 7 = DUSTSTORM OR SANDSTORM:
VSBY 1/2 MILE OR LESS
8 = SMOKE OR HAZE
[NO. OF DAYS WITH] [WEATHER - DAYS WITH] 9 = BLOWING SNOW
X = TORNADO
MAX 32 OR BELOW: 0 0.01 INCH OR MORE: 16
MAX 90 OR ABOVE: 0 0.10 INCH OR MORE: 12
MIN 32 OR BELOW: 0 0.50 INCH OR MORE: 9
MIN 0 OR BELOW: 0 1.00 INCH OR MORE: 4
[HDD (BASE 65) ]
TOTAL THIS MO. 163 CLEAR (SCALE 0-3) 7
DPTR FM NORMAL -158 PTCLDY (SCALE 4-7) 15
TOTAL FM JUL 1 2152 CLOUDY (SCALE 8-10) 9
DPTR FM NORMAL -396
[CDD (BASE 65) ]
TOTAL THIS MO. 49
DPTR FM NORMAL 26 [PRESSURE DATA]
TOTAL FM JAN 1 55 HIGHEST SLP 30.54 ON 7
DPTR FM NORMAL 27 LOWEST SLP 29.73 ON 3
[REMARKS]
ALL SNOWFALL DATA IS FROM THE UNIVERSITY OF ARKANSAS AT MONTICELLO COOPERATIVE OBSERVER SITE
#FINAL-03-20#