000
CXUS56 KMFR 010930
CF6LMT
PRELIMINARY LOCAL CLIMATOLOGICAL DATA (WS FORM: F-6)
STATION: KLAMATH FALLS OR
MONTH: JUNE
YEAR: 2021
LATITUDE: 42 9 N
LONGITUDE: 121 44 W
TEMPERATURE IN F: :PCPN: SNOW: WIND :SUNSHINE: SKY :PK WND
================================================================================
1 2 3 4 5 6A 6B 7 8 9 10 11 12 13 14 15 16 17 18
12Z AVG MX 2MIN
DY MAX MIN AVG DEP HDD CDD WTR SNW DPTH SPD SPD DIR MIN PSBL S-S WX SPD DR
================================================================================
1 94 51 73 18 0 8 0.00 M M 6.2 20 330 M M 0 24 330
2 95 50 73 18 0 8 0.00 M M 5.5 21 330 M M 0 26 340
3 90 50 70 14 0 5 0.00 M M 6.4 20 300 M M 0 8 28 290
4 86 46 66 10 0 1 0.00 M M 8.0 26 320 M M 0 31 330
5 76 41 59 3 6 0 0.00 M M 12.1 25 300 M M 0 35 320
6 69 29 49 -7 16 0 0.00 M M 9.6 28 290 M M 0 35 290
7 64 32 48 -8 17 0 0.00 M M 6.8 22 280 M M 4 8 27 330
8 61 44 53 -4 12 0 0.00 M M 8.0 22 280 M M 9 27 290
9 63 42 53 -4 12 0 0.03 M M 9.4 28 330 M M 7 32 330
10 62 39 51 -6 14 0 0.00 M M 7.9 17 200 M M 7 23 170
11 64 45 55 -2 10 0 T M M 8.7 17 260 M M 10 25 250
12 78 43 61 3 4 0 0.00 M M 9.1 25 250 M M 4 29 250
13 81 45 63 5 2 0 T M M 11.9 30 170 M M 2 39 180
14 76 42 59 1 6 0 T M M 14.0 27 180 M M 4 40 170
15 69 39 54 -4 11 0 0.00 M M 7.3 24 270 M M 3 28 280
16 83 39 61 2 4 0 0.00 M M 7.2 17 330 M M 0 21 320
17 89 40 65 6 0 0 0.00 M M 6.8 18 330 M M 0 22 340
18 92 44 68 9 0 3 0.00 M M 7.1 22 340 M M 0 25 340
19 94 49 72 12 0 7 0.00 M M 7.9 23 330 M M 0 26 330
20 97 47 72 12 0 7 0.00 M M 5.3 18 330 M M 0 24 320
21 96 52 74 14 0 9 0.00 M M 6.5 23 260 M M 1 28 250
22 87 56 72 12 0 7 0.01 M M 7.7 30 250 M M 4 38 37 250
23 88 41 65 4 0 0 0.00 M M 6.0 20 340 M M 1 8 24 200
24 91 49 70 9 0 5 0.03 M M 5.8 26 340 M M 2 3 39 30
25 91 44 68 6 0 3 0.00 M M 5.0 20 310 M M 0 8 29 300
26 94 50 72 10 0 7 0.00 M M 4.8 14 330 M M 0 24 320
27 101 57 79 17 0 14 0.00 M M 7.6 17 80 M M 0 24 90
28 103 60 82 19 0 17 0.00 M M 6.6 20 270 M M 1 8 24 280
29 100 54 77 14 0 12 0.00 M M 5.7 21 280 M M 1 8 25 280
30 94 51 73 10 0 8 0.00 M M 6.1 20 330 M M 0 8 27 330
================================================================================
SM 2528 1371 114 121 0.07 M 227.0 M 60
================================================================================
AV 84.3 45.7 7.6 FASTST M M 2 MAX(MPH)
MISC ----> # 30 170 40 170
================================================================================
NOTES:
# LAST OF SEVERAL OCCURRENCES
COLUMN 17 PEAK WIND IN M.P.H.
PRELIMINARY LOCAL CLIMATOLOGICAL DATA (WS FORM: F-6) , PAGE 2
STATION: KLAMATH FALLS OR
MONTH: JUNE
YEAR: 2021
LATITUDE: 42 9 N
LONGITUDE: 121 44 W
[TEMPERATURE DATA] [PRECIPITATION DATA] SYMBOLS USED IN COLUMN 16
AVERAGE MONTHLY: 65.0 TOTAL FOR MONTH: 0.07 1 = FOG OR MIST
DPTR FM NORMAL: 6.2 DPTR FM NORMAL: -0.59 2 = FOG REDUCING VISIBILITY
HIGHEST: 103 ON 28 GRTST 24HR 0.03 ON 9- 9 TO 1/4 MILE OR LESS
LOWEST: 29 ON 6 3 = THUNDER
SNOW, ICE PELLETS, HAIL 4 = ICE PELLETS
TOTAL MONTH: M 5 = HAIL
GRTST 24HR M ON M 6 = FREEZING RAIN OR DRIZZLE
GRTST DEPTH: M ON M 7 = DUSTSTORM OR SANDSTORM:
VSBY 1/2 MILE OR LESS
8 = SMOKE OR HAZE
[NO. OF DAYS WITH] [WEATHER - DAYS WITH] 9 = BLOWING SNOW
X = TORNADO
MAX 32 OR BELOW: 0 0.01 INCH OR MORE: 3
MAX 90 OR ABOVE: 14 0.10 INCH OR MORE: 0
MIN 32 OR BELOW: 2 0.50 INCH OR MORE: 0
MIN 0 OR BELOW: 0 1.00 INCH OR MORE: 0
[HDD (BASE 65) ]
TOTAL THIS MO. 114 CLEAR (SCALE 0-3) 22
DPTR FM NORMAL -93 PTCLDY (SCALE 4-7) 6
TOTAL FM JUL 1 6283 CLOUDY (SCALE 8-10) 2
DPTR FM NORMAL -427
[CDD (BASE 65) ]
TOTAL THIS MO. 121
DPTR FM NORMAL 100 [PRESSURE DATA]
TOTAL FM JAN 1 125 HIGHEST SLP M ON M
DPTR FM NORMAL 101 LOWEST SLP 29.65 ON 28
[REMARKS]
#FINAL-06-21#