000
CXUS55 KRIW 011110
CF6LND
PRELIMINARY LOCAL CLIMATOLOGICAL DATA (WS FORM: F-6)
STATION: LANDER WY
MONTH: NOVEMBER
YEAR: 2022
LATITUDE: 42 49 N
LONGITUDE: 108 44 W
TEMPERATURE IN F: :PCPN: SNOW: WIND :SUNSHINE: SKY :PK WND
================================================================================
1 2 3 4 5 6A 6B 7 8 9 10 11 12 13 14 15 16 17 18
12Z AVG MX 2MIN
DY MAX MIN AVG DEP HDD CDD WTR SNW DPTH SPD SPD DIR MIN PSBL S-S WX SPD DR
================================================================================
1 66 31 49 10 16 0 0.00 0.0 0 12.4 33 180 M M 0 47 180
2 56 36 46 8 19 0 0.00 0.0 0 18.3 43 190 M M 3 54 190
3 37 20 29 -9 36 0 0.35 3.2 1 4.7 15 350 M M 9 12 20 360
4 38 15 27 -10 38 0 0.00 0.0 4 3.9 10 240 M M 0 1 12 250
5 55 26 41 4 24 0 T 0.0 1 9.7 32 300 M M 1 43 310
6 42 23 33 -3 32 0 0.00 0.0 0 5.5 18 240 M M 1 24 250
7 56 26 41 5 24 0 T T 0 11.9 43 220 M M 3 59 210
8 59 24 42 6 23 0 0.00 0.0 0 10.5 30 200 M M 3 39 210
9 26 16 21 -14 44 0 0.00 0.0 0 5.5 14 340 M M 7 1 17 340
10 26 13 20 -15 45 0 0.00 0.0 0 4.5 12 10 M M 7 1 14 360
11 34 7 21 -13 44 0 0.00 0.0 0 2.1 8 280 M M 0 10 350
12 36 11 24 -10 41 0 0.00 0.0 0 1.5 7 30 M M 0 10 20
13 38 16 27 -6 38 0 T T 0 5.8 18 20 M M 4 1 27 10
14 35 12 24 -9 41 0 0.13 2.2 0 3.7 20 70 M M 5 1 23 60
15 32 8 20 -12 45 0 0.00 0.0 2 3.1 12 240 M M 1 14 230
16 39 18 29 -3 36 0 0.00 0.0 1 5.3 16 130 M M 5 19 140
17 24 10 17 -14 48 0 0.14 2.2 1 5.5 15 20 M M 10 18 18 30
18 21 1 11 -20 54 0 0.00 0.0 1 2.0 9 130 M M 2 12 140
19 31 4 18 -12 47 0 0.00 0.0 1 3.5 13 250 M M 0 16 250
20 37 7 22 -8 43 0 0.00 0.0 1 1.5 7 280 M M 0 9 270
21 38 10 24 -6 41 0 0.00 0.0 1 2.3 10 250 M M 0 12 250
22 47 15 31 2 34 0 0.00 0.0 T 3.7 12 130 M M 0 13 250
23 43 18 31 2 34 0 0.00 0.0 T 6.4 23 340 M M 6 34 350
24 43 21 32 4 33 0 0.00 0.0 T 2.5 12 240 M M 1 14 230
25 45 19 32 4 33 0 0.00 0.0 T 3.5 13 230 M M 0 14 230
26 39 25 32 5 33 0 0.18 2.0 0 4.4 16 260 M M 6 12 20 240
27 39 12 26 -1 39 0 0.00 0.0 2 7.7 32 220 M M 1 1 44 220
28 34 15 25 -1 40 0 0.21 3.6 2 6.3 25 10 M M 7 12 31 20
29 19 1 10 -16 55 0 0.06 1.0 6 2.8 12 250 M M 4 18 13 250
30 16 -3 7 -19 58 0 0.00 0.0 6 4.3 20 260 M M 0 34 250
================================================================================
SM 1151 457 1138 0 1.07 14.2 164.8 M 86
================================================================================
AV 38.4 15.2 5.5 FASTST M M 3 MAX(MPH)
MISC ----> # 43 190 59 210
================================================================================
NOTES:
# LAST OF SEVERAL OCCURRENCES
COLUMN 17 PEAK WIND IN M.P.H.
PRELIMINARY LOCAL CLIMATOLOGICAL DATA (WS FORM: F-6) , PAGE 2
STATION: LANDER WY
MONTH: NOVEMBER
YEAR: 2022
LATITUDE: 42 49 N
LONGITUDE: 108 44 W
[TEMPERATURE DATA] [PRECIPITATION DATA] SYMBOLS USED IN COLUMN 16
AVERAGE MONTHLY: 26.8 TOTAL FOR MONTH: 1.07 1 = FOG OR MIST
DPTR FM NORMAL: -5.3 DPTR FM NORMAL: 0.29 2 = FOG REDUCING VISIBILITY
HIGHEST: 66 ON 1 GRTST 24HR 0.35 ON 3- 3 TO 1/4 MILE OR LESS
LOWEST: -3 ON 30 3 = THUNDER
SNOW, ICE PELLETS, HAIL 4 = ICE PELLETS
TOTAL MONTH: 14.2 INCHES 5 = HAIL
GRTST 24HR 3.6 ON 28-28 6 = FREEZING RAIN OR DRIZZLE
GRTST DEPTH: 6 ON 30,29 7 = DUSTSTORM OR SANDSTORM:
VSBY 1/2 MILE OR LESS
8 = SMOKE OR HAZE
[NO. OF DAYS WITH] [WEATHER - DAYS WITH] 9 = BLOWING SNOW
X = TORNADO
MAX 32 OR BELOW: 8 0.01 INCH OR MORE: 6
MAX 90 OR ABOVE: 0 0.10 INCH OR MORE: 5
MIN 32 OR BELOW: 29 0.50 INCH OR MORE: 0
MIN 0 OR BELOW: 1 1.00 INCH OR MORE: 0
[HDD (BASE 65) ]
TOTAL THIS MO. 1138 CLEAR (SCALE 0-3) 19
DPTR FM NORMAL 151 PTCLDY (SCALE 4-7) 9
TOTAL FM JUL 1 1747 CLOUDY (SCALE 8-10) 2
DPTR FM NORMAL -80
[CDD (BASE 65) ]
TOTAL THIS MO. 0
DPTR FM NORMAL 0 [PRESSURE DATA]
TOTAL FM JAN 1 720 HIGHEST SLP 30.60 ON 16
DPTR FM NORMAL 235 LOWEST SLP 29.35 ON 5
[REMARKS]
#FINAL-11-22#