000
CXUS53 KMKX 010810
CF6LNR
PRELIMINARY LOCAL CLIMATOLOGICAL DATA (WS FORM: F-6)
STATION: LONE ROCK WI
MONTH: AUGUST
YEAR: 2021
LATITUDE: 43 12 N
LONGITUDE: 90 11 W
TEMPERATURE IN F: :PCPN: SNOW: WIND :SUNSHINE: SKY :PK WND
================================================================================
1 2 3 4 5 6A 6B 7 8 9 10 11 12 13 14 15 16 17 18
12Z AVG MX 2MIN
DY MAX MIN AVG DEP HDD CDD WTR SNW DPTH SPD SPD DIR MIN PSBL S-S WX SPD DR
================================================================================
1 77 56 67 -5 0 2 0.00 0.0 0 5.3 16 330 M M 3 128 21 360
2 78 50 64 -8 1 0 0.00 M M 2.8 10 40 M M 2 12 14 40
3 82 51 67 -5 0 2 0.00 M M 1.7 8 290 M M 1 12 12 290
4 83 55 69 -2 0 4 0.00 M M 1.5 7 210 M M 4 12 10 220
5 79 55 67 -4 0 2 0.15 M M 5.0 17 240 M M 6 12 28 240
6 83 62 73 2 0 8 0.00 M M 2.8 10 280 M M 5 12 15 300
7 73 61 67 -4 0 2 0.98 M M 5.3 23 340 M M 6 123 33 330
8 85 67 76 5 0 11 0.19 M M 6.2 17 190 M M 4 138 25 170
9 83 65 74 3 0 9 0.65 M M 3.6 13 340 M M 6 123 18 170
10 91 66 79 8 0 14 0.15 M M 5.2 33 270 M M 6 123 49 250
11 86 67 77 6 0 12 0.01 M M 6.5 26 190 M M 6 3 40 200
12 85 56 71 0 0 6 0.00 M M 4.4 13 330 M M 1 1 19 350
13 80 51 66 -4 0 1 0.00 M M 4.0 15 270 M M 0 23 280
14 80 49 65 -5 0 0 0.00 M M 1.3 8 270 M M 3 12 12 300
15 80 50 65 -5 0 0 0.00 M M 3.0 12 160 M M 2 12 17 190
16 79 50 65 -5 0 0 0.00 M M 2.2 10 120 M M 2 128 17 110
17 83 52 68 -2 0 3 0.00 M M 3.2 13 180 M M 2 12 17 160
18 88 56 72 2 0 7 0.00 M M 1.0 10 210 M M 5 12 16 210
19 89 61 75 5 0 10 0.00 M M 0.8 8 210 M M 5 12 11 210
20 89 61 75 5 0 10 0.00 M M 4.7 15 190 M M 4 12 22 180
21 83 62 73 4 0 8 0.26 M M 7.4 15 310 M M 4 1 20 310
22 79 51 65 -4 0 0 0.00 M M 3.3 12 30 M M 0 1 16 30
23 86 57 72 3 0 7 0.48 M M 4.5 26 140 M M 4 123 37 140
24 84 66 75 6 0 10 0.05 M M 4.9 22 10 M M 5 123 28 20
25 86 66 76 7 0 11 0.00 M M 3.1 10 180 M M 5 1 14 300
26 85 63 74 6 0 9 0.01 M M 3.5 14 80 M M 3 1 20 100
27 86 69 78 10 0 13 0.37 M M 7.6 29 330 M M 5 13 39 320
28 89 67 78 10 0 13 0.70 M M 4.6 24 330 M M 2 13 37 330
29 83 60 72 4 0 7 T M M 8.1 22 270 M M 1 32 280
30 83 57 70 2 0 5 0.00 M M 1.7 9 300 M M 3 128 13 320
31 76 55 66 -1 0 1 0.00 M M 3.7 14 70 M M 4 12 19 70
================================================================================
SM 2573 1814 1 187 4.00 0.0 122.9 M 109
================================================================================
AV 83.0 58.5 4.0 FASTST M M 4 MAX(MPH)
MISC ----> 33 270 49 250
================================================================================
NOTES:
# LAST OF SEVERAL OCCURRENCES
COLUMN 17 PEAK WIND IN M.P.H.
PRELIMINARY LOCAL CLIMATOLOGICAL DATA (WS FORM: F-6) , PAGE 2
STATION: LONE ROCK WI
MONTH: AUGUST
YEAR: 2021
LATITUDE: 43 12 N
LONGITUDE: 90 11 W
[TEMPERATURE DATA] [PRECIPITATION DATA] SYMBOLS USED IN COLUMN 16
AVERAGE MONTHLY: 70.8 TOTAL FOR MONTH: 4.00 1 = FOG OR MIST
DPTR FM NORMAL: 1.0 DPTR FM NORMAL: -0.17 2 = FOG REDUCING VISIBILITY
HIGHEST: 91 ON 10 GRTST 24HR 1.03 ON 7- 8 TO 1/4 MILE OR LESS
LOWEST: 49 ON 14 3 = THUNDER
SNOW, ICE PELLETS, HAIL 4 = ICE PELLETS
TOTAL MONTH: 0.0 INCH 5 = HAIL
GRTST 24HR 0.0 6 = FREEZING RAIN OR DRIZZLE
GRTST DEPTH: 0 7 = DUSTSTORM OR SANDSTORM:
VSBY 1/2 MILE OR LESS
8 = SMOKE OR HAZE
[NO. OF DAYS WITH] [WEATHER - DAYS WITH] 9 = BLOWING SNOW
X = TORNADO
MAX 32 OR BELOW: 0 0.01 INCH OR MORE: 12
MAX 90 OR ABOVE: 1 0.10 INCH OR MORE: 9
MIN 32 OR BELOW: 0 0.50 INCH OR MORE: 3
MIN 0 OR BELOW: 0 1.00 INCH OR MORE: 0
[HDD (BASE 65) ]
TOTAL THIS MO. 1 CLEAR (SCALE 0-3) 13
DPTR FM NORMAL -18 PTCLDY (SCALE 4-7) 18
TOTAL FM JUL 1 3 CLOUDY (SCALE 8-10) 0
DPTR FM NORMAL -19
[CDD (BASE 65) ]
TOTAL THIS MO. 187
DPTR FM NORMAL 18 [PRESSURE DATA]
TOTAL FM JAN 1 690 HIGHEST SLP M ON M
DPTR FM NORMAL 109 LOWEST SLP 29.64 ON 11
[REMARKS]
#FINAL-08-21#