000
CXUS53 KJKL 011614
CLSLOZ
CLIMATE REPORT
NATIONAL WEATHER SERVICE JACKSON KY
1214 PM EDT TUE JUN 01 2021
...................................
...THE LONDON KY CLIMATE SUMMARY FOR THE SEASON, FROM
3/1/2021 TO 5/31/2021...
CLIMATE NORMAL PERIOD 1991 TO 2020
CLIMATE RECORD PERIOD 1954 TO 2021
WEATHER OBSERVED NORMAL DEPART LAST YEAR`S
VALUE DATE(S) VALUE FROM VALUE DATE(S)
NORMAL
................................................................
TEMPERATURE (F)
RECORD
HIGH 91 05/30/2006
LOW -12 03/03/1980
HIGHEST 89 05/25 MM MM 86 05/25
LOWEST 23 03/07 MM MM 21 03/01
03/08
05/09
AVG. MAXIMUM 68.3 68.1 0.2 66.8
AVG. MINIMUM 43.6 45.1 -1.5 45.1
MEAN 55.9 56.6 -0.7 55.9
DAYS MAX >= 90 0 0.2 -0.2 0
DAYS MAX <= 32 0 0.6 -0.6 0
DAYS MIN <= 32 16 16.0 0.0 9
DAYS MIN <= 0 0 0.0 0.0 0
PRECIPITATION (INCHES)
RECORD
MAXIMUM 23.01 2020
MINIMUM 5.03 2016
TOTALS 9.95 14.26 -4.31 23.01
DAILY AVG. 0.11 0.15 -0.04 0.25
DAYS >= .01 28 39.1 -11.1 51
DAYS >= .10 17 25.0 -8.0 32
DAYS >= .50 10 10.4 -0.4 17
DAYS >= 1.00 2 3.4 -1.4 8
GREATEST
24 HR. TOTAL 2.08 03/27 TO 03/28 2.79
SNOWFALL (INCHES)
RECORDS
TOTAL 31.0 1960
TOTALS MM MM MM MM
SINCE 7/1 MM MM MM MM
SNOWDEPTH AVG. MM MM
DAYS >= 1.0 MM MM MM MM
GREATEST
24 HR TOTAL MM MM
DEGREE DAYS
HEATING TOTAL 902 900 2 914
SINCE 7/1 4138 4151 -13 3447
COOLING TOTAL 92 127 -35 108
SINCE 1/1 92 127 -35 86
................................................................
WIND (MPH)
AVERAGE WIND SPEED 5.1
RESULTANT WIND SPEED/DIRECTION 1/260
HIGHEST WIND SPEED/DIRECTION 28/290 DATE 03/28
HIGHEST GUST SPEED/DIRECTION 42/260 DATE 03/26
SKY COVER
POSSIBLE SUNSHINE (PERCENT) MM
NUMBER OF DAYS FAIR 45
NUMBER OF DAYS PC 38
NUMBER OF DAYS CLOUDY 9
AVERAGE RH (PERCENT) 62
WEATHER CONDITIONS. NUMBER OF DAYS WITH
THUNDERSTORM 7 MIXED PRECIP 0
HEAVY RAIN 10 RAIN 16
LIGHT RAIN 35 FREEZING RAIN 0
LT FREEZING RAIN 0 HAIL 0
HEAVY SNOW 0 SNOW 0
LIGHT SNOW 1 SLEET 0
FOG 38 FOG W/VIS <= 1/4 MILE 4
HAZE 5
- INDICATES NEGATIVE NUMBERS.
R INDICATES RECORD WAS SET OR TIED.
MM INDICATES DATA IS MISSING.
T INDICATES TRACE AMOUNT.
$$
CARICO