000
CXUS54 KCRP 050247
CF6LRD
PRELIMINARY LOCAL CLIMATOLOGICAL DATA (WS FORM: F-6)
STATION: LAREDO
MONTH: JANUARY
YEAR: 2023
LATITUDE: 27 31 N
LONGITUDE: 99 28 W
TEMPERATURE IN F: :PCPN: SNOW: WIND :SUNSHINE: SKY :PK WND
================================================================================
1 2 3 4 5 6A 6B 7 8 9 10 11 12 13 14 15 16 17 18
12Z AVG MX 2MIN
DY MAX MIN AVG DEP HDD CDD WTR SNW DPTH SPD SPD DIR MIN PSBL S-S WX SPD DR
================================================================================
1 86 57 72 16 0 7 0.00 0.0 0 M M M M M 2 12 M M
2 89 66 78 22 0 13 0.00 0.0 0 M M M M M 4 18 M M
3 82 57 70 14 0 5 0.00 0.0 0 M M M M M 0 1 M M
4 81 48 65 9 0 0 0.00 0.0 0 M M M M M 0 M M
5 83 49 66 10 0 1 0.00 0.0 0 M M M M M 0 M M
6 84 59 72 16 0 7 0.00 0.0 0 M M M M M 3 1 M M
7 77 67 72 16 0 7 0.00 0.0 0 M M M M M 8 M M
8 77 60 69 13 0 4 0.00 0.0 0 M M M M M 6 M M
9 76 50 63 7 2 0 0.00 0.0 0 M M M M M 1 M M
10 85 53 69 13 0 4 T 0.0 0 M M M M M 3 12 M M
11 89 61 75 19 0 10 0.00 0.0 0 M M M M M 1 1 M M
12 74 53 64 7 1 0 0.00 0.0 0 M M M M M 0 1 M M
13 68 39 54 -3 11 0 0.00 0.0 0 M M M M M 0 M M
14 73 40 57 0 8 0 0.00 0.0 0 M M M M M 0 M M
15 81 51 66 9 0 1 0.00 0.0 0 M M M M M 0 M M
16 87 55 71 14 0 6 0.00 0.0 0 M M M M M 0 M M
17 86 52 69 12 0 4 0.00 0.0 0 M M M M M 0 M M
18 83 56 70 12 0 5 0.00 0.0 0 M M M M M 2 18 M M
19 74 48 61 3 4 0 0.00 0.0 0 M M M M M 3 M M
20 67 59 63 5 2 0 T 0.0 0 M M M M M 10 M M
21 70 52 61 3 4 0 T 0.0 0 M M M M M 6 M M
22 72 45 59 1 6 0 0.00 0.0 0 M M M M M 1 M M
23 66 45 56 -2 9 0 0.02 0.0 0 M M M M M 7 1 M M
24 69 50 60 1 5 0 0.27 0.0 0 M M M M M 6 1 M M
25 65 40 53 -6 12 0 0.00 0.0 0 M M M M M 0 M M
26 60 38 49 -10 16 0 0.00 0.0 0 M M M M M 5 M M
27 60 50 55 -4 10 0 0.00 0.0 0 M M M M M 10 M M
28 74 52 63 4 2 0 0.00 0.0 0 M M M M M 6 1 M M
29 82 57 70 10 0 5 0.00 0.0 0 M M M M M 3 1 M M
30 67 40 54 -6 11 0 T 0.0 0 M M M M M 9 1 M M
31 42 38 40 -20 25 0 0.02 0.0 0 M M M M M 10 1 M M
================================================================================
SM 2329 1587 128 79 0.31 0.0 M M 106
================================================================================
AV 75.1 51.2 M FASTST M M 3 MAX(MPH)
MISC ----> M M M M
================================================================================
NOTES:
# LAST OF SEVERAL OCCURRENCES
COLUMN 17 PEAK WIND IN M.P.H.
PRELIMINARY LOCAL CLIMATOLOGICAL DATA (WS FORM: F-6) , PAGE 2
STATION: LAREDO
MONTH: JANUARY
YEAR: 2023
LATITUDE: 27 31 N
LONGITUDE: 99 28 W
[TEMPERATURE DATA] [PRECIPITATION DATA] SYMBOLS USED IN COLUMN 16
AVERAGE MONTHLY: 63.2 TOTAL FOR MONTH: 0.31 1 = FOG OR MIST
DPTR FM NORMAL: 5.7 DPTR FM NORMAL: -0.59 2 = FOG REDUCING VISIBILITY
HIGHEST: 89 ON 11, 2 GRTST 24HR 0.27 ON 24-24 TO 1/4 MILE OR LESS
LOWEST: 38 ON 31,26 3 = THUNDER
SNOW, ICE PELLETS, HAIL 4 = ICE PELLETS
TOTAL MONTH: 0.0 INCH 5 = HAIL
GRTST 24HR 0.0 6 = FREEZING RAIN OR DRIZZLE
GRTST DEPTH: 0 7 = DUSTSTORM OR SANDSTORM:
VSBY 1/2 MILE OR LESS
8 = SMOKE OR HAZE
[NO. OF DAYS WITH] [WEATHER - DAYS WITH] 9 = BLOWING SNOW
X = TORNADO
MAX 32 OR BELOW: 0 0.01 INCH OR MORE: 3
MAX 90 OR ABOVE: 0 0.10 INCH OR MORE: 1
MIN 32 OR BELOW: 0 0.50 INCH OR MORE: 0
MIN 0 OR BELOW: 0 1.00 INCH OR MORE: 0
[HDD (BASE 65) ]
TOTAL THIS MO. 128 CLEAR (SCALE 0-3) 18
DPTR FM NORMAL -134 PTCLDY (SCALE 4-7) 9
TOTAL FM JUL 1 533 CLOUDY (SCALE 8-10) 4
DPTR FM NORMAL -75
[CDD (BASE 65) ]
TOTAL THIS MO. 79
DPTR FM NORMAL 51 [PRESSURE DATA]
TOTAL FM JAN 1 79 HIGHEST SLP 30.52 ON 13
DPTR FM NORMAL 51 LOWEST SLP 29.61 ON 18
[REMARKS]
#FINAL-01-23#