000
CXUS54 KLZK 011410
CF6LRF
PRELIMINARY LOCAL CLIMATOLOGICAL DATA (WS FORM: F-6)
STATION: JACKSONVILLE/LITTLE ROCK AFB
MONTH: JULY
YEAR: 2022
LATITUDE: 34 55 N
LONGITUDE: 92 9 W
TEMPERATURE IN F: :PCPN: SNOW: WIND :SUNSHINE: SKY :PK WND
================================================================================
1 2 3 4 5 6A 6B 7 8 9 10 11 12 13 14 15 16 17 18
12Z AVG MX 2MIN
DY MAX MIN AVG DEP HDD CDD WTR SNW DPTH SPD SPD DIR MIN PSBL S-S WX SPD DR
================================================================================
1 94 72 83 2 0 18 0.00 0.0 0 3.9 8 160 M M 2 M M
2 91 75 83 2 0 18 T 0.0 0 5.2 9 150 M M 5 17 130
3 91 74 83 2 0 18 T 0.0 0 2.3 6 170 M M 7 M M
4 97 72 85 4 0 20 0.00 0.0 M 4.2 16 230 M M 3 29 230
5 100 74 87 6 0 22 0.00 0.0 0 4.6 10 180 M M 1 M M
6 100 75 88 7 0 23 0.00 0.0 0 4.6 10 190 M M 1 M M
7 100 74 87 5 0 22 0.00 0.0 0 4.6 10 170 M M 1 17 170
8 102 77 90 8 0 25 0.00 0.0 0 6.3 10 200 M M 1 M M
9 101 80 91 9 0 26 0.00 0.0 0 6.1 15 40 M M 3 22 40
10 92 71 82 0 0 17 0.00 0.0 0 6.4 15 90 M M 5 18 90
11 96 67 82 0 0 17 0.00 0.0 0 2.2 8 140 M M 0 M M
12 101 69 85 3 0 20 0.81 0.0 0 4.7 22 360 M M 1 3 35 360
13 M 72 M M M M 0.00 0.0 0 2.2 7 280 M M 1 M M
14 96 71 84 2 0 19 0.00 0.0 0 3.1 10 100 M M 2 M M
15 97 68 83 1 0 18 0.00 0.0 M 2.0 7 100 M M 0 M M
16 100 70 85 3 0 20 0.00 0.0 0 3.2 10 110 M M 2 M M
17 99 78 89 7 0 24 0.03 0.0 0 6.2 18 30 M M 6 30 360
18 97 71 84 2 0 19 0.12 0.0 0 5.4 16 240 M M 3 3 M M
19 101 77 89 6 0 24 0.00 0.0 0 7.0 15 240 M M 1 21 210
20 93 78 86 3 0 21 T 0.0 0 6.9 7 190 M M 1 M M
21 100 74 87 4 0 22 0.00 0.0 0 4.9 21 260 M M 2 30 260
22 102 72 87 4 0 22 0.00 0.0 0 5.2 8 140 M M 1 M M
23 99 73 86 3 0 21 0.00 0.0 0 5.0 12 220 M M 0 M M
24 101 77 89 6 0 24 0.00 0.0 0 6.7 14 160 M M 0 18 160
25 100 80 90 7 0 25 T 0.0 0 7.0 15 150 M M 2 M M
26 101 81 91 8 0 26 T 0.0 0 7.2 15 180 M M 3 21 180
27 95 75 85 2 0 20 2.73 0.0 M 5.9 22 50 M M 2 3 48 60
28 93 76 85 2 0 20 T 0.0 M 2.1 14 240 M M 5 3 M M
29 85 74 80 -3 0 15 0.23 0.0 0 2.2 12 340 M M 6 3 M M
30 83 74 79 -4 0 14 0.02 0.0 0 3.6 13 40 M M 8 13 M M
31 82 73 78 -5 0 13 0.10 0.0 M 4.3 10 260 M M 9 M M
================================================================================
SM 2889 2294 0 613 4.04 0.0 145.2 M 84
================================================================================
AV 96.3 74.0 4.7 FASTST M M 3 MAX(MPH)
MISC ----> # 22 50 48 60
================================================================================
NOTES:
# LAST OF SEVERAL OCCURRENCES
COLUMN 17 PEAK WIND IN M.P.H.
PRELIMINARY LOCAL CLIMATOLOGICAL DATA (WS FORM: F-6) , PAGE 2
STATION: JACKSONVILLE/LITTLE ROCK AFB
MONTH: JULY
YEAR: 2022
LATITUDE: 34 55 N
LONGITUDE: 92 9 W
[TEMPERATURE DATA] [PRECIPITATION DATA] SYMBOLS USED IN COLUMN 16
AVERAGE MONTHLY: 85.2 TOTAL FOR MONTH: 4.04 1 = FOG OR MIST
DPTR FM NORMAL: 2.9 DPTR FM NORMAL: M 2 = FOG REDUCING VISIBILITY
HIGHEST: 102 ON 22, 8 GRTST 24HR 2.73 ON 27-27 TO 1/4 MILE OR LESS
LOWEST: 67 ON 11 3 = THUNDER
SNOW, ICE PELLETS, HAIL 4 = ICE PELLETS
TOTAL MONTH: 0.0 INCH 5 = HAIL
GRTST 24HR 0.0 6 = FREEZING RAIN OR DRIZZLE
GRTST DEPTH: 0 7 = DUSTSTORM OR SANDSTORM:
VSBY 1/2 MILE OR LESS
8 = SMOKE OR HAZE
[NO. OF DAYS WITH] [WEATHER - DAYS WITH] 9 = BLOWING SNOW
X = TORNADO
MAX 32 OR BELOW: 0 0.01 INCH OR MORE: 7
MAX 90 OR ABOVE: 27 0.10 INCH OR MORE: 4
MIN 32 OR BELOW: 0 0.50 INCH OR MORE: 2
MIN 0 OR BELOW: 0 1.00 INCH OR MORE: 1
[HDD (BASE 65) ]
TOTAL THIS MO. 0 CLEAR (SCALE 0-3) 22
DPTR FM NORMAL -6 PTCLDY (SCALE 4-7) 7
TOTAL FM JUL 1 0 CLOUDY (SCALE 8-10) 2
DPTR FM NORMAL -6
[CDD (BASE 65) ]
TOTAL THIS MO. 613
DPTR FM NORMAL 79 [PRESSURE DATA]
TOTAL FM JAN 1 1324 HIGHEST SLP M ON M
DPTR FM NORMAL 146 LOWEST SLP M ON M
[REMARKS]
#FINAL-07-22#