000
CXUS54 KLZK 011130
CF6LRF
PRELIMINARY LOCAL CLIMATOLOGICAL DATA (WS FORM: F-6)
STATION: JACKSONVILLE/LITTLE ROCK AFB
MONTH: APRIL
YEAR: 2022
LATITUDE: 34 55 N
LONGITUDE: 92 9 W
TEMPERATURE IN F: :PCPN: SNOW: WIND :SUNSHINE: SKY :PK WND
================================================================================
1 2 3 4 5 6A 6B 7 8 9 10 11 12 13 14 15 16 17 18
12Z AVG MX 2MIN
DY MAX MIN AVG DEP HDD CDD WTR SNW DPTH SPD SPD DIR MIN PSBL S-S WX SPD DR
================================================================================
1 60 28 44 -14 21 0 0.00 0.0 0 3.3 8 120 M M 1 1 M M
2 71 42 57 -1 8 0 T M M 3.4 13 270 M M 5 18 300
3 72 41 57 -1 8 0 0.00 M M 6.3 13 140 M M 0 M M
4 76 46 61 2 4 0 T M M 4.0 16 360 M M 6 M M
5 77 55 66 7 0 1 1.00 0.0 M 6.3 16 130 M M 5 3 32 50
6 69 43 56 -3 9 0 0.10 M M 7.8 22 10 M M 5 31 20
7 63 43 53 -7 12 0 0.00 0.0 M 9.7 25 280 M M 2 37 270
8 52 33 43 -17 22 0 T 0.0 M 8.4 20 290 M M 8 33 310
9 71 28 50 -10 15 0 0.00 0.0 0 4.7 14 300 M M 0 21 300
10 83 42 63 3 2 0 0.00 0.0 0 10.2 21 210 M M 2 35 190
11 77 61 69 8 0 4 0.42 0.0 M 7.4 35 220 M M 8 135X 46 220
12 80 67 74 13 0 9 0.01 0.0 0 9.5 18 170 M M 9 138 27 170
13 72 45 59 -2 6 0 1.18 0.0 0 8.5 28 250 M M 6 3 45 250
14 70 36 53 -8 12 0 0.00 0.0 0 2.3 7 140 M M 0 12 M M
15 80 39 60 -2 5 0 0.00 0.0 0 6.6 16 190 M M 7 22 190
16 70 56 63 1 2 0 0.17 0.0 0 9.2 18 60 M M 10 13 22 70
17 58 47 53 -9 12 0 0.67 0.0 0 9.7 17 60 M M 10 13 23 70
18 68 44 56 -7 9 0 0.00 M M 7.2 14 340 M M 4 20 360
19 64 37 51 -12 14 0 0.00 0.0 0 5.9 13 60 M M 1 M M
20 66 50 58 -5 7 0 T M M 7.8 15 120 M M 10 13 23 140
21 80 63 72 9 0 7 0.00 0.0 0 5.4 12 200 M M 7 18 200
22 83 61 72 8 0 7 T 0.0 M 8.5 18 140 M M 4 25 140
23 82 66 74 10 0 9 T 0.0 M 9.0 17 210 M M 2 26 200
24 84 69 77 13 0 12 T 0.0 M 6.7 13 140 M M 6 20 140
25 71 55 63 -1 2 0 0.00 0.0 0 4.9 17 280 M M 6 3 32 280
26 70 44 57 -8 8 0 0.00 M M 3.6 16 50 M M 1 22 50
27 72 38 55 -10 10 0 0.00 0.0 0 3.7 10 140 M M 1 M M
28 78 46 62 -3 3 0 0.00 0.0 0 4.2 12 180 M M 5 18 160
29 84 52 68 3 0 3 0.00 0.0 0 7.1 15 200 M M 3 29 170
30 82 55 69 3 0 4 T 0.0 0 7.7 18 200 M M 7 3 24 190
================================================================================
SM 2185 1432 191 56 3.55 0.0 199.0 M 141
================================================================================
AV 72.8 47.7 6.6 FASTST M M 5 MAX(MPH)
MISC ----> 35 220 46 220
================================================================================
NOTES:
# LAST OF SEVERAL OCCURRENCES
COLUMN 17 PEAK WIND IN M.P.H.
PRELIMINARY LOCAL CLIMATOLOGICAL DATA (WS FORM: F-6) , PAGE 2
STATION: JACKSONVILLE/LITTLE ROCK AFB
MONTH: APRIL
YEAR: 2022
LATITUDE: 34 55 N
LONGITUDE: 92 9 W
[TEMPERATURE DATA] [PRECIPITATION DATA] SYMBOLS USED IN COLUMN 16
AVERAGE MONTHLY: 60.3 TOTAL FOR MONTH: 3.55 1 = FOG OR MIST
DPTR FM NORMAL: -1.5 DPTR FM NORMAL: M 2 = FOG REDUCING VISIBILITY
HIGHEST: 84 ON 29,24 GRTST 24HR 1.18 ON 13-13 TO 1/4 MILE OR LESS
LOWEST: 28 ON 1, 9 3 = THUNDER
SNOW, ICE PELLETS, HAIL 4 = ICE PELLETS
TOTAL MONTH: 0.0 INCH 5 = HAIL
GRTST 24HR 0.0 6 = FREEZING RAIN OR DRIZZLE
GRTST DEPTH: 0 7 = DUSTSTORM OR SANDSTORM:
VSBY 1/2 MILE OR LESS
8 = SMOKE OR HAZE
[NO. OF DAYS WITH] [WEATHER - DAYS WITH] 9 = BLOWING SNOW
X = TORNADO
MAX 32 OR BELOW: 0 0.01 INCH OR MORE: 7
MAX 90 OR ABOVE: 0 0.10 INCH OR MORE: 6
MIN 32 OR BELOW: 2 0.50 INCH OR MORE: 3
MIN 0 OR BELOW: 0 1.00 INCH OR MORE: 2
[HDD (BASE 65) ]
TOTAL THIS MO. 191 CLEAR (SCALE 0-3) 11
DPTR FM NORMAL 34 PTCLDY (SCALE 4-7) 14
TOTAL FM JUL 1 2997 CLOUDY (SCALE 8-10) 5
DPTR FM NORMAL -141
[CDD (BASE 65) ]
TOTAL THIS MO. 56
DPTR FM NORMAL -2 [PRESSURE DATA]
TOTAL FM JAN 1 68 HIGHEST SLP M ON M
DPTR FM NORMAL -6 LOWEST SLP M ON M
[REMARKS]
#FINAL-04-22#