000
CXUS54 KLZK 011230
CF6LRF
PRELIMINARY LOCAL CLIMATOLOGICAL DATA (WS FORM: F-6)
STATION: JACKSONVILLE/LITTLE ROCK AFB
MONTH: DECEMBER
YEAR: 2020
LATITUDE: 34 55 N
LONGITUDE: 92 9 W
TEMPERATURE IN F: :PCPN: SNOW: WIND :SUNSHINE: SKY :PK WND
================================================================================
1 2 3 4 5 6A 6B 7 8 9 10 11 12 13 14 15 16 17 18
12Z AVG MX 2MIN
DY MAX MIN AVG DEP HDD CDD WTR SNW DPTH SPD SPD DIR MIN PSBL S-S WX SPD DR
================================================================================
1 54 18 36 -11 29 0 0.00 0.0 0 2.0 7 140 M M 0 M M
2 53 24 39 -8 26 0 T T 0 5.0 12 90 M M 5 4 M M
3 42 37 40 -6 25 0 0.22 0.0 0 3.9 7 60 M M 7 M M
4 52 31 42 -4 23 0 T 0.0 0 6.3 15 240 M M 5 17 280
5 62 29 46 0 19 0 0.00 0.0 0 3.2 8 220 M M 0 8 M M
6 54 30 42 -3 23 0 0.00 0.0 0 3.1 9 230 M M 4 M M
7 56 28 42 -3 23 0 0.00 0.0 0 4.0 9 270 M M 0 M M
8 63 27 45 0 20 0 0.00 0.0 0 2.5 8 320 M M 0 M M
9 73 29 51 6 14 0 0.00 0.0 0 3.0 10 230 M M 0 M M
10 77 30 54 10 11 0 0.00 0.0 0 3.7 13 200 M M 0 M M
11 64 48 56 12 9 0 0.54 0.0 0 5.0 13 210 M M 6 1 M M
12 55 31 43 -1 22 0 0.00 0.0 0 8.2 15 270 M M 1 21 270
13 43 28 36 -8 29 0 0.96 T 0 5.8 14 10 M M 7 14 23 340
14 45 25 35 -8 30 0 0.01 T 0 4.1 12 50 M M 2 M M
15 31 21 26 -17 39 0 T T 0 3.2 10 50 M M 7 1 M M
16 37 29 33 -10 32 0 0.00 0.0 0 3.6 10 270 M M 10 M M
17 48 23 36 -7 29 0 0.00 0.0 0 1.6 6 160 M M 1 M M
18 54 23 39 -3 26 0 0.00 0.0 0 5.7 14 130 M M 1 20 130
19 46 41 44 2 21 0 0.22 0.0 0 2.5 8 190 M M 10 12 M M
20 52 31 42 0 23 0 0.00 0.0 0 3.3 8 160 M M 6 1 M M
21 66 27 47 5 18 0 M M M 3.7 13 290 M M 0 M M
22 63 29 46 4 19 0 M M M 4.5 12 130 M M 0 20 130
23 64 34 49 8 16 0 0.20 0.0 0 10.2 20 300 M M 6 3 35 290
24 40 23 32 -9 33 0 0.00 0.0 0 10.9 20 270 M M 3 36 250
25 42 21 32 -9 33 0 M M M 5.0 14 310 M M 0 17 280
26 63 23 43 2 22 0 M M M 4.3 10 180 M M 0 8 M M
27 65 35 50 9 15 0 M M M 9.3 18 200 M M 4 32 220
28 53 33 43 2 22 0 M M M 4.1 12 50 M M 1 M M
29 46 36 41 0 24 0 T M M 7.2 14 80 M M 7 1 M M
30 58 38 48 8 17 0 0.83 M M 6.7 18 30 M M 10 1 25 40
31 38 35 37 -3 28 0 1.63 M M 13.0 24 50 M M 10 1 36 60
================================================================================
SM 1659 917 720 0 4.61 T 158.7 M 113
================================================================================
AV 53.5 29.6 5.1 FASTST M M 4 MAX(MPH)
MISC ----> 24 50 36 250
================================================================================
NOTES:
# LAST OF SEVERAL OCCURRENCES
COLUMN 17 PEAK WIND IN M.P.H.
PRELIMINARY LOCAL CLIMATOLOGICAL DATA (WS FORM: F-6) , PAGE 2
STATION: JACKSONVILLE/LITTLE ROCK AFB
MONTH: DECEMBER
YEAR: 2020
LATITUDE: 34 55 N
LONGITUDE: 92 9 W
[TEMPERATURE DATA] [PRECIPITATION DATA] SYMBOLS USED IN COLUMN 16
AVERAGE MONTHLY: 41.5 TOTAL FOR MONTH: 4.61 1 = FOG OR MIST
DPTR FM NORMAL: -1.6 DPTR FM NORMAL: M 2 = FOG REDUCING VISIBILITY
HIGHEST: 77 ON 10 GRTST 24HR 1.63 ON 31-31 TO 1/4 MILE OR LESS
LOWEST: 18 ON 1 3 = THUNDER
SNOW, ICE PELLETS, HAIL 4 = ICE PELLETS
TOTAL MONTH: T 5 = HAIL
GRTST 24HR T ON 2- 2 6 = FREEZING RAIN OR DRIZZLE
GRTST DEPTH: 0 7 = DUSTSTORM OR SANDSTORM:
VSBY 1/2 MILE OR LESS
8 = SMOKE OR HAZE
[NO. OF DAYS WITH] [WEATHER - DAYS WITH] 9 = BLOWING SNOW
X = TORNADO
MAX 32 OR BELOW: 1 0.01 INCH OR MORE: 8
MAX 90 OR ABOVE: 0 0.10 INCH OR MORE: 7
MIN 32 OR BELOW: 22 0.50 INCH OR MORE: 4
MIN 0 OR BELOW: 0 1.00 INCH OR MORE: 1
[HDD (BASE 65) ]
TOTAL THIS MO. 720 CLEAR (SCALE 0-3) 16
DPTR FM NORMAL 24 PTCLDY (SCALE 4-7) 11
TOTAL FM JUL 1 1333 CLOUDY (SCALE 8-10) 4
DPTR FM NORMAL 72
[CDD (BASE 65) ]
TOTAL THIS MO. 0
DPTR FM NORMAL -2 [PRESSURE DATA]
TOTAL FM JAN 1 1683 HIGHEST SLP M ON M
DPTR FM NORMAL -354 LOWEST SLP M ON M
[REMARKS]
#FINAL-12-20#