000
CXUS54 KLZK 011510
CF6LRF
PRELIMINARY LOCAL CLIMATOLOGICAL DATA (WS FORM: F-6)
STATION: JACKSONVILLE/LITTLE ROCK AFB
MONTH: NOVEMBER
YEAR: 2020
LATITUDE: 34 55 N
LONGITUDE: 92 9 W
TEMPERATURE IN F: :PCPN: SNOW: WIND :SUNSHINE: SKY :PK WND
================================================================================
1 2 3 4 5 6A 6B 7 8 9 10 11 12 13 14 15 16 17 18
12Z AVG MX 2MIN
DY MAX MIN AVG DEP HDD CDD WTR SNW DPTH SPD SPD DIR MIN PSBL S-S WX SPD DR
================================================================================
1 69 34 52 -6 13 0 0.00 0.0 0 5.8 12 330 M M 0 20 340
2 61 29 45 -12 20 0 0.00 0.0 0 1.4 6 150 M M 0 M M
3 74 32 53 -4 12 0 0.00 0.0 0 2.3 7 180 M M 0 M M
4 74 36 55 -1 10 0 0.00 0.0 0 2.3 8 190 M M 0 M M
5 74 44 59 3 6 0 0.00 0.0 0 2.1 7 190 M M 1 M M
6 73 38 56 0 9 0 0.00 0.0 0 1.4 8 140 M M 0 M M
7 77 42 60 5 5 0 0.00 0.0 0 1.0 5 110 M M 3 18 M M
8 79 53 66 11 0 1 0.00 0.0 0 3.1 6 120 M M 6 1 M M
9 78 57 68 14 0 3 0.00 0.0 0 2.6 9 130 M M 6 1 M M
10 78 55 67 13 0 2 T 0.0 0 4.3 10 230 M M 7 M M
11 66 38 52 -2 13 0 0.05 0.0 0 4.3 8 10 M M 1 18 M M
12 66 34 50 -3 15 0 T 0.0 0 2.1 8 60 M M 2 M M
13 66 47 57 4 8 0 0.00 0.0 0 3.9 9 80 M M 3 M M
14 75 42 59 6 6 0 0.05 0.0 0 6.2 15 190 M M 7 21 190
15 73 34 54 2 11 0 0.25 0.0 0 8.5 20 290 M M 1 1 29 190
16 68 29 49 -3 16 0 0.00 0.0 0 1.7 10 220 M M 0 8 M M
17 66 34 50 -1 15 0 0.00 0.0 0 4.3 7 40 M M 0 18 M M
18 67 31 49 -2 16 0 0.00 0.0 M 4.7 8 180 M M 0 M M
19 71 35 53 2 12 0 0.00 0.0 0 5.9 14 190 M M 0 18 190
20 68 43 56 6 9 0 0.00 0.0 0 1.4 7 180 M M 5 1 M M
21 72 49 61 11 4 0 M M M 1.9 7 170 M M 7 12 M M
22 64 37 51 1 14 0 0.53 M M 6.0 14 320 M M 9 1 21 320
23 56 31 44 -5 21 0 M M M 2.4 8 80 M M 0 M M
24 63 33 48 -1 17 0 0.60 M M 4.3 12 150 M M 5 1 17 140
25 63 37 50 1 15 0 0.45 M M 9.6 20 270 M M 8 1 43 240
26 62 30 46 -2 19 0 M M M 1.8 8 170 M M 0 18 M M
27 60 40 50 2 15 0 T M M 2.4 6 10 M M 7 M M
28 56 35 46 -2 19 0 M M M 5.2 12 60 M M 0 17 80
29 48 34 41 -6 24 0 0.13 M M 4.1 15 70 M M 7 31 320
30 46 25 36 -11 29 0 T M M 9.7 17 320 M M 1 35 300
================================================================================
SM 2013 1138 373 6 2.06 0.0 116.7 M 86
================================================================================
AV 67.1 37.9 3.9 FASTST M M 3 MAX(MPH)
MISC ----> 20 290 43 240
================================================================================
NOTES:
# LAST OF SEVERAL OCCURRENCES
COLUMN 17 PEAK WIND IN M.P.H.
PRELIMINARY LOCAL CLIMATOLOGICAL DATA (WS FORM: F-6) , PAGE 2
STATION: JACKSONVILLE/LITTLE ROCK AFB
MONTH: NOVEMBER
YEAR: 2020
LATITUDE: 34 55 N
LONGITUDE: 92 9 W
[TEMPERATURE DATA] [PRECIPITATION DATA] SYMBOLS USED IN COLUMN 16
AVERAGE MONTHLY: 52.5 TOTAL FOR MONTH: 2.06 1 = FOG OR MIST
DPTR FM NORMAL: 0.4 DPTR FM NORMAL: M 2 = FOG REDUCING VISIBILITY
HIGHEST: 79 ON 8 GRTST 24HR 0.60 ON 24-24 TO 1/4 MILE OR LESS
LOWEST: 25 ON 30 3 = THUNDER
SNOW, ICE PELLETS, HAIL 4 = ICE PELLETS
TOTAL MONTH: 0.0 INCH 5 = HAIL
GRTST 24HR 0.0 6 = FREEZING RAIN OR DRIZZLE
GRTST DEPTH: 0 7 = DUSTSTORM OR SANDSTORM:
VSBY 1/2 MILE OR LESS
8 = SMOKE OR HAZE
[NO. OF DAYS WITH] [WEATHER - DAYS WITH] 9 = BLOWING SNOW
X = TORNADO
MAX 32 OR BELOW: 0 0.01 INCH OR MORE: 7
MAX 90 OR ABOVE: 0 0.10 INCH OR MORE: 5
MIN 32 OR BELOW: 7 0.50 INCH OR MORE: 2
MIN 0 OR BELOW: 0 1.00 INCH OR MORE: 0
[HDD (BASE 65) ]
TOTAL THIS MO. 373 CLEAR (SCALE 0-3) 19
DPTR FM NORMAL -34 PTCLDY (SCALE 4-7) 10
TOTAL FM JUL 1 608 CLOUDY (SCALE 8-10) 1
DPTR FM NORMAL 46
[CDD (BASE 65) ]
TOTAL THIS MO. 6
DPTR FM NORMAL -3 [PRESSURE DATA]
TOTAL FM JAN 1 1683 HIGHEST SLP M ON M
DPTR FM NORMAL -352 LOWEST SLP M ON M
[REMARKS]
#FINAL-11-20#