000
CXUS54 KEPZ 011130
CF6LRU
PRELIMINARY LOCAL CLIMATOLOGICAL DATA (WS FORM: F-6)
STATION: LAS CRUCES
MONTH: JANUARY
YEAR: 2024
LATITUDE: 32 17 N
LONGITUDE: 106 46 W
TEMPERATURE IN F: :PCPN: SNOW: WIND :SUNSHINE: SKY :PK WND
================================================================================
1 2 3 4 5 6A 6B 7 8 9 10 11 12 13 14 15 16 17 18
12Z AVG MX 2MIN
DY MAX MIN AVG DEP HDD CDD WTR SNW DPTH SPD SPD DIR MIN PSBL S-S WX SPD DR
================================================================================
1 59 24 42 M 23 0 0.00 M M 4.0 8 330 M M 1 M M
2 58 43 51 M 14 0 0.00 M M 6.4 16 340 M M 5 20 340
3 58 28 43 M 22 0 0.00 M M 5.2 12 160 M M 0 16 160
4 48 36 42 M 23 0 0.00 M M 19.7 37 260 M M 3 47 260
5 52 31 42 M 23 0 0.00 M M 13.9 21 260 M M 1 28 260
6 52 30 41 M 24 0 0.00 M M 8.6 16 330 M M 2 22 330
7 60 26 43 M 22 0 T M M 15.7 32 280 M M 3 8 45 280
8 42 26 34 M 31 0 0.00 M M 20.8 31 270 M M 0 38 270
9 46 16 31 M 34 0 0.00 M M 4.2 9 270 M M 0 M M
10 56 26 41 M 24 0 0.00 M M 10.2 25 260 M M 0 36 270
11 55 31 43 M 22 0 T M M 20.0 39 280 M M 2 8 54 280
12 50 26 38 M 27 0 0.00 M M 16.8 27 260 M M 0 37 270
13 60 32 46 M 19 0 0.00 M M 19.4 33 260 M M 0 39 260
14 63 35 49 M 16 0 0.00 M M 14.8 28 260 M M 0 35 260
15 63 35 49 M 16 0 0.00 M M 15.5 24 260 M M 0 35 260
16 51 23 37 M 28 0 0.00 M M 6.4 13 150 M M 0 21 250
17 66 24 45 M 20 0 0.00 M M 6.7 22 260 M M 0 28 260
18 71 40 56 M 9 0 0.00 M M 14.7 25 270 M M 0 33 270
19 60 34 47 M 18 0 0.00 M M 6.6 12 130 M M 0 17 140
20 55 35 45 M 20 0 0.00 M M 9.0 13 140 M M 0 16 130
21 56 42 49 M 16 0 0.00 M M 4.7 10 140 M M 9 22 240
22 58 39 49 M 16 0 0.00 M M 8.9 16 260 M M 6 23 260
23 55 41 48 M 17 0 0.28 M M 4.4 12 250 M M 9 1 23 180
24 56 36 46 M 19 0 0.00 M M 9.9 18 260 M M 5 27 260
25 57 37 47 M 18 0 0.00 M M 10.6 21 270 M M 3 29 250
26 58 38 48 M 17 0 T M M 10.5 18 270 M M 4 30 300
27 57 33 45 M 20 0 0.00 M M 3.0 10 330 M M 0 M M
28 60 33 47 M 18 0 0.00 M M 3.9 7 110 M M 0 M M
29 65 33 49 M 16 0 0.00 M M 3.1 8 320 M M 0 M M
30 65 40 53 M 12 0 0.00 M M 3.5 9 330 M M 2 M M
31 70 49 60 M 5 0 0.00 M M 6.3 9 250 M M 7 9 180
================================================================================
SM 1782 1022 609 0 0.28 M 307.4 M 62
================================================================================
AV 57.5 33.0 9.9 FASTST M M 2 MAX(MPH)
MISC ----> 39 280 54 280
================================================================================
NOTES:
# LAST OF SEVERAL OCCURRENCES
COLUMN 17 PEAK WIND IN M.P.H.
PRELIMINARY LOCAL CLIMATOLOGICAL DATA (WS FORM: F-6) , PAGE 2
STATION: LAS CRUCES
MONTH: JANUARY
YEAR: 2024
LATITUDE: 32 17 N
LONGITUDE: 106 46 W
[TEMPERATURE DATA] [PRECIPITATION DATA] SYMBOLS USED IN COLUMN 16
AVERAGE MONTHLY: 45.2 TOTAL FOR MONTH: 0.28 1 = FOG OR MIST
DPTR FM NORMAL: 0.0 DPTR FM NORMAL: M 2 = FOG REDUCING VISIBILITY
HIGHEST: 71 ON 18 GRTST 24HR 0.38 ON 23-24 TO 1/4 MILE OR LESS
LOWEST: 16 ON 9 3 = THUNDER
SNOW, ICE PELLETS, HAIL 4 = ICE PELLETS
TOTAL MONTH: M 5 = HAIL
GRTST 24HR M ON M 6 = FREEZING RAIN OR DRIZZLE
GRTST DEPTH: M ON M 7 = DUSTSTORM OR SANDSTORM:
VSBY 1/2 MILE OR LESS
8 = SMOKE OR HAZE
[NO. OF DAYS WITH] [WEATHER - DAYS WITH] 9 = BLOWING SNOW
X = TORNADO
MAX 32 OR BELOW: 0 0.01 INCH OR MORE: 1
MAX 90 OR ABOVE: 0 0.10 INCH OR MORE: 1
MIN 32 OR BELOW: 13 0.50 INCH OR MORE: 0
MIN 0 OR BELOW: 0 1.00 INCH OR MORE: 0
[HDD (BASE 65) ]
TOTAL THIS MO. 609 CLEAR (SCALE 0-3) 24
DPTR FM NORMAL M PTCLDY (SCALE 4-7) 5
TOTAL FM JUL 1 1636 CLOUDY (SCALE 8-10) 2
DPTR FM NORMAL M
[CDD (BASE 65) ]
TOTAL THIS MO. 0
DPTR FM NORMAL M [PRESSURE DATA]
TOTAL FM JAN 1 0 HIGHEST SLP M ON M
DPTR FM NORMAL M LOWEST SLP M ON M
[REMARKS]
#FINAL-01-24#