000
CXUS54 KFWD 070343
CF6LUD
PRELIMINARY LOCAL CLIMATOLOGICAL DATA (WS FORM: F-6)
STATION: DECATUR
MONTH: NOVEMBER
YEAR: 2020
LATITUDE: 33 15 N
LONGITUDE: 97 30 W
TEMPERATURE IN F: :PCPN: SNOW: WIND :SUNSHINE: SKY :PK WND
================================================================================
1 2 3 4 5 6A 6B 7 8 9 10 11 12 13 14 15 16 17 18
12Z AVG MX 2MIN
DY MAX MIN AVG DEP HDD CDD WTR SNW DPTH SPD SPD DIR MIN PSBL S-S WX SPD DR
================================================================================
1 71 50 61 2 4 0 0.00 M M 5.4 13 30 M M 0 8 18 40
2 71 44 58 -1 7 0 0.00 M M 5.3 13 180 M M 1 8 20 180
3 77 51 64 6 1 0 0.00 M M 8.5 15 160 M M 0 8 17 150
4 73 51 62 4 3 0 0.00 M M 10.7 15 170 M M 0 23 170
5 M M M M M M M M M M M M M M M M M
6 75 55 65 8 0 0 0.00 M M 9.4 18 140 M M 4 22 140
7 75 52 64 7 1 0 0.00 M M 7.4 12 130 M M 1 18 140
8 73 55 64 8 1 0 0.00 M M 10.4 18 110 M M 3 1 27 110
9 75 61 68 12 0 3 0.00 M M 12.1 20 160 M M 6 1 27 150
10 68 48 58 2 7 0 0.00 M M 6.9 12 170 M M 3 8 18 160
11 73 40 57 2 8 0 0.00 M M 4.5 8 70 M M 4 28 M M
12 79 49 64 9 1 0 0.05 M M 7.6 15 10 M M 3 23 360
13 68 50 59 5 6 0 0.00 M M 5.7 13 20 M M 3 21 20
14 82 55 69 15 0 4 0.00 M M 11.8 22 200 M M 4 33 200
15 65 45 55 1 10 0 0.00 M M 5.1 18 340 M M 0 29 340
16 70 47 59 6 6 0 0.00 M M 5.3 10 160 M M 0 M M
17 73 46 60 7 5 0 0.00 M M 4.2 12 130 M M 0 17 110
18 73 50 62 10 3 0 0.00 M M 11.7 17 150 M M 0 22 140
19 76 53 65 13 0 0 0.00 M M 13.4 18 170 M M 1 24 170
20 76 58 67 15 0 2 0.00 M M 10.1 15 160 M M 2 21 170
21 76 61 69 18 0 4 0.00 M M 6.9 10 160 M M 7 M M
22 64 43 54 3 11 0 0.00 M M 7.0 13 360 M M 6 1 21 10
23 58 40 49 -1 16 0 0.00 M M 8.5 13 150 M M 8 1 21 140
24 73 53 63 13 2 0 0.18 M M 12.8 18 160 M M 7 1 22 130
25 63 41 52 3 13 0 0.00 M M 7.0 14 290 M M 0 23 300
26 73 46 60 11 5 0 0.00 M M 9.4 15 180 M M 0 22 200
27 63 48 56 7 9 0 0.00 M M 8.3 15 30 M M 2 20 30
28 56 42 49 1 16 0 0.56 M M 7.3 14 50 M M 5 1 21 50
29 51 40 46 -2 19 0 0.01 M M 6.8 16 340 M M 8 1 30 340
30 49 28 39 -8 26 0 0.00 M M 7.5 14 330 M M 0 22 330
================================================================================
SM 2019 1402 180 13 0.80 M 237.0 M 78
================================================================================
AV 69.6 48.3 8.2 FASTST M M 3 MAX(MPH)
MISC ----> 22 200 33 200
================================================================================
NOTES:
# LAST OF SEVERAL OCCURRENCES
COLUMN 17 PEAK WIND IN M.P.H.
PRELIMINARY LOCAL CLIMATOLOGICAL DATA (WS FORM: F-6) , PAGE 2
STATION: DECATUR
MONTH: NOVEMBER
YEAR: 2020
LATITUDE: 33 15 N
LONGITUDE: 97 30 W
[TEMPERATURE DATA] [PRECIPITATION DATA] SYMBOLS USED IN COLUMN 16
AVERAGE MONTHLY: 59.0 TOTAL FOR MONTH: 0.80 1 = FOG OR MIST
DPTR FM NORMAL: 5.6 DPTR FM NORMAL: -2.06 2 = FOG REDUCING VISIBILITY
HIGHEST: 82 ON 14 GRTST 24HR 0.56 ON 28-28 TO 1/4 MILE OR LESS
LOWEST: 28 ON 30 3 = THUNDER
SNOW, ICE PELLETS, HAIL 4 = ICE PELLETS
TOTAL MONTH: M 5 = HAIL
GRTST 24HR M ON M 6 = FREEZING RAIN OR DRIZZLE
GRTST DEPTH: M ON M 7 = DUSTSTORM OR SANDSTORM:
VSBY 1/2 MILE OR LESS
8 = SMOKE OR HAZE
[NO. OF DAYS WITH] [WEATHER - DAYS WITH] 9 = BLOWING SNOW
X = TORNADO
MAX 32 OR BELOW: 0 0.01 INCH OR MORE: 4
MAX 90 OR ABOVE: 0 0.10 INCH OR MORE: 2
MIN 32 OR BELOW: 1 0.50 INCH OR MORE: 1
MIN 0 OR BELOW: 0 1.00 INCH OR MORE: 0
[HDD (BASE 65) ]
TOTAL THIS MO. 180 CLEAR (SCALE 0-3) 17
DPTR FM NORMAL -177 PTCLDY (SCALE 4-7) 12
TOTAL FM JUL 1 351 CLOUDY (SCALE 8-10) 1
DPTR FM NORMAL -128
[CDD (BASE 65) ]
TOTAL THIS MO. 13
DPTR FM NORMAL 6 [PRESSURE DATA]
TOTAL FM JAN 1 2465 HIGHEST SLP M ON M
DPTR FM NORMAL 372 LOWEST SLP M ON M
[REMARKS]
#FINAL-11-20#