000
CXUS56 KMTR 010900
CF6LVK
PRELIMINARY LOCAL CLIMATOLOGICAL DATA (WS FORM: F-6)
STATION: LIVERMORE AIRPORT
MONTH: OCTOBER
YEAR: 2021
LATITUDE: 37 42 N
LONGITUDE: 121 49 W
TEMPERATURE IN F: :PCPN: SNOW: WIND :SUNSHINE: SKY :PK WND
================================================================================
1 2 3 4 5 6A 6B 7 8 9 10 11 12 13 14 15 16 17 18
12Z AVG MX 2MIN
DY MAX MIN AVG DEP HDD CDD WTR SNW DPTH SPD SPD DIR MIN PSBL S-S WX SPD DR
================================================================================
1 91 52 72 4 0 7 0.00 M M 2.7 13 60 M M 0 15 50
2 92 53 73 6 0 8 0.00 M M 3.1 13 70 M M 0 16 70
3 91 53 72 5 0 7 0.00 M M 4.0 15 80 M M 0 19 80
4 94 55 75 8 0 10 0.00 M M 3.1 14 290 M M 0 16 280
5 83 55 69 2 0 4 0.00 M M 6.8 21 280 M M 0 24 280
6 71 50 61 -5 4 0 0.00 M M 8.5 17 280 M M 1 20 280
7 69 50 60 -6 5 0 0.00 M M 9.3 20 290 M M 1 23 270
8 66 54 60 -6 5 0 T M M 12.1 24 260 M M 5 29 250
9 74 51 63 -3 2 0 0.00 M M 2.5 16 80 M M 2 20 70
10 81 45 63 -2 2 0 0.00 M M 3.9 20 280 M M 0 23 270
11 68 48 58 -7 7 0 0.00 M M 13.6 26 340 M M 0 37 340
12 70 47 59 -6 6 0 0.00 M M 10.9 23 360 M M 0 35 10
13 70 42 56 -9 9 0 0.00 M M 5.4 16 280 M M 2 19 290
14 78 44 61 -3 4 0 0.00 M M 3.6 13 30 M M 0 19 20
15 82 45 64 0 1 0 0.00 M M 3.7 14 80 M M 0 16 80
16 85 47 66 2 0 1 0.00 M M 3.5 14 270 M M 0 16 70
17 78 46 62 -1 3 0 0.05 M M 10.7 26 260 M M 2 36 230
18 63 44 54 -9 11 0 T M M 6.6 16 260 M M 4 20 270
19 71 39 55 -8 10 0 0.00 M M 5.3 17 230 M M 1 20 260
20 70 57 64 2 1 0 0.17 M M 3.8 15 230 M M 10 1 18 220
21 77 58 68 6 0 3 0.06 M M 5.8 17 270 M M 6 1 21 260
22 66 55 61 -1 4 0 0.54 M M 8.0 23 270 M M 5 1 27 270
23 67 53 60 -2 5 0 0.01 M M 6.2 14 250 M M 9 17 240
24 65 55 60 -1 5 0 3.57 M M 14.3 32 210 M M 10 1 45 210
25 64 51 58 -3 7 0 0.82 M M 9.2 21 260 M M 5 1 25 260
26 65 51 58 -3 7 0 0.00 M M 2.9 10 190 M M 7 11 200
27 74 51 63 3 2 0 0.00 M M 3.6 10 90 M M 1 12 70
28 76 53 65 5 0 0 0.00 M M 5.1 17 70 M M 0 20 70
29 80 50 65 5 0 0 0.00 M M 3.2 12 300 M M 0 14 310
30 71 52 62 3 3 0 0.00 M M 6.1 20 280 M M 6 24 290
31 66 51 59 0 6 0 0.00 M M 2.4 12 290 M M 3 14 290
================================================================================
SM 2318 1557 109 40 5.22 M 189.9 M 80
================================================================================
AV 74.8 50.2 6.1 FASTST M M 3 MAX(MPH)
MISC ----> 32 210 45 210
================================================================================
NOTES:
# LAST OF SEVERAL OCCURRENCES
COLUMN 17 PEAK WIND IN M.P.H.
PRELIMINARY LOCAL CLIMATOLOGICAL DATA (WS FORM: F-6) , PAGE 2
STATION: LIVERMORE AIRPORT
MONTH: OCTOBER
YEAR: 2021
LATITUDE: 37 42 N
LONGITUDE: 121 49 W
[TEMPERATURE DATA] [PRECIPITATION DATA] SYMBOLS USED IN COLUMN 16
AVERAGE MONTHLY: 62.5 TOTAL FOR MONTH: 5.22 1 = FOG OR MIST
DPTR FM NORMAL: -1.0 DPTR FM NORMAL: 4.47 2 = FOG REDUCING VISIBILITY
HIGHEST: 94 ON 4 GRTST 24HR 4.39 ON 24-25 TO 1/4 MILE OR LESS
LOWEST: 39 ON 19 3 = THUNDER
SNOW, ICE PELLETS, HAIL 4 = ICE PELLETS
TOTAL MONTH: M 5 = HAIL
GRTST 24HR M ON M 6 = FREEZING RAIN OR DRIZZLE
GRTST DEPTH: M ON M 7 = DUSTSTORM OR SANDSTORM:
VSBY 1/2 MILE OR LESS
8 = SMOKE OR HAZE
[NO. OF DAYS WITH] [WEATHER - DAYS WITH] 9 = BLOWING SNOW
X = TORNADO
MAX 32 OR BELOW: 0 0.01 INCH OR MORE: 7
MAX 90 OR ABOVE: 4 0.10 INCH OR MORE: 4
MIN 32 OR BELOW: 0 0.50 INCH OR MORE: 3
MIN 0 OR BELOW: 0 1.00 INCH OR MORE: 1
[HDD (BASE 65) ]
TOTAL THIS MO. 109 CLEAR (SCALE 0-3) 21
DPTR FM NORMAL 12 PTCLDY (SCALE 4-7) 7
TOTAL FM JUL 1 110 CLOUDY (SCALE 8-10) 3
DPTR FM NORMAL -9
[CDD (BASE 65) ]
TOTAL THIS MO. 40
DPTR FM NORMAL -12 [PRESSURE DATA]
TOTAL FM JAN 1 1089 HIGHEST SLP M ON M
DPTR FM NORMAL 241 LOWEST SLP 29.54 ON 24
[REMARKS]
#FINAL-10-21#