000
CXUS53 KTOP 010910
CF6LWC
PRELIMINARY LOCAL CLIMATOLOGICAL DATA (WS FORM: F-6)
STATION: LAWRENCE KS
MONTH: NOVEMBER
YEAR: 2023
LATITUDE: 39 0 N
LONGITUDE: 95 13 W
TEMPERATURE IN F: :PCPN: SNOW: WIND :SUNSHINE: SKY :PK WND
================================================================================
1 2 3 4 5 6A 6B 7 8 9 10 11 12 13 14 15 16 17 18
12Z AVG MX 2MIN
DY MAX MIN AVG DEP HDD CDD WTR SNW DPTH SPD SPD DIR MIN PSBL S-S WX SPD DR
================================================================================
1 51 15 33 -17 32 0 0.00 M M 6.5 18 190 M M 0 18 26 190
2 66 28 47 -2 18 0 0.00 M M 9.3 22 210 M M 0 32 200
3 73 39 56 7 9 0 0.00 M M 9.3 18 210 M M 0 27 210
4 60 34 47 -1 18 0 0.01 M M 2.9 9 120 M M 3 1 12 110
5 73 31 52 4 13 0 0.00 M M 6.0 16 160 M M 3 12 24 160
6 74 46 60 13 5 0 0.00 M M 2.1 14 190 M M 1 128 18 190
7 79 44 62 15 3 0 0.00 M M 7.8 23 150 M M 3 8 31 150
8 71 46 59 13 6 0 0.00 M M 9.1 23 330 M M 4 12 30 330
9 60 33 47 1 18 0 0.00 M M 4.1 15 340 M M 0 8 22 350
10 58 27 43 -3 22 0 0.00 M M 3.2 13 10 M M 0 8 15 10
11 58 27 43 -2 22 0 0.00 M M 5.9 13 140 M M 6 1 16 150
12 71 35 53 8 12 0 0.00 M M 6.9 18 210 M M 0 8 24 210
13 72 28 50 6 15 0 0.00 M M 5.3 13 150 M M 0 18 21 130
14 70 30 50 6 15 0 0.00 M M 7.1 18 170 M M 0 18 26 170
15 74 36 55 11 10 0 0.00 M M 5.6 14 210 M M 0 18 17 190
16 63 43 53 10 12 0 0.00 M M 8.6 18 180 M M 3 28 170
17 60 29 45 2 20 0 0.00 M M 6.2 20 350 M M 1 8 27 350
18 66 25 46 4 19 0 0.00 M M 3.1 9 210 M M 0 18 16 150
19 52 40 46 4 19 0 0.45 M M 6.9 15 100 M M 5 18 21 90
20 46 44 45 3 20 0 0.40 M M 11.2 16 20 M M 10 1 24 80
21 49 23 36 -5 29 0 T M M 11.8 28 340 M M 5 1 36 330
22 54 21 38 -3 27 0 0.00 M M 6.1 14 200 M M 0 19 240
23 53 26 40 0 25 0 0.00 M M 6.7 16 30 M M 0 23 20
24 38 27 33 -7 32 0 0.00 M M 9.0 17 40 M M 0 23 10
25 35 24 30 -10 35 0 0.32 M M 5.7 13 330 M M 8 1 15 330
26 37 15 26 -13 39 0 0.05 M M 8.0 17 290 M M 4 128 23 300
27 42 8 25 -14 40 0 0.00 M M 3.8 17 290 M M 0 128 21 290
28 44 11 28 -10 37 0 0.00 M M 4.4 15 160 M M 1 128 18 180
29 55 19 37 -1 28 0 0.00 M M 3.5 13 230 M M 0 128 17 220
30 52 40 46 8 19 0 0.53 M M 7.2 28 60 M M 7 18 38 50
================================================================================
SM 1756 894 619 0 1.76 M 193.3 M 64
================================================================================
AV 58.5 29.8 6.4 FASTST M M 2 MAX(MPH)
MISC ----> # 28 340 38 50
================================================================================
NOTES:
# LAST OF SEVERAL OCCURRENCES
COLUMN 17 PEAK WIND IN M.P.H.
PRELIMINARY LOCAL CLIMATOLOGICAL DATA (WS FORM: F-6) , PAGE 2
STATION: LAWRENCE KS
MONTH: NOVEMBER
YEAR: 2023
LATITUDE: 39 0 N
LONGITUDE: 95 13 W
[TEMPERATURE DATA] [PRECIPITATION DATA] SYMBOLS USED IN COLUMN 16
AVERAGE MONTHLY: 44.2 TOTAL FOR MONTH: 1.76 1 = FOG OR MIST
DPTR FM NORMAL: 0.8 DPTR FM NORMAL: -0.08 2 = FOG REDUCING VISIBILITY
HIGHEST: 79 ON 7 GRTST 24HR 0.66 ON 19-20 TO 1/4 MILE OR LESS
LOWEST: 8 ON 27 3 = THUNDER
SNOW, ICE PELLETS, HAIL 4 = ICE PELLETS
TOTAL MONTH: M 5 = HAIL
GRTST 24HR M ON M 6 = FREEZING RAIN OR DRIZZLE
GRTST DEPTH: M ON M 7 = DUSTSTORM OR SANDSTORM:
VSBY 1/2 MILE OR LESS
8 = SMOKE OR HAZE
[NO. OF DAYS WITH] [WEATHER - DAYS WITH] 9 = BLOWING SNOW
X = TORNADO
MAX 32 OR BELOW: 0 0.01 INCH OR MORE: 6
MAX 90 OR ABOVE: 0 0.10 INCH OR MORE: 4
MIN 32 OR BELOW: 18 0.50 INCH OR MORE: 1
MIN 0 OR BELOW: 0 1.00 INCH OR MORE: 0
[HDD (BASE 65) ]
TOTAL THIS MO. 619 CLEAR (SCALE 0-3) 20
DPTR FM NORMAL -29 PTCLDY (SCALE 4-7) 8
TOTAL FM JUL 1 897 CLOUDY (SCALE 8-10) 2
DPTR FM NORMAL -104
[CDD (BASE 65) ]
TOTAL THIS MO. 0
DPTR FM NORMAL -2 [PRESSURE DATA]
TOTAL FM JAN 1 1673 HIGHEST SLP 30.52 ON 24
DPTR FM NORMAL 210 LOWEST SLP 29.59 ON 8
[REMARKS]
#FINAL-11-23#