000
CXUS56 KOTX 010910
CF6LWS
PRELIMINARY LOCAL CLIMATOLOGICAL DATA (WS FORM: F-6)
STATION: LEWISTON ID AIRPORT
MONTH: JULY
YEAR: 2022
LATITUDE: 46 22 N
LONGITUDE: 117 1 W
TEMPERATURE IN F: :PCPN: SNOW: WIND :SUNSHINE: SKY :PK WND
================================================================================
1 2 3 4 5 6A 6B 7 8 9 10 11 12 13 14 15 16 17 18
12Z AVG MX 2MIN
DY MAX MIN AVG DEP HDD CDD WTR SNW DPTH SPD SPD DIR MIN PSBL S-S WX SPD DR
================================================================================
1 89 61 75 4 0 10 T 0.0 0 4.4 14 360 M M 0 21 340
2 90 58 74 2 0 9 0.05 0.0 0 3.4 25 190 M M 1 3 31 180
3 80 61 71 -1 0 6 0.10 0.0 0 6.5 18 310 M M 5 3 28 90
4 74 59 67 -5 0 2 0.02 0.0 0 3.9 12 290 M M 3 14 290
5 89 54 72 -1 0 7 0.00 0.0 0 3.8 12 360 M M 0 17 360
6 87 63 75 2 0 10 0.00 0.0 0 4.6 14 320 M M 0 20 310
7 86 66 76 2 0 11 0.00 0.0 M 5.3 15 320 M M 4 3 24 340
8 88 63 76 2 0 11 0.00 0.0 0 5.4 14 350 M M 2 18 340
9 88 62 75 1 0 10 0.00 0.0 0 6.3 17 280 M M 0 23 280
10 85 63 74 -1 0 9 0.00 0.0 0 5.3 15 320 M M 1 20 330
11 91 57 74 -1 0 9 0.00 0.0 0 4.6 13 360 M M 0 20 80
12 99 62 81 6 0 16 0.00 0.0 0 4.5 12 40 M M 0 18 200
13 92 69 81 5 0 16 0.00 0.0 0 5.6 16 330 M M 1 19 320
14 94 61 78 2 0 13 0.00 0.0 0 3.8 12 350 M M 0 16 340
15 95 63 79 3 0 14 0.00 0.0 0 3.8 13 330 M M 0 17 330
16 94 62 78 2 0 13 0.00 0.0 0 3.9 14 10 M M 0 17 10
17 88 63 76 -1 0 11 0.00 0.0 0 6.7 15 350 M M 1 21 320
18 83 58 71 -6 0 6 0.00 0.0 0 5.6 15 320 M M 1 20 310
19 93 57 75 -2 0 10 0.00 0.0 0 4.3 9 40 M M 0 16 20
20 99 60 80 3 0 15 0.00 0.0 0 3.9 14 300 M M 0 19 360
21 99 59 79 1 0 14 0.00 0.0 0 3.5 12 310 M M 0 16 350
22 93 62 78 0 0 13 T 0.0 0 5.5 17 330 M M 0 22 320
23 93 58 76 -2 0 11 0.00 0.0 0 4.9 15 350 M M 0 3 19 340
24 95 67 81 3 0 16 0.00 0.0 M 4.7 12 350 M M 0 3 16 360
25 100 65 83 5 0 18 0.00 0.0 0 3.5 12 350 M M 0 14 350
26 102 68 85 7 0 20 0.00 0.0 0 3.7 14 30 M M 0 17 30
27 104 71 88 10 0 23 0.00 0.0 0 3.6 14 350 M M 0 20 340
28 105 71 88 10 0 23 0.00 0.0 0 5.0 15 350 M M 0 19 350
29 108 72 90 12 0 25 0.00 0.0 0 4.9 13 320 M M 0 17 300
30 107 68 88 10 0 23 0.00 0.0 0 5.4 13 60 M M 0 16 60
31 106 71 89 11 0 24 0.00 0.0 0 2.7 9 310 M M 0 12 310
================================================================================
SM 2896 1954 0 418 0.17 0.0 143.0 M 19
================================================================================
AV 93.4 63.0 4.6 FASTST M M 1 MAX(MPH)
MISC ----> 25 190 31 180
================================================================================
NOTES:
# LAST OF SEVERAL OCCURRENCES
COLUMN 17 PEAK WIND IN M.P.H.
PRELIMINARY LOCAL CLIMATOLOGICAL DATA (WS FORM: F-6) , PAGE 2
STATION: LEWISTON ID AIRPORT
MONTH: JULY
YEAR: 2022
LATITUDE: 46 22 N
LONGITUDE: 117 1 W
[TEMPERATURE DATA] [PRECIPITATION DATA] SYMBOLS USED IN COLUMN 16
AVERAGE MONTHLY: 78.2 TOTAL FOR MONTH: 0.17 1 = FOG OR MIST
DPTR FM NORMAL: 2.4 DPTR FM NORMAL: -0.30 2 = FOG REDUCING VISIBILITY
HIGHEST: 108 ON 29 GRTST 24HR 0.15 ON 2- 3 TO 1/4 MILE OR LESS
LOWEST: 54 ON 5 3 = THUNDER
SNOW, ICE PELLETS, HAIL 4 = ICE PELLETS
TOTAL MONTH: 0.0 INCH 5 = HAIL
GRTST 24HR 0.0 6 = FREEZING RAIN OR DRIZZLE
GRTST DEPTH: 0 7 = DUSTSTORM OR SANDSTORM:
VSBY 1/2 MILE OR LESS
8 = SMOKE OR HAZE
[NO. OF DAYS WITH] [WEATHER - DAYS WITH] 9 = BLOWING SNOW
X = TORNADO
MAX 32 OR BELOW: 0 0.01 INCH OR MORE: 3
MAX 90 OR ABOVE: 20 0.10 INCH OR MORE: 1
MIN 32 OR BELOW: 0 0.50 INCH OR MORE: 0
MIN 0 OR BELOW: 0 1.00 INCH OR MORE: 0
[HDD (BASE 65) ]
TOTAL THIS MO. 0 CLEAR (SCALE 0-3) 28
DPTR FM NORMAL -5 PTCLDY (SCALE 4-7) 3
TOTAL FM JUL 1 0 CLOUDY (SCALE 8-10) 0
DPTR FM NORMAL -2
[CDD (BASE 65) ]
TOTAL THIS MO. 418
DPTR FM NORMAL 77 [PRESSURE DATA]
TOTAL FM JAN 1 522 HIGHEST SLP M ON M
DPTR FM NORMAL 38 LOWEST SLP 29.64 ON 2
[REMARKS]
#FINAL-07-22#