146
CXUS53 KILX 012300
CF6LWV
PRELIMINARY LOCAL CLIMATOLOGICAL DATA (WS FORM: F-6)
STATION: LAWRENCEVILLE IL AIRPORT
MONTH: JUNE
YEAR: 2020
LATITUDE: 38 45 N
LONGITUDE: 87 36 W
TEMPERATURE IN F: :PCPN: SNOW: WIND :SUNSHINE: SKY :PK WND
================================================================================
1 2 3 4 5 6A 6B 7 8 9 10 11 12 13 14 15 16 17 18
12Z AVG MX 2MIN
DY MAX MIN AVG DEP HDD CDD WTR SNW DPTH SPD SPD DIR MIN PSBL S-S WX SPD DR
================================================================================
1 M M M M M M 0.00 M M 6.6 14 140 M M 0 21 130
2 M M M M M M 0.00 M M 10.9 21 220 M M 0 27 210
3 M M M M M M 0.00 M M 9.1 17 210 M M 0 23 210
4 M M M M M M 0.44 M M 6.8 17 340 M M 2 38 31 340
5 M M M M M M M M M M M M M M M M M
6 M M M M M M 0.00 M M M M M M M M M M
7 M M M M M M 0.00 M M M M M M M M M M
8 M M M M M M 0.00 M M M M M M M M M M
9 M M M M M M M M M M M M M M M M M
10 86 63 75 2 0 10 0.00 M M 20.6 33 260 M M M 45 200
11 85 61 73 -1 0 8 0.00 M M 7.5 20 310 M M 0 28 320
12 91 62 77 3 0 12 0.00 M M 5.9 14 320 M M 1 23 320
13 89 62 76 2 0 11 0.00 M M M M M M M 1 M M
14 M M M M M M M M M M M M M M M M M
15 M M M M M M 0.00 M M M M M M M M M M
16 85 59 72 -3 0 7 0.00 M M 6.4 17 80 M M 0 23 70
17 87 59 73 -2 0 8 0.00 M M 5.3 15 80 M M 1 25 60
18 90 62 76 1 0 11 0.00 M M 3.9 10 310 M M 1 14 330
19 92 66 79 3 0 14 0.00 M M 4.1 13 220 M M 1 20 270
20 95 70 83 7 0 18 T M M 8.1 22 300 M M 2 38 30 280
21 80 69 75 -1 0 10 0.23 M M 3.9 12 290 M M 4 138 15 250
22 89 68 79 3 0 14 0.56 M M 9.2 21 190 M M 2 12 29 180
23 82 67 75 -1 0 10 0.46 M M 10.3 20 310 M M 5 8 25 300
24 83 64 74 -2 0 9 0.00 M M 5.5 15 280 M M 3 20 310
25 89 62 76 -1 0 11 0.00 M M 4.8 14 260 M M 2 19 260
26 91 69 80 3 0 15 0.00 M M 10.8 23 210 M M 2 31 210
27 82 69 76 -1 0 11 1.99 M M 8.8 24 360 M M 6 13 33 350
28 86 71 79 2 0 14 0.23 M M 7.5 16 200 M M 5 1 19 210
29 90 73 82 5 0 17 0.02 M M 5.6 21 210 M M 2 1 29 210
30 78 71 75 -2 0 10 0.01 M M 6.4 16 170 M M 3 1 21 180
================================================================================
SM 1650 1247 0 220 3.94 M 168.0 M 43
================================================================================
AV 86.8 65.6 7.6 FASTST M M 2 MAX(MPH)
MISC ----> # 33 260 # 45 200
================================================================================
NOTES:
# LAST OF SEVERAL OCCURRENCES
COLUMN 17 PEAK WIND IN M.P.H.
PRELIMINARY LOCAL CLIMATOLOGICAL DATA (WS FORM: F-6) , PAGE 2
STATION: LAWRENCEVILLE IL AIRPORT
MONTH: JUNE
YEAR: 2020
LATITUDE: 38 45 N
LONGITUDE: 87 36 W
[TEMPERATURE DATA] [PRECIPITATION DATA] SYMBOLS USED IN COLUMN 16
AVERAGE MONTHLY: 76.2 TOTAL FOR MONTH: 3.94 1 = FOG OR MIST
DPTR FM NORMAL: 1.7 DPTR FM NORMAL: -0.04 2 = FOG REDUCING VISIBILITY
HIGHEST: 95 ON 20 GRTST 24HR 1.99 ON 27-27 TO 1/4 MILE OR LESS
LOWEST: 59 ON 17,16 3 = THUNDER
SNOW, ICE PELLETS, HAIL 4 = ICE PELLETS
TOTAL MONTH: M 5 = HAIL
GRTST 24HR M ON M 6 = FREEZING RAIN OR DRIZZLE
GRTST DEPTH: M ON M 7 = DUSTSTORM OR SANDSTORM:
VSBY 1/2 MILE OR LESS
8 = SMOKE OR HAZE
[NO. OF DAYS WITH] [WEATHER - DAYS WITH] 9 = BLOWING SNOW
X = TORNADO
MAX 32 OR BELOW: 0 0.01 INCH OR MORE: 8
MAX 90 OR ABOVE: 6 0.10 INCH OR MORE: 6
MIN 32 OR BELOW: 0 0.50 INCH OR MORE: 2
MIN 0 OR BELOW: 0 1.00 INCH OR MORE: 1
[HDD (BASE 65) ]
TOTAL THIS MO. 0 CLEAR (SCALE 0-3) 18
DPTR FM NORMAL -7 PTCLDY (SCALE 4-7) 4
TOTAL FM JUL 1 4517 CLOUDY (SCALE 8-10) 0
DPTR FM NORMAL -163
[CDD (BASE 65) ]
TOTAL THIS MO. 220
DPTR FM NORMAL -70 [PRESSURE DATA]
TOTAL FM JAN 1 265 HIGHEST SLP 30.29 ON 16
DPTR FM NORMAL -164 LOWEST SLP 29.71 ON 23
[REMARKS]
#FINAL-06-20#