000
CXUS55 KPUB 011544
CF6LXV
PRELIMINARY LOCAL CLIMATOLOGICAL DATA (WS FORM: F-6)
STATION: LEADVILLE CO
MONTH: FEBRUARY
YEAR: 2023
LATITUDE: 39 15 N
LONGITUDE: 106 18 W
TEMPERATURE IN F: :PCPN: SNOW: WIND :SUNSHINE: SKY :PK WND
================================================================================
1 2 3 4 5 6A 6B 7 8 9 10 11 12 13 14 15 16 17 18
12Z AVG MX 2MIN
DY MAX MIN AVG DEP HDD CDD WTR SNW DPTH SPD SPD DIR MIN PSBL S-S WX SPD DR
================================================================================
1 30 -7 12 -5 53 0 0.00 M M 8.4 15 320 M M 0 21 20
2 33 1 17 0 48 0 0.00 M M 7.8 17 300 M M 1 23 300
3 42 -1 21 4 44 0 0.00 M M 7.1 14 350 M M 0 20 340
4 34 6 20 3 45 0 0.00 M M 7.5 24 300 M M 0 37 310
5 40 5 23 6 42 0 0.00 M M 8.8 24 220 M M 1 34 220
6 27 -2 13 -4 52 0 0.05 M M 9.3 22 10 M M 7 1 30 20
7 33 -7 13 -4 52 0 0.00 M M 6.8 17 330 M M 0 28 330
8 27 2 15 -2 50 0 0.09 M M 9.8 24 10 M M 6 12 35 360
9 17 -7 5 -12 60 0 T M M 8.9 21 10 M M 4 18 30 10
10 40 -10 15 -2 50 0 0.00 M M 5.4 14 310 M M 0 19 310
11 42 0 21 4 44 0 0.00 M M 4.1 14 180 M M 0 23 170
12 37 7 22 4 43 0 0.00 M M 7.0 20 300 M M 2 27 300
13 35 -2 17 -1 48 0 0.02 M M 4.0 21 190 M M 2 12 26 170
14 25 12 19 1 46 0 0.06 M M 6.9 18 360 M M 9 1 30 130
15 15 -7 4 -14 61 0 0.02 M M 11.5 25 190 M M 10 189 32 190
16 17 -10 4 -14 61 0 T M M 8.1 18 10 M M 2 18 27 20
17 38 -7 16 -2 49 0 0.00 M M 3.5 15 300 M M 0 20 300
18 36 -2 17 -1 48 0 0.00 M M 6.4 18 290 M M 0 28 310
19 27 12 20 2 45 0 0.01 M M 10.5 25 270 M M 7 8 37 260
20 30 20 25 6 40 0 0.02 M M 11.9 21 360 M M 8 8 32 20
21 40 17 29 10 36 0 0.00 M M 10.1 22 200 M M 2 35 360
22 26 5 16 -3 49 0 0.18 M M 13.3 29 190 M M 10 128 43 170
23 14 3 9 -10 56 0 0.01 M M 9.2 21 200 M M 10 18 32 190
24 22 7 15 -5 50 0 0.03 M M 5.8 17 170 M M 9 18 24 180
25 38 7 23 3 42 0 0.00 M M 5.6 18 210 M M 3 28 210
26 31 10 21 1 44 0 0.05 M M 6.9 22 310 M M 5 12 32 170
27 29 4 17 -3 48 0 T M M 7.2 20 290 M M 5 28 290
28 21 -8 7 -13 58 0 0.09 M M 5.3 18 310 M M 9 1 26 300
================================================================================
SM 846 48 1364 0 0.63 M 217.1 M 112
================================================================================
AV 30.2 1.7 7.8 FASTST M M 4 MAX(MPH)
MISC ----> 29 190 43 170
================================================================================
NOTES:
COLUMN 17 PEAK WIND IN M.P.H.
PRELIMINARY LOCAL CLIMATOLOGICAL DATA (WS FORM: F-6) , PAGE 2
STATION: LEADVILLE CO
MONTH: FEBRUARY
YEAR: 2023
LATITUDE: 39 15 N
LONGITUDE: 106 18 W
[TEMPERATURE DATA] [PRECIPITATION DATA] SYMBOLS USED IN COLUMN 16
AVERAGE MONTHLY: 16.0 TOTAL FOR MONTH: 0.63 1 = FOG OR MIST
DPTR FM NORMAL: -2.1 DPTR FM NORMAL: -0.28 2 = FOG REDUCING VISIBILITY
HIGHEST: 42 ON 11, 3 GRTST 24HR 0.19 ON 22-23 TO 1/4 MILE OR LESS
LOWEST: -10 ON 16,10 3 = THUNDER
SNOW, ICE PELLETS, HAIL 4 = ICE PELLETS
TOTAL MONTH: M 5 = HAIL
GRTST 24HR M ON M 6 = FREEZING RAIN OR DRIZZLE
GRTST DEPTH: M ON M 7 = DUSTSTORM OR SANDSTORM:
VSBY 1/2 MILE OR LESS
8 = SMOKE OR HAZE
[NO. OF DAYS WITH] [WEATHER - DAYS WITH] 9 = BLOWING SNOW
X = TORNADO
MAX 32 OR BELOW: 15 0.01 INCH OR MORE: 12
MAX 90 OR ABOVE: 0 0.10 INCH OR MORE: 1
MIN 32 OR BELOW: 28 0.50 INCH OR MORE: 0
MIN 0 OR BELOW: 13 1.00 INCH OR MORE: 0
[HDD (BASE 65) ]
TOTAL THIS MO. 1364 CLEAR (SCALE 0-3) 15
DPTR FM NORMAL 52 PTCLDY (SCALE 4-7) 7
TOTAL FM JUL 1 7563 CLOUDY (SCALE 8-10) 6
DPTR FM NORMAL -33
[CDD (BASE 65) ]
TOTAL THIS MO. 0
DPTR FM NORMAL 0 [PRESSURE DATA]
TOTAL FM JAN 1 0 HIGHEST SLP 30.66 ON 10
DPTR FM NORMAL 0 LOWEST SLP 28.83 ON 22
[REMARKS]
#FINAL-02-23#