000
CXUS54 KMAF 011823
CF6MAF
PRELIMINARY LOCAL CLIMATOLOGICAL DATA (WS FORM: F-6)
STATION: MIDLAND INTERNATIONAL AIRPORT
MONTH: MAY
YEAR: 2021
LATITUDE: 31 57 N
LONGITUDE: 102 11 W
TEMPERATURE IN F: :PCPN: SNOW: WIND :SUNSHINE: SKY :PK WND
================================================================================
1 2 3 4 5 6A 6B 7 8 9 10 11 12 13 14 15 16 17 18
12Z AVG MX 2MIN
DY MAX MIN AVG DEP HDD CDD WTR SNW DPTH SPD SPD DIR MIN PSBL S-S WX SPD DR
================================================================================
1 74 53 64 -6 1 0 0.06 0.0 0 4.7 16 10 M M 4 13 17 20
2 94 56 75 4 0 10 0.00 0.0 0 13.3 30 260 M M 1 37 280
3 86 54 70 -1 0 5 0.00 0.0 0 15.9 37 10 M M 1 8 44 10
4 70 52 61 -10 4 0 0.00 0.0 0 12.4 24 10 M M 3 30 20
5 84 52 68 -4 0 3 0.00 0.0 0 12.5 22 150 M M 0 28 160
6 85 57 71 -1 0 6 0.00 0.0 0 14.4 22 110 M M 0 26 120
7 89 60 75 3 0 10 0.00 0.0 0 18.7 32 190 M M 0 42 190
8 97 64 81 8 0 16 0.00 0.0 0 15.3 35 260 M M 0 42 260
9 85 56 71 -2 0 6 0.00 0.0 0 12.7 22 30 M M 0 27 40
10 69 55 62 -11 3 0 0.00 0.0 0 14.5 21 90 M M 6 1 28 50
11 69 53 61 -13 4 0 0.00 0.0 0 14.1 23 70 M M 10 1 29 40
12 71 50 61 -13 4 0 0.00 0.0 0 15.0 26 40 M M 8 31 40
13 77 52 65 -9 0 0 0.00 0.0 0 10.6 22 130 M M 4 26 130
14 86 59 73 -2 0 8 0.00 0.0 0 16.8 29 160 M M 2 36 150
15 87 65 76 1 0 11 T 0.0 0 14.5 37 140 M M 4 38 42 140
16 92 62 77 2 0 12 0.00 0.0 0 11.4 29 160 M M 1 32 160
17 88 63 76 0 0 11 0.00 0.0 0 13.5 26 120 M M 5 32 80
18 85 58 72 -4 0 7 0.00 0.0 0 14.7 35 140 M M 2 3 44 140
19 78 61 70 -6 0 5 0.36 0.0 0 11.9 25 130 M M 5 13 29 130
20 88 57 73 -4 0 8 0.00 0.0 0 12.5 25 140 M M 0 34 130
21 91 63 77 0 0 12 0.00 0.0 0 19.9 31 130 M M 0 43 140
22 85 66 76 -2 0 11 0.00 0.0 0 17.7 29 110 M M 4 34 110
23 86 67 77 -1 0 12 0.00 0.0 0 18.3 26 120 M M 7 34 140
24 87 66 77 -1 0 12 0.01 0.0 0 15.6 29 170 M M 3 38 35 160
25 93 67 80 2 0 15 0.02 0.0 0 12.9 40 210 M M 3 38 49 180
26 93 68 81 2 0 16 T 0.0 0 18.9 33 160 M M 2 8 41 160
27 92 72 82 3 0 17 0.01 0.0 0 12.0 28 170 M M 1 38 35 200
28 87 60 74 -5 0 9 0.18 0.0 0 13.9 45 10 M M 3 138 54 360
29 84 59 72 -8 0 7 0.03 0.0 0 13.0 25 120 M M 1 1 29 120
30 83 65 74 -6 0 9 T 0.0 0 16.0 31 160 M M 4 40 150
31 71 58 65 -15 0 0 1.81 0.0 0 11.1 30 110 M M 8 123 37 110
================================================================================
SM 2606 1850 16 238 2.48 0.0 438.7 M 92
================================================================================
AV 84.1 59.7 14.2 FASTST M M 3 MAX(MPH)
MISC ----> 45 10 54 360
================================================================================
NOTES:
# LAST OF SEVERAL OCCURRENCES
COLUMN 17 PEAK WIND IN M.P.H.
PRELIMINARY LOCAL CLIMATOLOGICAL DATA (WS FORM: F-6) , PAGE 2
STATION: MIDLAND INTERNATIONAL AIRPORT
MONTH: MAY
YEAR: 2021
LATITUDE: 31 57 N
LONGITUDE: 102 11 W
[TEMPERATURE DATA] [PRECIPITATION DATA] SYMBOLS USED IN COLUMN 16
AVERAGE MONTHLY: 71.9 TOTAL FOR MONTH: 2.48 1 = FOG OR MIST
DPTR FM NORMAL: -3.5 DPTR FM NORMAL: 0.91 2 = FOG REDUCING VISIBILITY
HIGHEST: 97 ON 8 GRTST 24HR 1.81 ON 30-31 TO 1/4 MILE OR LESS
LOWEST: 50 ON 12 3 = THUNDER
SNOW, ICE PELLETS, HAIL 4 = ICE PELLETS
TOTAL MONTH: 0.0 INCH 5 = HAIL
GRTST 24HR 0.0 6 = FREEZING RAIN OR DRIZZLE
GRTST DEPTH: 0 7 = DUSTSTORM OR SANDSTORM:
VSBY 1/2 MILE OR LESS
8 = SMOKE OR HAZE
[NO. OF DAYS WITH] [WEATHER - DAYS WITH] 9 = BLOWING SNOW
X = TORNADO
MAX 32 OR BELOW: 0 0.01 INCH OR MORE: 8
MAX 90 OR ABOVE: 7 0.10 INCH OR MORE: 3
MIN 32 OR BELOW: 0 0.50 INCH OR MORE: 1
MIN 0 OR BELOW: 0 1.00 INCH OR MORE: 1
[HDD (BASE 65) ]
TOTAL THIS MO. 16 CLEAR (SCALE 0-3) 18
DPTR FM NORMAL 2 PTCLDY (SCALE 4-7) 12
TOTAL FM JUL 1 2795 CLOUDY (SCALE 8-10) 1
DPTR FM NORMAL 431
[CDD (BASE 65) ]
TOTAL THIS MO. 238
DPTR FM NORMAL -96 [PRESSURE DATA]
TOTAL FM JAN 1 335 HIGHEST SLP 30.30 ON 13
DPTR FM NORMAL -156 LOWEST SLP 29.37 ON 2
[REMARKS]
#FINAL-05-21#