000
CXUS52 KTAE 010800
CF6MAI
PRELIMINARY LOCAL CLIMATOLOGICAL DATA (WS FORM: F-6)
STATION: MARIANNA
MONTH: MARCH
YEAR: 2022
LATITUDE: 30 50 N
LONGITUDE: 85 11 W
TEMPERATURE IN F: :PCPN: SNOW: WIND :SUNSHINE: SKY :PK WND
================================================================================
1 2 3 4 5 6A 6B 7 8 9 10 11 12 13 14 15 16 17 18
12Z AVG MX 2MIN
DY MAX MIN AVG DEP HDD CDD WTR SNW DPTH SPD SPD DIR MIN PSBL S-S WX SPD DR
================================================================================
1 73 39 56 -2 9 0 0.00 0.0 0 2.5 13 350 M M 1 128 23 290
2 78 37 58 -1 7 0 0.00 0.0 M 1.3 9 230 M M 0 18 12 60
3 80 40 60 1 5 0 0.00 0.0 M 1.8 12 230 M M 0 1 14 180
4 84 41 63 4 2 0 0.00 0.0 M 3.6 14 180 M M 0 1 21 180
5 82 48 65 6 0 0 0.00 0.0 M 6.0 17 180 M M 0 23 160
6 84 52 68 8 0 3 0.00 0.0 0 6.2 18 190 M M 3 30 190
7 84 57 71 11 0 6 T M M 9.3 24 210 M M 4 29 220
8 84 67 76 16 0 11 T 0.0 0 8.4 23 190 M M 8 18 28 200
9 71 54 63 3 2 0 0.42 0.0 0 8.5 20 190 M M 9 13 24 180
10 69 55 62 2 3 0 0.09 M M 3.4 14 330 M M 10 1 21 340
11 71 63 67 6 0 2 0.86 M M 5.7 22 200 M M 10 1 27 190
12 69 33 51 -10 14 0 0.28 M M 17.1 37 310 M M 4 1 48 310
13 58 28 43 -18 22 0 0.00 M M 4.4 14 50 M M 0 17 30
14 71 33 52 -9 13 0 0.00 M M 3.5 13 80 M M 2 28 170
15 67 55 61 0 4 0 0.85 0.0 0 7.6 16 120 M M 9 13 25 140
16 77 55 66 4 0 1 0.03 0.0 0 8.1 23 230 M M 6 12 27 230
17 77 50 64 2 1 0 0.00 0.0 0 2.9 13 210 M M 1 12 18 220
18 79 57 68 6 0 3 3.34 0.0 0 9.5 24 180 M M 8 123 31 180
19 72 55 64 2 1 0 0.27 0.0 0 7.8 15 280 M M 6 138 19 290
20 75 45 60 -2 5 0 0.00 0.0 0 5.8 17 20 M M 0 22 10
21 77 44 61 -1 4 0 0.00 0.0 0 5.2 14 80 M M 0 23 80
22 79 58 69 6 0 4 0.00 0.0 0 11.1 20 150 M M 3 30 150
23 73 59 66 3 0 1 0.90 0.0 0 10.7 23 190 M M 9 13 29 190
24 67 52 60 -3 5 0 0.01 0.0 0 5.9 14 320 M M 5 17 280
25 71 47 59 -4 6 0 0.00 0.0 M 8.1 21 320 M M 0 26 290
26 74 47 61 -2 4 0 0.00 M M 9.5 21 290 M M 0 32 300
27 79 45 62 -2 3 0 0.00 0.0 M 5.9 24 280 M M 0 33 280
28 84 51 68 4 0 3 0.00 M M 6.4 18 290 M M 0 1 24 270
29 83 60 72 8 0 7 0.00 0.0 0 5.3 15 210 M M 3 1 23 220
30 83 60 72 8 0 7 0.00 0.0 0 14.2 29 180 M M 1 39 180
31 78 61 70 6 0 5 1.34 0.0 M 9.2 25 170 M M 5 13 34 180
================================================================================
SM 2353 1548 110 53 8.39 0.0 214.9 M 107
================================================================================
AV 75.9 49.9 6.9 FASTST M M 3 MAX(MPH)
MISC ----> 37 310 48 310
================================================================================
NOTES:
# LAST OF SEVERAL OCCURRENCES
COLUMN 17 PEAK WIND IN M.P.H.
PRELIMINARY LOCAL CLIMATOLOGICAL DATA (WS FORM: F-6) , PAGE 2
STATION: MARIANNA
MONTH: MARCH
YEAR: 2022
LATITUDE: 30 50 N
LONGITUDE: 85 11 W
[TEMPERATURE DATA] [PRECIPITATION DATA] SYMBOLS USED IN COLUMN 16
AVERAGE MONTHLY: 62.9 TOTAL FOR MONTH: 8.39 1 = FOG OR MIST
DPTR FM NORMAL: 1.4 DPTR FM NORMAL: 3.38 2 = FOG REDUCING VISIBILITY
HIGHEST: 84 ON 28, 6 GRTST 24HR 3.61 ON 18-19 TO 1/4 MILE OR LESS
LOWEST: 28 ON 13 3 = THUNDER
SNOW, ICE PELLETS, HAIL 4 = ICE PELLETS
TOTAL MONTH: 0.0 INCH 5 = HAIL
GRTST 24HR 0.0 6 = FREEZING RAIN OR DRIZZLE
GRTST DEPTH: 0 7 = DUSTSTORM OR SANDSTORM:
VSBY 1/2 MILE OR LESS
8 = SMOKE OR HAZE
[NO. OF DAYS WITH] [WEATHER - DAYS WITH] 9 = BLOWING SNOW
X = TORNADO
MAX 32 OR BELOW: 0 0.01 INCH OR MORE: 11
MAX 90 OR ABOVE: 0 0.10 INCH OR MORE: 8
MIN 32 OR BELOW: 1 0.50 INCH OR MORE: 5
MIN 0 OR BELOW: 0 1.00 INCH OR MORE: 2
[HDD (BASE 65) ]
TOTAL THIS MO. 110 CLEAR (SCALE 0-3) 18
DPTR FM NORMAL -50 PTCLDY (SCALE 4-7) 8
TOTAL FM JUL 1 1300 CLOUDY (SCALE 8-10) 5
DPTR FM NORMAL -170
[CDD (BASE 65) ]
TOTAL THIS MO. 53
DPTR FM NORMAL 3 [PRESSURE DATA]
TOTAL FM JAN 1 86 HIGHEST SLP M ON M
DPTR FM NORMAL 8 LOWEST SLP 29.58 ON 12
[REMARKS]
#FINAL-03-22#