000
CXUS53 KDTX 011522 RRB
CF6MBS
PRELIMINARY LOCAL CLIMATOLOGICAL DATA (WS FORM: F-6)
STATION: TRI CITIES MI
MONTH: FEBRUARY
YEAR: 2022
LATITUDE: 43 31 N
LONGITUDE: 84 5 W
TEMPERATURE IN F: :PCPN: SNOW: WIND :SUNSHINE: SKY :PK WND
================================================================================
1 2 3 4 5 6A 6B 7 8 9 10 11 12 13 14 15 16 17 18
12Z AVG MX 2MIN
DY MAX MIN AVG DEP HDD CDD WTR SNW DPTH SPD SPD DIR MIN PSBL S-S WX SPD DR
================================================================================
1 47 22 35 13 30 0 0.06 0.0 2 13.4 24 180 M M 4 1 36 180
2 39 20 30 8 35 0 0.27 4.5 2 9.8 18 350 M M 10 128 23 350
3 20 7 14 -8 51 0 0.00 0.0 7 15.0 25 40 M M 6 8 31 40
4 18 4 11 -11 54 0 0.00 0.0 7 7.5 15 350 M M 4 18 350
5 21 0 11 -11 54 0 T T 7 7.6 21 190 M M 3 18 29 190
6 32 15 24 1 41 0 0.00 0.0 7 11.6 18 220 M M 3 26 200
7 30 25 28 5 37 0 T T 3 8.9 15 320 M M 10 18 19 270
8 29 16 23 0 42 0 0.00 0.0 2 9.2 18 170 M M 5 8 26 170
9 38 23 31 8 34 0 T T 2 11.8 23 220 M M 7 18 29 220
10 35 28 32 9 33 0 T T 1 12.7 22 220 M M 10 1 30 190
11 39 27 33 10 32 0 0.13 0.6 1 15.4 25 320 M M 10 1 35 210
12 27 13 20 -4 45 0 T 0.1 1 12.0 22 320 M M 8 8 32 320
13 18 9 14 -10 51 0 T T T 6.0 14 340 M M 7 18 16 350
14 20 5 13 -11 52 0 T T T 5.1 12 230 M M 7 M M
15 28 19 24 0 41 0 0.00 0.0 T 6.7 20 140 M M 7 25 140
16 49 24 37 12 28 0 0.17 0.0 0 15.6 25 200 M M 6 1 41 190
17 44 18 31 6 34 0 0.50 1.0 0 14.2 24 350 M M 10 124 31 350
18 26 11 19 -6 46 0 T 0.2 1 16.8 37 220 M M 6 18 53 220
19 27 11 19 -6 46 0 0.02 0.3 1 19.4 36 280 M M 4 128 53 300
20 47 15 31 5 34 0 0.00 0.0 1 17.3 35 220 M M 1 46 220
21 36 28 32 6 33 0 0.00 0.0 0 16.3 26 50 M M 7 35 40
22 34 30 32 6 33 0 0.73 0.0 0 11.7 23 40 M M 10 16 29 40
23 33 13 23 -4 42 0 0.01 T T 10.6 28 280 M M 9 168 35 270
24 23 12 18 -9 47 0 T T T 11.9 23 60 M M 7 1 30 50
25 24 15 20 -7 45 0 0.15 3.6 4 9.7 22 40 M M 8 12 28 40
26 30 12 21 -7 44 0 T T 3 14.8 25 220 M M 4 18 35 220
27 36 25 31 3 34 0 0.00 0.0 2 13.7 21 300 M M 4 29 300
28 34 18 26 -2 39 0 0.00 0.0 1 8.6 18 150 M M 6 24 160
================================================================================
SM 884 465 1137 0 2.04 10.3 333.3 M 183
================================================================================
AV 31.6 16.6 11.9 FASTST M M 7 MAX(MPH)
MISC ----> 37 220 # 53 220
================================================================================
NOTES:
# LAST OF SEVERAL OCCURRENCES
COLUMN 17 PEAK WIND IN M.P.H.
PRELIMINARY LOCAL CLIMATOLOGICAL DATA (WS FORM: F-6) , PAGE 2
STATION: TRI CITIES MI
MONTH: FEBRUARY
YEAR: 2022
LATITUDE: 43 31 N
LONGITUDE: 84 5 W
[TEMPERATURE DATA] [PRECIPITATION DATA] SYMBOLS USED IN COLUMN 16
AVERAGE MONTHLY: 24.1 TOTAL FOR MONTH: 2.04 1 = FOG OR MIST
DPTR FM NORMAL: -0.4 DPTR FM NORMAL: 0.27 2 = FOG REDUCING VISIBILITY
HIGHEST: 49 ON 16 GRTST 24HR 0.74 ON 22-23 TO 1/4 MILE OR LESS
LOWEST: 0 ON 5 3 = THUNDER
SNOW, ICE PELLETS, HAIL 4 = ICE PELLETS
TOTAL MONTH: 10.3 INCHES 5 = HAIL
GRTST 24HR 4.5 ON 2- 2 6 = FREEZING RAIN OR DRIZZLE
GRTST DEPTH: 7 ON 6, 5 7 = DUSTSTORM OR SANDSTORM:
VSBY 1/2 MILE OR LESS
8 = SMOKE OR HAZE
[NO. OF DAYS WITH] [WEATHER - DAYS WITH] 9 = BLOWING SNOW
X = TORNADO
MAX 32 OR BELOW: 15 0.01 INCH OR MORE: 9
MAX 90 OR ABOVE: 0 0.10 INCH OR MORE: 6
MIN 32 OR BELOW: 28 0.50 INCH OR MORE: 2
MIN 0 OR BELOW: 1 1.00 INCH OR MORE: 0
[HDD (BASE 65) ]
TOTAL THIS MO. 1137 CLEAR (SCALE 0-3) 3
DPTR FM NORMAL 5 PTCLDY (SCALE 4-7) 18
TOTAL FM JUL 1 4661 CLOUDY (SCALE 8-10) 7
DPTR FM NORMAL -285
[CDD (BASE 65) ]
TOTAL THIS MO. 0
DPTR FM NORMAL 0 [PRESSURE DATA]
TOTAL FM JAN 1 0 HIGHEST SLP 30.58 ON 24
DPTR FM NORMAL 0 LOWEST SLP 29.44 ON 11
[REMARKS]
#FINAL-02-22#