000
CXUS55 KEAX 010736
CF6MCI
PRELIMINARY LOCAL CLIMATOLOGICAL DATA (WS FORM: F-6)
STATION: KANSAS CITY INTERNATIONAL MO
MONTH: APRIL
YEAR: 2021
LATITUDE: 39 19 N
LONGITUDE: 94 43 W
TEMPERATURE IN F: :PCPN: SNOW: WIND :SUNSHINE: SKY :PK WND
================================================================================
1 2 3 4 5 6A 6B 7 8 9 10 11 12 13 14 15 16 17 18
12Z AVG MX 2MIN
DY MAX MIN AVG DEP HDD CDD WTR SNW DPTH SPD SPD DIR MIN PSBL S-S WX SPD DR
================================================================================
1 53 26 40 -10 25 0 0.00 0.0 0 7.0 12 140 M M 0 M M
2 70 37 54 4 11 0 0.00 0.0 0 16.6 26 180 M M 0 8 36 180
3 75 48 62 11 3 0 0.00 0.0 0 12.9 24 210 M M 0 8 33 220
4 82 48 65 14 0 0 0.00 0.0 0 14.3 25 200 M M 1 8 36 220
5 80 55 68 17 0 3 0.00 0.0 0 18.1 29 190 M M 3 42 170
6 79 62 71 19 0 6 T 0.0 0 20.3 36 170 M M 6 48 170
7 71 48 60 8 5 0 0.59 0.0 0 14.5 28 170 M M 10 138 38 170
8 53 47 50 -2 15 0 0.34 0.0 0 11.0 18 280 M M 9 1 27 240
9 73 41 57 4 8 0 0.29 0.0 0 10.1 21 360 M M 5 1 27 350
10 60 45 53 0 12 0 1.23 0.0 0 11.5 23 300 M M 8 1 33 320
11 76 40 58 5 7 0 0.00 0.0 0 6.1 21 340 M M 0 33 340
12 62 45 54 0 11 0 0.00 0.0 0 10.3 21 340 M M 5 32 350
13 62 39 51 -3 14 0 0.00 0.0 0 6.9 17 320 M M 3 27 340
14 59 36 48 -6 17 0 0.00 0.0 0 10.0 18 330 M M 2 26 320
15 60 33 47 -8 18 0 0.00 0.0 0 7.0 14 30 M M 4 19 10
16 52 43 48 -7 17 0 0.19 0.0 0 7.9 15 10 M M 9 1 19 20
17 60 42 51 -4 14 0 0.08 0.0 0 7.5 20 20 M M 10 18 24 20
18 62 41 52 -4 13 0 T 0.0 0 7.4 15 330 M M 7 22 330
19 54 33 44 -12 21 0 0.00 0.0 0 11.5 23 10 M M 5 29 20
20 46 33 40 -16 25 0 0.36 3.5 3 7.4 15 360 M M 7 12 21 20
21 49 32 41 -16 24 0 0.00 0.0 0 9.5 22 320 M M 5 32 330
22 60 30 45 -12 20 0 T 0.0 0 9.3 17 210 M M 5 24 200
23 58 45 52 -5 13 0 0.15 0.0 0 9.2 15 150 M M 10 18 20 160
24 68 43 56 -2 9 0 0.00 0.0 0 8.8 21 350 M M 4 18 29 360
25 76 49 63 5 2 0 0.00 0.0 0 13.9 28 180 M M 3 37 160
26 86 62 74 16 0 9 0.00 0.0 0 23.8 36 210 M M 4 8 50 200
27 80 67 74 15 0 9 T 0.0 0 16.8 29 200 M M 6 8 39 200
28 80 60 70 11 0 5 1.63 0.0 0 7.1 16 360 M M 10 138 20 10
29 78 55 67 8 0 2 0.00 0.0 0 8.9 18 340 M M 3 1 28 320
30 80 45 63 3 2 0 0.00 0.0 0 8.3 15 220 M M 1 8 21 220
================================================================================
SM 2004 1330 306 34 4.86 3.5 333.9 M 145
================================================================================
AV 66.8 44.3 11.1 FASTST M M 5 MAX(MPH)
MISC ----> # 36 170 50 200
================================================================================
NOTES:
# LAST OF SEVERAL OCCURRENCES
COLUMN 17 PEAK WIND IN M.P.H.
PRELIMINARY LOCAL CLIMATOLOGICAL DATA (WS FORM: F-6) , PAGE 2
STATION: KANSAS CITY INTERNATIONAL MO
MONTH: APRIL
YEAR: 2021
LATITUDE: 39 19 N
LONGITUDE: 94 43 W
[TEMPERATURE DATA] [PRECIPITATION DATA] SYMBOLS USED IN COLUMN 16
AVERAGE MONTHLY: 55.6 TOTAL FOR MONTH: 4.86 1 = FOG OR MIST
DPTR FM NORMAL: 0.8 DPTR FM NORMAL: 1.16 2 = FOG REDUCING VISIBILITY
HIGHEST: 86 ON 26 GRTST 24HR 1.63 ON 28-28 TO 1/4 MILE OR LESS
LOWEST: 26 ON 1 3 = THUNDER
SNOW, ICE PELLETS, HAIL 4 = ICE PELLETS
TOTAL MONTH: 3.5 INCHES 5 = HAIL
GRTST 24HR 3.5 ON 20-20 6 = FREEZING RAIN OR DRIZZLE
GRTST DEPTH: 3 ON 20 7 = DUSTSTORM OR SANDSTORM:
VSBY 1/2 MILE OR LESS
8 = SMOKE OR HAZE
[NO. OF DAYS WITH] [WEATHER - DAYS WITH] 9 = BLOWING SNOW
X = TORNADO
MAX 32 OR BELOW: 0 0.01 INCH OR MORE: 9
MAX 90 OR ABOVE: 0 0.10 INCH OR MORE: 8
MIN 32 OR BELOW: 3 0.50 INCH OR MORE: 3
MIN 0 OR BELOW: 0 1.00 INCH OR MORE: 2
[HDD (BASE 65) ]
TOTAL THIS MO. 306 CLEAR (SCALE 0-3) 9
DPTR FM NORMAL -23 PTCLDY (SCALE 4-7) 15
TOTAL FM JUL 1 4673 CLOUDY (SCALE 8-10) 6
DPTR FM NORMAL -347
[CDD (BASE 65) ]
TOTAL THIS MO. 34
DPTR FM NORMAL 9 [PRESSURE DATA]
TOTAL FM JAN 1 34 HIGHEST SLP M ON M
DPTR FM NORMAL 6 LOWEST SLP 29.44 ON 8
[REMARKS]
#FINAL-04-21#