000
CXUS52 KFFC 011010
CF6MCN
PRELIMINARY LOCAL CLIMATOLOGICAL DATA (WS FORM: F-6)
STATION: MACON
MONTH: APRIL
YEAR: 2023
LATITUDE: 32 42 N
LONGITUDE: 83 39 W
TEMPERATURE IN F: :PCPN: SNOW: WIND :SUNSHINE: SKY :PK WND
================================================================================
1 2 3 4 5 6A 6B 7 8 9 10 11 12 13 14 15 16 17 18
12Z AVG MX 2MIN
DY MAX MIN AVG DEP HDD CDD WTR SNW DPTH SPD SPD DIR MIN PSBL S-S WX SPD DR
================================================================================
1 83 62 73 12 0 8 T 0.0 M 11.2 23 270 M M 3 31 260
2 79 46 63 2 2 0 0.00 0.0 M 5.9 13 300 M M 0 20 330
3 63 50 57 -5 8 0 0.19 M M 3.5 16 180 M M 5 13 22 190
4 83 61 72 10 0 7 0.00 0.0 M 3.3 9 160 M M 7 12 13 200
5 89 63 76 14 0 11 0.00 0.0 M 6.5 17 170 M M 2 18 26 220
6 88 64 76 14 0 11 0.00 0.0 M 4.6 12 130 M M 5 15 170
7 87 52 70 8 0 5 0.66 0.0 M 8.3 29 50 M M 5 1 38 50
8 52 46 49 -14 16 0 0.53 M M 12.6 20 50 M M 10 1 26 60
9 67 46 57 -6 8 0 T M M 13.1 22 80 M M 7 1 30 40
10 69 46 58 -5 7 0 0.00 0.0 M 9.9 20 50 M M 3 27 70
11 76 40 58 -5 7 0 0.00 0.0 M 3.4 14 40 M M 0 1 19 50
12 79 41 60 -4 5 0 0.00 0.0 M 3.8 15 110 M M 0 24 120
13 71 56 64 0 1 0 0.51 0.0 M 7.4 17 90 M M 7 13 23 100
14 77 57 67 3 0 2 0.00 0.0 M 4.7 15 210 M M 7 12 23 260
15 84 52 68 4 0 3 0.00 0.0 M 4.4 13 250 M M 1 1 19 220
16 76 60 68 4 0 3 0.16 0.0 M 7.4 15 260 M M 6 1 22 300
17 75 46 61 -4 4 0 0.00 0.0 M 8.4 22 260 M M 0 29 280
18 83 39 61 -4 4 0 0.00 0.0 M 2.7 14 10 M M 0 20 30
19 86 46 66 1 0 1 0.00 0.0 M 1.4 10 150 M M 0 1 15 120
20 85 49 67 1 0 2 0.00 0.0 M 5.5 17 150 M M 0 26 140
21 82 51 67 1 0 2 0.00 0.0 M 5.5 17 150 M M 1 24 140
22 76 50 63 -3 2 0 0.00 0.0 M 8.0 20 350 M M 3 33 330
23 78 43 61 -5 4 0 0.00 0.0 M 4.0 15 350 M M 2 21 350
24 72 51 62 -5 3 0 0.00 0.0 M 5.0 12 360 M M 4 16 40
25 79 49 64 -3 1 0 0.00 0.0 M 4.7 16 120 M M 5 21 110
26 80 58 69 2 0 4 0.00 0.0 M 6.2 18 40 M M 7 23 40
27 72 58 65 -2 0 0 0.29 0.0 M 5.1 16 130 M M 8 138 20 130
28 83 58 71 3 0 6 0.00 0.0 M 5.8 17 270 M M 6 25 260
29 81 52 67 -1 0 2 0.30 0.0 M 2.5 16 220 M M 4 1 25 230
30 78 55 67 -1 0 2 0.32 0.0 M 12.3 26 280 M M 6 13 39 280
================================================================================
SM 2333 1547 72 69 2.96 0.0 187.1 M 114
================================================================================
AV 77.8 51.6 6.2 FASTST M M 4 MAX(MPH)
MISC ----> 29 50 39 280
================================================================================
NOTES:
# LAST OF SEVERAL OCCURRENCES
COLUMN 17 PEAK WIND IN M.P.H.
PRELIMINARY LOCAL CLIMATOLOGICAL DATA (WS FORM: F-6) , PAGE 2
STATION: MACON
MONTH: APRIL
YEAR: 2023
LATITUDE: 32 42 N
LONGITUDE: 83 39 W
[TEMPERATURE DATA] [PRECIPITATION DATA] SYMBOLS USED IN COLUMN 16
AVERAGE MONTHLY: 64.7 TOTAL FOR MONTH: 2.96 1 = FOG OR MIST
DPTR FM NORMAL: 0.2 DPTR FM NORMAL: -0.66 2 = FOG REDUCING VISIBILITY
HIGHEST: 89 ON 5 GRTST 24HR 1.19 ON 7- 8 TO 1/4 MILE OR LESS
LOWEST: 39 ON 18 3 = THUNDER
SNOW, ICE PELLETS, HAIL 4 = ICE PELLETS
TOTAL MONTH: 0.0 INCH 5 = HAIL
GRTST 24HR 0.0 6 = FREEZING RAIN OR DRIZZLE
GRTST DEPTH: M ON M 7 = DUSTSTORM OR SANDSTORM:
VSBY 1/2 MILE OR LESS
8 = SMOKE OR HAZE
[NO. OF DAYS WITH] [WEATHER - DAYS WITH] 9 = BLOWING SNOW
X = TORNADO
MAX 32 OR BELOW: 0 0.01 INCH OR MORE: 8
MAX 90 OR ABOVE: 0 0.10 INCH OR MORE: 8
MIN 32 OR BELOW: 0 0.50 INCH OR MORE: 3
MIN 0 OR BELOW: 0 1.00 INCH OR MORE: 0
[HDD (BASE 65) ]
TOTAL THIS MO. 72 CLEAR (SCALE 0-3) 13
DPTR FM NORMAL -21 PTCLDY (SCALE 4-7) 15
TOTAL FM JUL 1 1653 CLOUDY (SCALE 8-10) 2
DPTR FM NORMAL -480
[CDD (BASE 65) ]
TOTAL THIS MO. 69
DPTR FM NORMAL -8 [PRESSURE DATA]
TOTAL FM JAN 1 167 HIGHEST SLP 30.39 ON 10
DPTR FM NORMAL 59 LOWEST SLP 29.40 ON 30
[REMARKS]
#FINAL-04-23#