000
CXUS52 KFFC 011010
CF6MCN
PRELIMINARY LOCAL CLIMATOLOGICAL DATA (WS FORM: F-6)
STATION: MACON
MONTH: SEPTEMBER
YEAR: 2022
LATITUDE: 32 42 N
LONGITUDE: 83 39 W
TEMPERATURE IN F: :PCPN: SNOW: WIND :SUNSHINE: SKY :PK WND
================================================================================
1 2 3 4 5 6A 6B 7 8 9 10 11 12 13 14 15 16 17 18
12Z AVG MX 2MIN
DY MAX MIN AVG DEP HDD CDD WTR SNW DPTH SPD SPD DIR MIN PSBL S-S WX SPD DR
================================================================================
1 92 70 81 1 0 16 0.03 0.0 M 4.7 28 130 M M 2 3 36 130
2 87 69 78 -1 0 13 0.12 0.0 M 3.8 18 140 M M 6 18 23 120
3 90 71 81 2 0 16 0.00 0.0 M 3.8 20 130 M M 3 1 28 130
4 86 72 79 0 0 14 1.54 0.0 M 6.0 14 110 M M 7 1238 20 210
5 91 74 83 4 0 18 0.00 0.0 M 6.1 13 250 M M 6 25 250
6 90 71 81 2 0 16 0.28 0.0 M 2.4 23 300 M M 2 138 31 300
7 90 71 81 3 0 16 0.00 0.0 M 4.3 13 280 M M 0 1 18 290
8 86 69 78 0 0 13 0.00 0.0 M 6.5 15 60 M M 2 18 60
9 77 71 74 -4 0 9 0.00 0.0 M 9.5 20 80 M M 8 1 27 70
10 82 70 76 -2 0 11 0.07 0.0 M 3.0 10 80 M M 8 12 16 90
11 87 73 80 2 0 15 0.00 0.0 M 1.9 10 220 M M 6 12 15 230
12 87 70 79 2 0 14 0.03 0.0 M 3.2 12 190 M M 4 1 16 300
13 84 60 72 -5 0 7 0.00 0.0 M 5.3 12 340 M M 1 16 350
14 86 57 72 -5 0 7 0.00 0.0 M 3.6 10 40 M M 0 1 17 70
15 85 59 72 -5 0 7 0.00 0.0 M 5.4 18 30 M M 1 1 24 30
16 84 58 71 -5 0 6 0.00 0.0 M 3.9 14 80 M M 2 1 18 60
17 86 60 73 -3 0 8 0.00 0.0 M 4.3 14 70 M M 1 1 19 110
18 87 59 73 -3 0 8 0.00 0.0 M 5.3 16 40 M M 2 23 40
19 89 63 76 0 0 11 0.00 0.0 M 5.1 16 30 M M 1 1 22 40
20 93 61 77 2 0 12 0.00 0.0 M 2.2 9 350 M M 0 1 15 340
21 94 65 80 5 0 15 0.00 0.0 M 2.7 10 70 M M 0 12 14 110
22 98 63 81 6 0 16 T 0.0 0 6.3 18 10 M M 0 1 27 20
23 80 53 67 -7 0 2 0.00 0.0 M 6.4 18 70 M M 0 26 80
24 83 48 66 -8 0 1 0.00 0.0 M 1.8 10 90 M M 0 15 80
25 90 56 73 -1 0 8 0.00 0.0 M 2.5 12 300 M M 0 17 300
26 89 56 73 0 0 8 0.00 0.0 M 5.3 17 290 M M 0 1 25 290
27 83 50 67 -6 0 2 0.00 0.0 M 6.9 18 20 M M 0 24 10
28 74 53 64 -9 1 0 0.00 0.0 M 10.8 21 60 M M 0 29 60
29 70 52 61 -11 4 0 0.00 0.0 M 13.8 28 50 M M 6 40 40
30 77 60 69 -3 0 4 0.00 0.0 M 10.8 22 20 M M 8 33 30
================================================================================
SM 2577 1884 5 293 2.07 0.0 157.6 M 76
================================================================================
AV 85.9 62.8 5.3 FASTST M M 3 MAX(MPH)
MISC ----> # 28 130 40 40
================================================================================
NOTES:
# LAST OF SEVERAL OCCURRENCES
COLUMN 17 PEAK WIND IN M.P.H.
PRELIMINARY LOCAL CLIMATOLOGICAL DATA (WS FORM: F-6) , PAGE 2
STATION: MACON
MONTH: SEPTEMBER
YEAR: 2022
LATITUDE: 32 42 N
LONGITUDE: 83 39 W
[TEMPERATURE DATA] [PRECIPITATION DATA] SYMBOLS USED IN COLUMN 16
AVERAGE MONTHLY: 74.4 TOTAL FOR MONTH: 2.07 1 = FOG OR MIST
DPTR FM NORMAL: -1.8 DPTR FM NORMAL: -1.59 2 = FOG REDUCING VISIBILITY
HIGHEST: 98 ON 22 GRTST 24HR 1.54 ON 4- 4 TO 1/4 MILE OR LESS
LOWEST: 48 ON 24 3 = THUNDER
SNOW, ICE PELLETS, HAIL 4 = ICE PELLETS
TOTAL MONTH: 0.0 INCH 5 = HAIL
GRTST 24HR 0.0 6 = FREEZING RAIN OR DRIZZLE
GRTST DEPTH: 0 7 = DUSTSTORM OR SANDSTORM:
VSBY 1/2 MILE OR LESS
8 = SMOKE OR HAZE
[NO. OF DAYS WITH] [WEATHER - DAYS WITH] 9 = BLOWING SNOW
X = TORNADO
MAX 32 OR BELOW: 0 0.01 INCH OR MORE: 6
MAX 90 OR ABOVE: 9 0.10 INCH OR MORE: 3
MIN 32 OR BELOW: 0 0.50 INCH OR MORE: 1
MIN 0 OR BELOW: 0 1.00 INCH OR MORE: 1
[HDD (BASE 65) ]
TOTAL THIS MO. 5 CLEAR (SCALE 0-3) 20
DPTR FM NORMAL 2 PTCLDY (SCALE 4-7) 9
TOTAL FM JUL 1 5 CLOUDY (SCALE 8-10) 1
DPTR FM NORMAL 5
[CDD (BASE 65) ]
TOTAL THIS MO. 293
DPTR FM NORMAL -45 [PRESSURE DATA]
TOTAL FM JAN 1 2253 HIGHEST SLP 30.20 ON 16
DPTR FM NORMAL 63 LOWEST SLP 29.74 ON 8
[REMARKS]
#FINAL-09-22#