000
CXUS52 KFFC 011010
CF6MCN
PRELIMINARY LOCAL CLIMATOLOGICAL DATA (WS FORM: F-6)
STATION: MACON
MONTH: AUGUST
YEAR: 2022
LATITUDE: 32 42 N
LONGITUDE: 83 39 W
TEMPERATURE IN F: :PCPN: SNOW: WIND :SUNSHINE: SKY :PK WND
================================================================================
1 2 3 4 5 6A 6B 7 8 9 10 11 12 13 14 15 16 17 18
12Z AVG MX 2MIN
DY MAX MIN AVG DEP HDD CDD WTR SNW DPTH SPD SPD DIR MIN PSBL S-S WX SPD DR
================================================================================
1 94 73 84 1 0 19 0.00 0.0 M 5.7 21 360 M M 1 3 27 350
2 94 73 84 1 0 19 0.00 0.0 M 6.0 25 230 M M 0 39 230
3 96 71 84 1 0 19 T 0.0 M 3.3 24 40 M M 2 3 32 30
4 91 69 80 -2 0 15 0.15 0.0 M 3.3 12 260 M M 3 138 18 250
5 94 73 84 2 0 19 0.00 0.0 M 4.1 13 90 M M 2 17 140
6 94 73 84 2 0 19 0.00 0.0 M 5.5 26 150 M M 3 138 38 150
7 92 73 83 1 0 18 0.98 0.0 M 4.0 16 360 M M 6 13 21 360
8 93 73 83 1 0 18 0.00 0.0 M 2.9 12 210 M M 4 1238 15 210
9 93 70 82 0 0 17 0.04 0.0 M 4.5 20 160 M M 2 13 28 160
10 93 72 83 1 0 18 0.41 0.0 M 4.2 30 240 M M 2 38 43 250
11 87 72 80 -2 0 15 0.29 0.0 M 3.1 21 210 M M 3 138 30 210
12 90 72 81 -1 0 16 0.13 0.0 M 5.9 18 340 M M 6 13 24 330
13 87 70 79 -3 0 14 0.00 0.0 M 5.7 14 60 M M 4 12 19 130
14 91 67 79 -3 0 14 0.00 0.0 M 1.4 8 110 M M 1 1 12 100
15 93 68 81 -1 0 16 T 0.0 M 5.2 15 270 M M 1 138 23 240
16 88 70 79 -3 0 14 0.00 0.0 M 4.0 16 10 M M 1 1 21 10
17 86 71 79 -3 0 14 0.50 0.0 M 3.5 20 20 M M 6 18 23 30
18 86 70 78 -3 0 13 0.00 0.0 M 2.9 9 50 M M 7 1 13 60
19 85 71 78 -3 0 13 0.09 0.0 M 3.5 14 260 M M 5 13 18 270
20 92 69 81 0 0 16 2.32 0.0 M 3.8 25 240 M M 5 123 37 230
21 89 72 81 0 0 16 0.15 0.0 M 4.4 17 230 M M 5 13 26 200
22 86 74 80 -1 0 15 0.04 0.0 M 3.1 15 20 M M 6 1 19 20
23 84 73 79 -2 0 14 0.00 0.0 M 4.9 10 300 M M 4 15 290
24 88 73 81 0 0 16 0.01 0.0 M 2.0 9 290 M M 6 13 13 140
25 83 73 78 -2 0 13 1.24 0.0 M 3.1 10 160 M M 8 1 14 280
26 88 73 81 1 0 16 0.00 0.0 M 2.6 17 140 M M 4 13 25 150
27 91 73 82 2 0 17 0.00 0.0 M 3.3 17 150 M M 3 1 25 140
28 91 70 81 1 0 16 0.00 0.0 M 3.9 13 100 M M 1 1 18 80
29 91 71 81 1 0 16 T 0.0 M 5.8 14 70 M M 4 1 19 70
30 92 74 83 3 0 18 0.00 0.0 M 2.8 13 360 M M 6 1 18 340
31 93 72 83 3 0 18 0.00 0.0 M 2.5 10 320 M M 1 16 320
================================================================================
SM 2795 2218 0 501 6.35 0.0 120.9 M 112
================================================================================
AV 90.2 71.5 3.9 FASTST M M 4 MAX(MPH)
MISC ----> 30 240 43 250
================================================================================
NOTES:
# LAST OF SEVERAL OCCURRENCES
COLUMN 17 PEAK WIND IN M.P.H.
PRELIMINARY LOCAL CLIMATOLOGICAL DATA (WS FORM: F-6) , PAGE 2
STATION: MACON
MONTH: AUGUST
YEAR: 2022
LATITUDE: 32 42 N
LONGITUDE: 83 39 W
[TEMPERATURE DATA] [PRECIPITATION DATA] SYMBOLS USED IN COLUMN 16
AVERAGE MONTHLY: 80.9 TOTAL FOR MONTH: 6.35 1 = FOG OR MIST
DPTR FM NORMAL: -0.5 DPTR FM NORMAL: 1.97 2 = FOG REDUCING VISIBILITY
HIGHEST: 96 ON 3 GRTST 24HR 2.41 ON 20-21 TO 1/4 MILE OR LESS
LOWEST: 67 ON 14 3 = THUNDER
SNOW, ICE PELLETS, HAIL 4 = ICE PELLETS
TOTAL MONTH: 0.0 INCH 5 = HAIL
GRTST 24HR 0.0 6 = FREEZING RAIN OR DRIZZLE
GRTST DEPTH: M ON M 7 = DUSTSTORM OR SANDSTORM:
VSBY 1/2 MILE OR LESS
8 = SMOKE OR HAZE
[NO. OF DAYS WITH] [WEATHER - DAYS WITH] 9 = BLOWING SNOW
X = TORNADO
MAX 32 OR BELOW: 0 0.01 INCH OR MORE: 13
MAX 90 OR ABOVE: 19 0.10 INCH OR MORE: 9
MIN 32 OR BELOW: 0 0.50 INCH OR MORE: 4
MIN 0 OR BELOW: 0 1.00 INCH OR MORE: 2
[HDD (BASE 65) ]
TOTAL THIS MO. 0 CLEAR (SCALE 0-3) 14
DPTR FM NORMAL 0 PTCLDY (SCALE 4-7) 16
TOTAL FM JUL 1 0 CLOUDY (SCALE 8-10) 1
DPTR FM NORMAL 0
[CDD (BASE 65) ]
TOTAL THIS MO. 501
DPTR FM NORMAL -9 [PRESSURE DATA]
TOTAL FM JAN 1 1960 HIGHEST SLP 30.24 ON 7
DPTR FM NORMAL 108 LOWEST SLP 29.82 ON 16
[REMARKS]
#FINAL-08-22#