000
CXUS52 KFFC 011110
CF6MCN
PRELIMINARY LOCAL CLIMATOLOGICAL DATA (WS FORM: F-6)
STATION: MACON
MONTH: JANUARY
YEAR: 2022
LATITUDE: 32 42 N
LONGITUDE: 83 39 W
TEMPERATURE IN F: :PCPN: SNOW: WIND :SUNSHINE: SKY :PK WND
================================================================================
1 2 3 4 5 6A 6B 7 8 9 10 11 12 13 14 15 16 17 18
12Z AVG MX 2MIN
DY MAX MIN AVG DEP HDD CDD WTR SNW DPTH SPD SPD DIR MIN PSBL S-S WX SPD DR
================================================================================
1 82 71 77 29 0 12 0.00 0.0 M 10.9 24 210 M M 7 37 200
2 74 62 68 20 0 3 0.75 0.0 M 8.9 25 330 M M 8 13 35 330
3 66 33 50 2 15 0 0.03 M M 13.6 35 270 M M 5 1 51 270
4 57 30 44 -4 21 0 0.00 0.0 M 4.9 13 70 M M 3 18 130
5 63 41 52 5 13 0 0.00 0.0 M 5.2 16 280 M M 5 1 21 280
6 67 36 52 5 13 0 0.02 0.0 M 7.8 21 310 M M 2 18 32 260
7 53 32 43 -4 22 0 0.00 0.0 M 6.5 21 340 M M 1 30 340
8 58 28 43 -4 22 0 0.00 0.0 M 6.5 13 120 M M 2 20 80
9 73 46 60 13 5 0 1.12 0.0 M 6.1 28 320 M M 9 138 38 330
10 61 42 52 5 13 0 0.00 0.0 M 9.2 18 350 M M 6 1 26 350
11 53 28 41 -6 24 0 0.00 0.0 M 4.2 15 60 M M 0 20 50
12 60 27 44 -3 21 0 0.00 0.0 M 1.7 7 50 M M 0 11 80
13 64 34 49 2 16 0 0.00 0.0 M 5.8 17 250 M M 3 23 260
14 62 37 50 3 15 0 0.00 0.0 M 4.6 12 340 M M 0 17 320
15 60 37 49 2 16 0 0.06 0.0 M 5.9 17 80 M M 3 24 70
16 48 37 43 -4 22 0 1.07 0.0 M 14.9 29 90 M M 10 1 40 100
17 45 36 41 -6 24 0 0.00 0.0 M 13.4 23 270 M M 9 33 280
18 59 29 44 -3 21 0 0.00 0.0 M 3.4 12 340 M M 0 16 320
19 63 29 46 -1 19 0 0.00 0.0 M 3.1 13 180 M M 0 1 18 200
20 58 41 50 2 15 0 0.06 M M 6.1 15 340 M M 8 18 20 360
21 43 35 39 -9 26 0 0.14 M M 9.3 15 50 M M 10 1 20 40
22 47 28 38 -10 27 0 0.00 0.0 M 5.8 13 40 M M 7 1 16 40
23 56 22 39 -9 26 0 0.00 0.0 M 5.3 14 280 M M 0 1 21 280
24 59 27 43 -5 22 0 0.00 0.0 M 4.2 13 250 M M 0 19 230
25 63 41 52 4 13 0 0.00 0.0 M 3.4 10 350 M M 7 13 340
26 62 34 48 0 17 0 0.00 0.0 M 6.1 14 40 M M 0 1 20 50
27 56 30 43 -5 22 0 0.00 0.0 M 6.1 14 70 M M 0 19 80
28 54 32 43 -5 22 0 0.00 0.0 M 6.3 25 310 M M 3 42 310
29 45 26 36 -12 29 0 T M M 11.7 24 300 M M 1 37 300
30 63 21 42 -6 23 0 0.00 0.0 M 7.7 25 240 M M 0 35 240
31 67 35 51 2 14 0 0.00 0.0 M 5.4 14 300 M M 0 21 320
================================================================================
SM 1841 1087 558 15 3.25 0.0 214.0 M 109
================================================================================
AV 59.4 35.1 6.9 FASTST M M 4 MAX(MPH)
MISC ----> 35 270 51 270
================================================================================
NOTES:
# LAST OF SEVERAL OCCURRENCES
COLUMN 17 PEAK WIND IN M.P.H.
PRELIMINARY LOCAL CLIMATOLOGICAL DATA (WS FORM: F-6) , PAGE 2
STATION: MACON
MONTH: JANUARY
YEAR: 2022
LATITUDE: 32 42 N
LONGITUDE: 83 39 W
[TEMPERATURE DATA] [PRECIPITATION DATA] SYMBOLS USED IN COLUMN 16
AVERAGE MONTHLY: 47.2 TOTAL FOR MONTH: 3.25 1 = FOG OR MIST
DPTR FM NORMAL: -0.4 DPTR FM NORMAL: -1.07 2 = FOG REDUCING VISIBILITY
HIGHEST: 82 ON 1 GRTST 24HR 1.32 ON 2- 2 TO 1/4 MILE OR LESS
LOWEST: 21 ON 30 3 = THUNDER
SNOW, ICE PELLETS, HAIL 4 = ICE PELLETS
TOTAL MONTH: 0.0 INCH 5 = HAIL
GRTST 24HR 0.0 6 = FREEZING RAIN OR DRIZZLE
GRTST DEPTH: M ON M 7 = DUSTSTORM OR SANDSTORM:
VSBY 1/2 MILE OR LESS
8 = SMOKE OR HAZE
[NO. OF DAYS WITH] [WEATHER - DAYS WITH] 9 = BLOWING SNOW
X = TORNADO
MAX 32 OR BELOW: 0 0.01 INCH OR MORE: 8
MAX 90 OR ABOVE: 0 0.10 INCH OR MORE: 4
MIN 32 OR BELOW: 14 0.50 INCH OR MORE: 3
MIN 0 OR BELOW: 0 1.00 INCH OR MORE: 2
[HDD (BASE 65) ]
TOTAL THIS MO. 558 CLEAR (SCALE 0-3) 18
DPTR FM NORMAL 16 PTCLDY (SCALE 4-7) 8
TOTAL FM JUL 1 1218 CLOUDY (SCALE 8-10) 5
DPTR FM NORMAL -189
[CDD (BASE 65) ]
TOTAL THIS MO. 15
DPTR FM NORMAL 13 [PRESSURE DATA]
TOTAL FM JAN 1 15 HIGHEST SLP 30.53 ON 8
DPTR FM NORMAL 13 LOWEST SLP 29.51 ON 16
[REMARKS]
#FINAL-01-22#