000
CXUS52 KFFC 011010
CF6MCN
PRELIMINARY LOCAL CLIMATOLOGICAL DATA (WS FORM: F-6)
STATION: MACON
MONTH: JULY
YEAR: 2021
LATITUDE: 32 42 N
LONGITUDE: 83 39 W
TEMPERATURE IN F: :PCPN: SNOW: WIND :SUNSHINE: SKY :PK WND
================================================================================
1 2 3 4 5 6A 6B 7 8 9 10 11 12 13 14 15 16 17 18
12Z AVG MX 2MIN
DY MAX MIN AVG DEP HDD CDD WTR SNW DPTH SPD SPD DIR MIN PSBL S-S WX SPD DR
================================================================================
1 89 69 79 -3 0 14 0.39 0.0 M 4.1 20 310 M M 7 123 24 330
2 83 72 78 -4 0 13 0.04 0.0 M 4.5 10 280 M M 6 1 14 280
3 89 68 79 -3 0 14 0.00 0.0 M 4.4 13 20 M M 5 1 17 20
4 91 64 78 -4 0 13 0.00 0.0 M 2.7 10 100 M M 1 1 14 90
5 92 62 77 -5 0 12 0.00 0.0 M 4.4 13 130 M M 3 18 18 120
6 91 70 81 -1 0 16 1.62 0.0 M 5.0 26 170 M M 3 123 41 190
7 84 69 77 -5 0 12 0.29 0.0 M 6.9 22 150 M M 5 12 33 150
8 90 71 81 -1 0 16 0.52 0.0 M 7.5 16 280 M M 5 13 23 270
9 93 71 82 0 0 17 0.53 0.0 M 7.3 28 10 M M 3 138 34 20
10 93 70 82 0 0 17 0.00 0.0 M 7.1 15 270 M M 2 22 270
11 88 70 79 -3 0 14 0.22 0.0 M 5.7 17 260 M M 4 13 24 260
12 92 71 82 0 0 17 0.28 0.0 M 3.5 22 140 M M 5 138 33 150
13 91 70 81 -1 0 16 0.00 0.0 M 3.2 9 140 M M 4 12 14 110
14 91 69 80 -3 0 15 T 0.0 M 1.9 15 140 M M 1 13 20 130
15 94 72 83 0 0 18 0.63 0.0 M 2.8 23 10 M M 5 123 35 360
16 92 69 81 -2 0 16 0.00 0.0 M 2.4 9 210 M M 1 1 14 180
17 93 72 83 0 0 18 0.00 0.0 M 3.3 12 240 M M 1 16 210
18 91 71 81 -2 0 16 0.00 0.0 M 3.4 12 180 M M 3 18 270
19 87 73 80 -3 0 15 0.80 0.0 M 4.0 10 310 M M 5 138 17 330
20 90 73 82 -1 0 17 0.39 0.0 M 5.1 29 250 M M 6 13 41 230
21 91 73 82 -1 0 17 0.23 0.0 M 3.0 10 230 M M 5 1 M M
22 93 73 83 0 0 18 0.03 0.0 M 3.6 16 10 M M 6 20 360
23 93 73 83 0 0 18 0.05 0.0 M 3.4 21 70 M M 2 138 28 80
24 93 71 82 -1 0 17 0.00 0.0 M 3.3 12 110 M M 3 12 15 110
25 93 70 82 -1 0 17 0.00 0.0 M 2.1 8 130 M M 1 1 13 200
26 97 73 85 2 0 20 0.00 0.0 M 2.5 16 30 M M 3 1 23 30
27 96 73 85 2 0 20 0.46 0.0 0 3.8 21 20 M M 2 3 35 20
28 95 73 84 1 0 19 0.96 0.0 M 4.3 17 290 M M 4 13 22 290
29 98 73 86 3 0 21 0.00 0.0 M 1.6 9 320 M M 1 1 12 330
30 94 74 84 1 0 19 0.00 0.0 M 5.5 14 260 M M 0 1 19 260
31 96 76 86 3 0 21 0.00 0.0 M 5.7 14 220 M M 1 13 20 240
================================================================================
SM 2843 2198 0 513 7.44 0.0 128.0 M 103
================================================================================
AV 91.7 70.9 4.1 FASTST M M 3 MAX(MPH)
MISC ----> 29 250 # 41 190
================================================================================
NOTES:
# LAST OF SEVERAL OCCURRENCES
COLUMN 17 PEAK WIND IN M.P.H.
PRELIMINARY LOCAL CLIMATOLOGICAL DATA (WS FORM: F-6) , PAGE 2
STATION: MACON
MONTH: JULY
YEAR: 2021
LATITUDE: 32 42 N
LONGITUDE: 83 39 W
[TEMPERATURE DATA] [PRECIPITATION DATA] SYMBOLS USED IN COLUMN 16
AVERAGE MONTHLY: 81.3 TOTAL FOR MONTH: 7.44 1 = FOG OR MIST
DPTR FM NORMAL: -1.2 DPTR FM NORMAL: 2.65 2 = FOG REDUCING VISIBILITY
HIGHEST: 98 ON 29 GRTST 24HR 1.90 ON 6- 7 TO 1/4 MILE OR LESS
LOWEST: 62 ON 5 3 = THUNDER
SNOW, ICE PELLETS, HAIL 4 = ICE PELLETS
TOTAL MONTH: 0.0 INCH 5 = HAIL
GRTST 24HR 0.0 6 = FREEZING RAIN OR DRIZZLE
GRTST DEPTH: 0 7 = DUSTSTORM OR SANDSTORM:
VSBY 1/2 MILE OR LESS
8 = SMOKE OR HAZE
[NO. OF DAYS WITH] [WEATHER - DAYS WITH] 9 = BLOWING SNOW
X = TORNADO
MAX 32 OR BELOW: 0 0.01 INCH OR MORE: 16
MAX 90 OR ABOVE: 25 0.10 INCH OR MORE: 13
MIN 32 OR BELOW: 0 0.50 INCH OR MORE: 6
MIN 0 OR BELOW: 0 1.00 INCH OR MORE: 1
[HDD (BASE 65) ]
TOTAL THIS MO. 0 CLEAR (SCALE 0-3) 13
DPTR FM NORMAL 0 PTCLDY (SCALE 4-7) 18
TOTAL FM JUL 1 0 CLOUDY (SCALE 8-10) 0
DPTR FM NORMAL 0
[CDD (BASE 65) ]
TOTAL THIS MO. 513
DPTR FM NORMAL -29 [PRESSURE DATA]
TOTAL FM JAN 1 1228 HIGHEST SLP 30.29 ON 13
DPTR FM NORMAL -114 LOWEST SLP 29.82 ON 2
[REMARKS]
#FINAL-07-21#