000
CXUS52 KFFC 011010
CF6MCN
PRELIMINARY LOCAL CLIMATOLOGICAL DATA (WS FORM: F-6)
STATION: MACON
MONTH: SEPTEMBER
YEAR: 2020
LATITUDE: 32 42 N
LONGITUDE: 83 39 W
TEMPERATURE IN F: :PCPN: SNOW: WIND :SUNSHINE: SKY :PK WND
================================================================================
1 2 3 4 5 6A 6B 7 8 9 10 11 12 13 14 15 16 17 18
12Z AVG MX 2MIN
DY MAX MIN AVG DEP HDD CDD WTR SNW DPTH SPD SPD DIR MIN PSBL S-S WX SPD DR
================================================================================
1 96 72 84 5 0 19 0.00 M M 3.1 9 260 M M 1 1 13 230
2 94 73 84 5 0 19 0.00 M M 4.6 14 260 M M 1 20 260
3 96 69 83 5 0 18 0.00 M M 4.0 10 270 M M 0 1 17 270
4 97 66 82 4 0 17 0.00 0.0 M 4.0 13 290 M M 1 18 17 300
5 95 71 83 5 0 18 0.00 M M 7.0 14 30 M M 1 1 20 40
6 90 62 76 -2 0 11 0.00 M M 7.0 18 50 M M 0 23 50
7 90 60 75 -3 0 10 0.00 M M 5.6 12 40 M M 1 20 90
8 90 66 78 1 0 13 0.00 M M 6.3 16 50 M M 1 23 50
9 86 63 75 -2 0 10 0.04 M M 6.1 16 50 M M 6 1 23 50
10 90 74 82 5 0 17 0.14 M M 5.3 13 60 M M 7 13 17 360
11 93 72 83 6 0 18 0.01 0.0 M 4.8 22 20 M M 2 13 28 40
12 94 73 84 8 0 19 0.00 0.0 M 7.1 16 140 M M 4 13 22 130
13 93 72 83 7 0 18 0.13 0.0 M 6.8 22 150 M M 6 13 33 140
14 90 70 80 4 0 15 0.00 0.0 M 4.8 12 80 M M 5 12 18 70
15 78 72 75 0 0 10 T 0.0 M 9.2 16 60 M M 8 18 23 70
16 72 65 69 -6 0 4 2.90 0.0 M 10.7 24 70 M M 10 1 38 60
17 77 70 74 -1 0 9 4.25 M M 8.7 25 70 M M 10 18 37 80
18 82 70 76 2 0 11 T M M 7.0 20 40 M M 8 1 26 50
19 75 63 69 -5 0 4 0.00 M M 9.7 18 50 M M 1 27 60
20 76 58 67 -7 0 2 0.00 M M 12.0 23 50 M M 0 30 50
21 76 55 66 -8 0 1 0.00 M M 11.2 22 50 M M 0 32 70
22 79 51 65 -8 0 0 0.00 M M 4.6 14 60 M M 0 18 70
23 80 57 69 -4 0 4 0.00 0.0 M 2.3 8 240 M M 3 1 13 180
24 82 60 71 -1 0 6 0.43 M M 5.3 15 170 M M 6 1 22 160
25 86 67 77 5 0 12 0.02 M M 4.5 15 260 M M 7 1 20 270
26 84 65 75 3 0 10 0.00 0.0 M 2.5 9 350 M M 6 1 16 60
27 80 64 72 1 0 7 0.00 M M 3.8 12 160 M M 5 1 16 160
28 88 69 79 8 0 14 0.05 M M 3.0 10 200 M M 6 1 16 200
29 72 56 64 -7 1 0 T M M 7.6 21 330 M M 6 1 31 330
30 77 48 63 -7 2 0 0.00 M M 4.6 13 290 M M 0 1 18 290
================================================================================
SM 2558 1953 3 316 7.97 0.0 183.2 M 112
================================================================================
AV 85.3 65.1 6.1 FASTST M M 4 MAX(MPH)
MISC ----> 25 70 38 60
================================================================================
NOTES:
# LAST OF SEVERAL OCCURRENCES
COLUMN 17 PEAK WIND IN M.P.H.
PRELIMINARY LOCAL CLIMATOLOGICAL DATA (WS FORM: F-6) , PAGE 2
STATION: MACON
MONTH: SEPTEMBER
YEAR: 2020
LATITUDE: 32 42 N
LONGITUDE: 83 39 W
[TEMPERATURE DATA] [PRECIPITATION DATA] SYMBOLS USED IN COLUMN 16
AVERAGE MONTHLY: 75.2 TOTAL FOR MONTH: 7.97 1 = FOG OR MIST
DPTR FM NORMAL: 0.2 DPTR FM NORMAL: 4.38 2 = FOG REDUCING VISIBILITY
HIGHEST: 97 ON 4 GRTST 24HR 7.07 ON 16-17 TO 1/4 MILE OR LESS
LOWEST: 48 ON 30 3 = THUNDER
SNOW, ICE PELLETS, HAIL 4 = ICE PELLETS
TOTAL MONTH: 0.0 INCH 5 = HAIL
GRTST 24HR 0.0 6 = FREEZING RAIN OR DRIZZLE
GRTST DEPTH: M ON M 7 = DUSTSTORM OR SANDSTORM:
VSBY 1/2 MILE OR LESS
8 = SMOKE OR HAZE
[NO. OF DAYS WITH] [WEATHER - DAYS WITH] 9 = BLOWING SNOW
X = TORNADO
MAX 32 OR BELOW: 0 0.01 INCH OR MORE: 9
MAX 90 OR ABOVE: 13 0.10 INCH OR MORE: 5
MIN 32 OR BELOW: 0 0.50 INCH OR MORE: 2
MIN 0 OR BELOW: 0 1.00 INCH OR MORE: 2
[HDD (BASE 65) ]
TOTAL THIS MO. 3 CLEAR (SCALE 0-3) 15
DPTR FM NORMAL -3 PTCLDY (SCALE 4-7) 13
TOTAL FM JUL 1 3 CLOUDY (SCALE 8-10) 2
DPTR FM NORMAL -1
[CDD (BASE 65) ]
TOTAL THIS MO. 316
DPTR FM NORMAL 10 [PRESSURE DATA]
TOTAL FM JAN 1 2276 HIGHEST SLP 30.35 ON 21
DPTR FM NORMAL 226 LOWEST SLP 29.66 ON 17
[REMARKS]
#FINAL-09-20#