000
CXUS51 KCTP 010839
CLSMDT
CLIMATE REPORT
NATIONAL WEATHER SERVICE STATE COLLEGE PA
339 AM EST TUE MAR 01 2022
...................................
...THE HARRISBURG PA CLIMATE SUMMARY FOR THE SEASON, FROM
12/1/2021 TO 2/28/2022...
CLIMATE NORMAL PERIOD 1991 TO 2020
CLIMATE RECORD PERIOD 1888 TO 2022
WEATHER OBSERVED NORMAL DEPART LAST YEAR`S
VALUE DATE(S) VALUE FROM VALUE DATE(S)
NORMAL
................................................................
TEMPERATURE (F)
RECORD
HIGH 79 02/21/2018
LOW -22 01/21/1994
HIGHEST 68 12/11 66 12/24
LOWEST 9 01/16 14 12/19
01/27
AVG. MAXIMUM 44.1 41.3 2.8 41.3
AVG. MINIMUM 26.5 25.3 1.2 28.1
MEAN 35.3 33.3 2.0 34.7
DAYS MAX >= 90 0 0.0 0.0 0
DAYS MAX <= 32 11 17.5 -6.5 10
DAYS MIN <= 32 68 71.1 -3.1 68
DAYS MIN <= 0 0 0.5 -0.5 0
PRECIPITATION (INCHES)
RECORD
MAXIMUM 16.70 1978
MINIMUM 3.18 1979
TOTALS 6.62 9.05 -2.43 10.49
DAILY AVG. 0.07 0.10 -0.03 0.12
DAYS >= .01 27 31.6 -4.6 33
DAYS >= .10 15 18.8 -3.8 22
DAYS >= .50 3 6.4 -3.4 6
DAYS >= 1.00 1 1.6 -0.6 2
GREATEST
24 HR. TOTAL 1.23 MM 1.86
STORM TOTAL 1.14 1.44
SNOWFALL (INCHES)
RECORDS
TOTAL 74.8 1960
24 HR TOTAL 9.3 MM
SNOW DEPTH 11 02/02/2021
TOTALS 12.5 22.9 -10.4 36.0
LIQUID EQUIV 1.30 0.00 1.30 3.60
SINCE 7/1 12.6 23.9 -11.3 MM
LIQUID 7/1 1.26 2.30 -1.04 MM
SNOWDEPTH AVG. 0 2
DAYS >= TRACE 18 12.6 5.4 27
DAYS >= 1.0 6 6.2 -0.2 7
GREATEST
SNOW DEPTH 6 01/07 11 02/02
24 HR TOTAL MM MM 9.3
STORM TOTAL 3.1 11.2
(MM/DD(HH)) MM
DEGREE DAYS
HEATING TOTAL 2652 2853 -201 2695
SINCE 7/1 3426 3807 -381 MM
COOLING TOTAL 0 0 0 0
SINCE 1/1 0 0 0 MM
FREEZE DATES
RECORD
EARLIEST 09/24/1963
LATEST 05/11/1966
EARLIEST 11/04
LATEST 04/23
................................................................
WIND (MPH)
AVERAGE WIND SPEED 7.1
RESULTANT WIND SPEED/DIRECTION 3/310
HIGHEST WIND SPEED/DIRECTION 41/290 DATE 02/18
HIGHEST GUST SPEED/DIRECTION 53/310 DATE 02/19
SKY COVER
POSSIBLE SUNSHINE (PERCENT) MM
AVERAGE SKY COVER 0.63
NUMBER OF DAYS FAIR 16
NUMBER OF DAYS PC 36
NUMBER OF DAYS CLOUDY 38
AVERAGE RH (PERCENT) 61
WEATHER CONDITIONS. NUMBER OF DAYS WITH
THUNDERSTORM 0 MIXED PRECIP 0
HEAVY RAIN 4 RAIN 10
LIGHT RAIN 28 FREEZING RAIN 3
LT FREEZING RAIN 4 HAIL 0
HEAVY SNOW 2 SNOW 6
LIGHT SNOW 18 SLEET 5
FOG 32 FOG W/VIS <= 1/4 MILE 9
HAZE 27
- INDICATES NEGATIVE NUMBERS.
R INDICATES RECORD WAS SET OR TIED.
MM INDICATES DATA IS MISSING.
T INDICATES TRACE AMOUNT.
$$