000
CXUS54 KMEG 011632
CF6MEG
PRELIMINARY LOCAL CLIMATOLOGICAL DATA (WS FORM: F-6)
STATION: MEMPHIS/GERMANTOWN WFO
MONTH: NOVEMBER
YEAR: 2022
LATITUDE: 35 7 N
LONGITUDE: 89 48 W
TEMPERATURE IN F: :PCPN: SNOW: WIND :SUNSHINE: SKY :PK WND
================================================================================
1 2 3 4 5 6A 6B 7 8 9 10 11 12 13 14 15 16 17 18
12Z AVG MX 2MIN
DY MAX MIN AVG DEP HDD CDD WTR SNW DPTH SPD SPD DIR MIN PSBL S-S WX SPD DR
================================================================================
1 71 50 61 5 4 0 0.02 0.0 0 M M M M M M M M
2 77 52 65 10 0 0 0.02 0.0 0 M M M M M M 1 M M
3 81 49 65 10 0 0 0.00 0.0 0 M M M M M M M M
4 80 52 66 12 0 1 0.00 0.0 0 M M M M M M M M
5 72 49 61 7 4 0 0.88 0.0 0 M M M M M M 13 M M
6 74 45 60 6 5 0 0.00 0.0 0 M M M M M M 1 M M
7 69 60 65 12 0 0 0.05 0.0 0 M M M M M M 1 M M
8 82 57 70 17 0 5 0.00 0.0 0 M M M M M M M M
9 81 57 69 16 0 4 0.00 0.0 0 M M M M M M M M
10 76 47 62 10 3 0 0.00 0.0 0 M M M M M M M M
11 70 47 59 7 6 0 0.00 0.0 0 M M M M M M M M
12 47 32 40 -12 25 0 0.16 T 0 M M M M M M 1 M M
13 43 30 37 -14 28 0 0.00 0.0 0 M M M M M M M M
14 51 28 40 -11 25 0 0.08 0.0 0 M M M M M M 1 M M
15 46 40 43 -8 22 0 0.01 0.0 0 M M M M M M M M
16 50 30 40 -10 25 0 0.00 0.0 0 M M M M M M M M
17 44 24 34 -16 31 0 0.00 0.0 0 M M M M M M M M
18 45 27 36 -14 29 0 0.00 0.0 0 M M M M M M M M
19 44 25 35 -14 30 0 0.00 0.0 0 M M M M M M M M
20 46 23 35 -14 30 0 0.00 0.0 0 M M M M M M M M
21 55 21 38 -11 27 0 0.00 0.0 0 M M M M M M M M
22 63 28 46 -2 19 0 0.00 0.0 0 M M M M M M M M
23 68 30 49 1 16 0 T 0.0 0 M M M M M M M M
24 61 44 53 5 12 0 0.25 0.0 0 M M M M M M 1 M M
25 64 47 56 8 9 0 0.03 0.0 0 M M M M M M 1 M M
26 63 45 54 7 11 0 0.20 0.0 0 M M M M M M 1 M M
27 60 40 50 3 15 0 T 0.0 0 M M M M M M M M
28 63 39 51 4 14 0 0.00 0.0 0 M M M M M M 12 M M
29 66 46 56 10 9 0 1.35 0.0 0 M M M M M M 13 M M
30 64 29 47 1 18 0 0.00 0.0 0 M M M M M M M M
================================================================================
SM 1876 1193 417 10 3.05 T M M M
================================================================================
AV 62.5 39.8 M FASTST M M M MAX(MPH)
MISC ----> M M M M
================================================================================
NOTES:
# LAST OF SEVERAL OCCURRENCES
COLUMN 17 PEAK WIND IN M.P.H.
PRELIMINARY LOCAL CLIMATOLOGICAL DATA (WS FORM: F-6) , PAGE 2
STATION: MEMPHIS/GERMANTOWN WFO
MONTH: NOVEMBER
YEAR: 2022
LATITUDE: 35 7 N
LONGITUDE: 89 48 W
[TEMPERATURE DATA] [PRECIPITATION DATA] SYMBOLS USED IN COLUMN 16
AVERAGE MONTHLY: 51.2 TOTAL FOR MONTH: 3.05 1 = FOG OR MIST
DPTR FM NORMAL: 0.6 DPTR FM NORMAL: -1.70 2 = FOG REDUCING VISIBILITY
HIGHEST: 82 ON 8 GRTST 24HR 1.35 ON 29-29 TO 1/4 MILE OR LESS
LOWEST: 21 ON 21 3 = THUNDER
SNOW, ICE PELLETS, HAIL 4 = ICE PELLETS
TOTAL MONTH: T 5 = HAIL
GRTST 24HR T ON 12-12 6 = FREEZING RAIN OR DRIZZLE
GRTST DEPTH: 0 7 = DUSTSTORM OR SANDSTORM:
VSBY 1/2 MILE OR LESS
8 = SMOKE OR HAZE
[NO. OF DAYS WITH] [WEATHER - DAYS WITH] 9 = BLOWING SNOW
X = TORNADO
MAX 32 OR BELOW: 0 0.01 INCH OR MORE: 11
MAX 90 OR ABOVE: 0 0.10 INCH OR MORE: 5
MIN 32 OR BELOW: 12 0.50 INCH OR MORE: 2
MIN 0 OR BELOW: 0 1.00 INCH OR MORE: 1
[HDD (BASE 65) ]
TOTAL THIS MO. 417 CLEAR (SCALE 0-3) 0
DPTR FM NORMAL -23 PTCLDY (SCALE 4-7) 0
TOTAL FM JUL 1 570 CLOUDY (SCALE 8-10) 30
DPTR FM NORMAL -47
[CDD (BASE 65) ]
TOTAL THIS MO. 10
DPTR FM NORMAL 2 [PRESSURE DATA]
TOTAL FM JAN 1 2223 HIGHEST SLP M ON M
DPTR FM NORMAL 248 LOWEST SLP M ON M
[REMARKS]
#FINAL-11-22#