000
CXUS54 KMEG 101250
CF6MEG
PRELIMINARY LOCAL CLIMATOLOGICAL DATA (WS FORM: F-6)
STATION: MEMPHIS/GERMANTOWN WFO
MONTH: MAY
YEAR: 2021
LATITUDE: 35 7 N
LONGITUDE: 89 48 W
TEMPERATURE IN F: :PCPN: SNOW: WIND :SUNSHINE: SKY :PK WND
================================================================================
1 2 3 4 5 6A 6B 7 8 9 10 11 12 13 14 15 16 17 18
12Z AVG MX 2MIN
DY MAX MIN AVG DEP HDD CDD WTR SNW DPTH SPD SPD DIR MIN PSBL S-S WX SPD DR
================================================================================
1 84 52 68 3 0 3 T 0.0 0 M M M M M 0 M M
2 71 65 68 2 0 3 0.22 0.0 0 M M M M M M 1 M M
3 87 65 76 10 0 11 1.09 0.0 0 M M M M M M 13 M M
4 80 59 70 4 0 5 1.01 0.0 0 M M M M M M 13 M M
5 70 50 60 -6 5 0 0.00 0.0 0 M M M M M M M M
6 77 48 63 -4 2 0 0.14 0.0 0 M M M M M M 3 M M
7 73 45 59 -8 6 0 T 0.0 0 M M M M M M M M
8 82 56 69 2 0 4 T 0.0 0 M M M M M M M M
9 79 55 67 -1 0 2 0.06 0.0 0 M M M M M M 13 M M
10 63 51 57 -11 8 0 0.00 0.0 0 M M M M M M M M
11 67 53 60 -8 5 0 0.25 0.0 0 M M M M M M 1 M M
12 69 54 62 -7 3 0 0.00 0.0 0 M M M M M M M M
13 71 52 62 -7 3 0 0.00 0.0 0 M M M M M M M M
14 75 45 60 -9 5 0 0.00 0.0 0 M M M M M M M M
15 81 47 64 -6 1 0 0.00 0.0 0 M M M M M M M M
16 83 59 71 1 0 6 0.00 0.0 0 M M M M M M M M
17 81 66 74 4 0 9 0.01 0.0 0 M M M M M M M M
18 75 67 71 1 0 6 0.03 0.0 0 M M M M M M M M
19 84 67 76 5 0 11 0.00 0.0 0 M M M M M M M M
20 86 69 78 7 0 13 0.00 0.0 0 M M M M M M M M
21 85 65 75 4 0 10 0.00 0.0 0 M M M M M M M M
22 87 61 74 2 0 9 0.00 0.0 0 M M M M M M M M
23 89 61 75 3 0 10 0.00 0.0 0 M M M M M M M M
24 90 64 77 5 0 12 0.00 0.0 0 M M M M M M M M
25 90 68 79 7 0 14 0.00 0.0 0 M M M M M M M M
26 83 69 76 3 0 11 0.09 0.0 0 M M M M M M 1 M M
27 92 66 79 6 0 14 0.02 0.0 0 M M M M M M M M
28 80 59 70 -3 0 5 0.41 0.0 0 M M M M M M M M
29 61 54 58 -15 7 0 0.00 0.0 0 M M M M M M M M
30 75 48 62 -12 3 0 0.00 0.0 0 M M M M M M M M
31 81 50 66 -8 0 1 0.00 0.0 0 M M M M M M M M
================================================================================
SM 2451 1790 48 159 3.33 0.0 M M 0
================================================================================
AV 79.1 57.7 M FASTST M M 0 MAX(MPH)
MISC ----> M M M M
================================================================================
NOTES:
# LAST OF SEVERAL OCCURRENCES
COLUMN 17 PEAK WIND IN M.P.H.
PRELIMINARY LOCAL CLIMATOLOGICAL DATA (WS FORM: F-6) , PAGE 2
STATION: MEMPHIS/GERMANTOWN WFO
MONTH: MAY
YEAR: 2021
LATITUDE: 35 7 N
LONGITUDE: 89 48 W
[TEMPERATURE DATA] [PRECIPITATION DATA] SYMBOLS USED IN COLUMN 16
AVERAGE MONTHLY: 68.4 TOTAL FOR MONTH: 3.33 1 = FOG OR MIST
DPTR FM NORMAL: -1.3 DPTR FM NORMAL: -2.26 2 = FOG REDUCING VISIBILITY
HIGHEST: 92 ON 27 GRTST 24HR 1.09 ON 3- 3 TO 1/4 MILE OR LESS
LOWEST: 45 ON 14, 7 3 = THUNDER
SNOW, ICE PELLETS, HAIL 4 = ICE PELLETS
TOTAL MONTH: 0.0 INCH 5 = HAIL
GRTST 24HR 0.0 6 = FREEZING RAIN OR DRIZZLE
GRTST DEPTH: 0 7 = DUSTSTORM OR SANDSTORM:
VSBY 1/2 MILE OR LESS
8 = SMOKE OR HAZE
[NO. OF DAYS WITH] [WEATHER - DAYS WITH] 9 = BLOWING SNOW
X = TORNADO
MAX 32 OR BELOW: 0 0.01 INCH OR MORE: 11
MAX 90 OR ABOVE: 3 0.10 INCH OR MORE: 6
MIN 32 OR BELOW: 0 0.50 INCH OR MORE: 2
MIN 0 OR BELOW: 0 1.00 INCH OR MORE: 2
[HDD (BASE 65) ]
TOTAL THIS MO. 48 CLEAR (SCALE 0-3) 1
DPTR FM NORMAL 9 PTCLDY (SCALE 4-7) 0
TOTAL FM JUL 1 3115 CLOUDY (SCALE 8-10) 30
DPTR FM NORMAL -297
[CDD (BASE 65) ]
TOTAL THIS MO. 159
DPTR FM NORMAL -26 [PRESSURE DATA]
TOTAL FM JAN 1 221 HIGHEST SLP M ON M
DPTR FM NORMAL -30 LOWEST SLP M ON M
[REMARKS]
#FINAL-05-21#