000
CXUS54 KMEG 042359
CLMMEM
CLIMATE REPORT
NATIONAL WEATHER SERVICE MEMPHIS TN
659 PM CDT SUN JUN 04 2023
...................................
...THE MEMPHIS CLIMATE SUMMARY FOR THE MONTH OF MAY 2023...
CLIMATE NORMAL PERIOD 1991 TO 2020
CLIMATE RECORD PERIOD 1872 TO 2023
WEATHER OBSERVED NORMAL DEPART LAST YEAR`S
VALUE DATE(S) VALUE FROM VALUE DATE(S)
NORMAL
................................................................
TEMPERATURE (F)
RECORD
HIGH 99 05/30/1977
LOW 36 05/04/2013
HIGHEST 91 05/15 81 10 97 05/12
LOWEST 46 05/02 61 -15 53 05/08
AVG. MAXIMUM 82.2 81.7 0.5 84.2
AVG. MINIMUM 63.1 62.4 0.7 64.4
MEAN 72.6 72.1 0.5 74.3
DAYS MAX >= 90 3 3.1 -0.1 9
DAYS MAX <= 32 0 0.0 0.0 0
DAYS MIN <= 32 0 0.0 0.0 0
DAYS MIN <= 0 0 0.0 0.0 0
PRECIPITATION (INCHES)
RECORD
MAXIMUM 13.34 1893
MINIMUM 0.20 1911
TOTALS 2.05 5.27 -3.22 4.05
DAILY AVG. 0.07 0.17 -0.10 0.13
DAYS >= .01 7 10.6 -3.6 10
DAYS >= .10 5 6.9 -1.9 6
DAYS >= .50 2 3.5 -1.5 2
DAYS >= 1.00 0 1.8 -1.8 2
GREATEST
24 HR. TOTAL 1.02 05/11 TO 05/12
SNOWFALL (INCHES)
RECORDS
TOTAL 0.0 2002
TOTALS 0.0 0.0 0.0 0.0
SINCE 7/1 0.7 2.7 -2.0 3.7
SNOWDEPTH AVG. 0 0
DAYS >= 1.0 0 0.0 0.0 0
GREATEST
SNOW DEPTH 0 0
24 HR TOTAL 0.0 0.0
DEGREE DAYS
HEATING TOTAL 18 21 -3 0
SINCE 7/1 2484 2872 -388 2518
COOLING TOTAL 260 240 20 296
SINCE 1/1 323 337 -14 378
................................................................
WIND (MPH)
AVERAGE WIND SPEED 7.4
HIGHEST WIND SPEED/DIRECTION 40/180 DATE 05/11
HIGHEST GUST SPEED/DIRECTION 55/170 DATE 05/11
SKY COVER
POSSIBLE SUNSHINE (PERCENT) MM
AVERAGE SKY COVER 0.53
NUMBER OF DAYS FAIR 7
NUMBER OF DAYS PC 17
NUMBER OF DAYS CLOUDY 7
AVERAGE RH (PERCENT) 65
WEATHER CONDITIONS. NUMBER OF DAYS WITH
THUNDERSTORM 5 MIXED PRECIP 0
HEAVY RAIN 1 RAIN 1
LIGHT RAIN 8 FREEZING RAIN 0
LT FREEZING RAIN 0 HAIL 0
HEAVY SNOW 0 SNOW 0
LIGHT SNOW 0 SLEET 0
FOG 5 FOG W/VIS <= 1/4 MILE 0
HAZE 1
- INDICATES NEGATIVE NUMBERS.
R INDICATES RECORD WAS SET OR TIED.
MM INDICATES DATA IS MISSING.
T INDICATES TRACE AMOUNT.
$$