000
CXUS53 KGRB 010708
CF6MFI
PRELIMINARY LOCAL CLIMATOLOGICAL DATA (WS FORM: F-6)
STATION: MARSHFIELD WI
MONTH: SEPTEMBER
YEAR: 2020
LATITUDE: 44 37 N
LONGITUDE: 90 11 W
TEMPERATURE IN F: :PCPN: SNOW: WIND :SUNSHINE: SKY :PK WND
================================================================================
1 2 3 4 5 6A 6B 7 8 9 10 11 12 13 14 15 16 17 18
12Z AVG MX 2MIN
DY MAX MIN AVG DEP HDD CDD WTR SNW DPTH SPD SPD DIR MIN PSBL S-S WX SPD DR
================================================================================
1 70 47 59 -5 6 0 0.00 0.0 0 4.6 14 190 M M 3 12 20 180
2 76 52 64 0 1 0 0.00 0.0 0 9.7 20 280 M M 0 28 280
3 68 49 59 -4 6 0 T 0.0 0 13.7 33 310 M M 2 49 320
4 70 42 56 -7 9 0 T 0.0 0 8.2 24 290 M M 1 36 280
5 73 52 63 0 2 0 T 0.0 0 4.5 15 310 M M 2 1 21 320
6 74 52 63 1 2 0 0.00 0.0 0 10.9 21 180 M M 4 32 320
7 64 49 57 -5 8 0 T 0.0 0 10.0 22 330 M M 5 1 31 340
8 51 46 49 -13 16 0 0.01 0.0 0 7.4 14 20 M M 10 21 40
9 47 45 46 -15 19 0 M M 0 6.3 9 60 M M 10 1 M M
10 59 36 48 -13 17 0 0.00 0.0 0 3.1 9 50 M M 1 1 12 30
11 61 37 49 -11 16 0 0.02 0.0 0 7.3 15 120 M M 7 12 22 110
12 65 53 59 -1 6 0 0.71 0.0 0 7.2 14 300 M M 10 13 21 290
13 69 55 62 2 3 0 T 0.0 0 8.5 15 310 M M 8 1 22 320
14 66 50 58 -1 7 0 0.00 0.0 0 8.3 14 170 M M 8 22 150
15 76 55 66 7 0 1 0.00 0.0 0 10.9 22 230 M M 0 1 32 250
16 70 47 59 1 6 0 0.00 0.0 0 10.3 21 330 M M 0 29 320
17 61 44 53 -5 12 0 0.00 0.0 0 7.6 15 30 M M 2 23 20
18 59 34 47 -11 18 0 0.00 0.0 0 4.1 10 110 M M 0 15 120
19 66 35 51 -6 14 0 0.00 0.0 0 6.9 18 190 M M 0 28 170
20 67 46 57 0 8 0 0.00 0.0 0 10.0 22 160 M M 2 28 170
21 72 45 59 3 6 0 T 0.0 0 9.6 18 190 M M 1 3 26 200
22 78 52 65 9 0 0 0.00 0.0 0 4.8 13 230 M M 0 1 17 210
23 80 52 66 10 0 1 0.00 0.0 0 4.5 13 220 M M 0 12 18 260
24 66 57 62 7 3 0 0.05 0.0 0 3.6 12 130 M M 7 12 16 140
25 78 57 68 13 0 3 0.00 0.0 0 10.0 22 190 M M 4 12 30 180
26 71 58 65 11 0 0 T 0.0 0 7.4 16 270 M M 2 13 24 270
27 67 51 59 5 6 0 T 0.0 0 8.4 15 240 M M 5 31 290
28 59 42 51 -3 14 0 0.01 0.0 0 9.6 20 320 M M 8 1 28 300
29 59 42 51 -2 14 0 T 0.0 0 7.0 16 310 M M 8 1 22 310
30 57 40 49 -4 16 0 0.35 0.0 0 11.0 26 310 M M 4 1 37 320
================================================================================
SM 1999 1422 235 5 1.15 0.0 235.4 M 114
================================================================================
AV 66.6 47.4 7.8 FASTST M M 4 MAX(MPH)
MISC ----> 33 310 49 320
================================================================================
NOTES:
# LAST OF SEVERAL OCCURRENCES
COLUMN 17 PEAK WIND IN M.P.H.
PRELIMINARY LOCAL CLIMATOLOGICAL DATA (WS FORM: F-6) , PAGE 2
STATION: MARSHFIELD WI
MONTH: SEPTEMBER
YEAR: 2020
LATITUDE: 44 37 N
LONGITUDE: 90 11 W
[TEMPERATURE DATA] [PRECIPITATION DATA] SYMBOLS USED IN COLUMN 16
AVERAGE MONTHLY: 57.0 TOTAL FOR MONTH: 1.15 1 = FOG OR MIST
DPTR FM NORMAL: -1.5 DPTR FM NORMAL: -2.09 2 = FOG REDUCING VISIBILITY
HIGHEST: 80 ON 23 GRTST 24HR 0.73 ON 11-12 TO 1/4 MILE OR LESS
LOWEST: 34 ON 18 3 = THUNDER
SNOW, ICE PELLETS, HAIL 4 = ICE PELLETS
TOTAL MONTH: 0.0 INCH 5 = HAIL
GRTST 24HR 0.0 6 = FREEZING RAIN OR DRIZZLE
GRTST DEPTH: 0 7 = DUSTSTORM OR SANDSTORM:
VSBY 1/2 MILE OR LESS
8 = SMOKE OR HAZE
[NO. OF DAYS WITH] [WEATHER - DAYS WITH] 9 = BLOWING SNOW
X = TORNADO
MAX 32 OR BELOW: 0 0.01 INCH OR MORE: 6
MAX 90 OR ABOVE: 0 0.10 INCH OR MORE: 2
MIN 32 OR BELOW: 0 0.50 INCH OR MORE: 1
MIN 0 OR BELOW: 0 1.00 INCH OR MORE: 0
[HDD (BASE 65) ]
TOTAL THIS MO. 235 CLEAR (SCALE 0-3) 15
DPTR FM NORMAL 14 PTCLDY (SCALE 4-7) 12
TOTAL FM JUL 1 267 CLOUDY (SCALE 8-10) 3
DPTR FM NORMAL -15
[CDD (BASE 65) ]
TOTAL THIS MO. 5
DPTR FM NORMAL -21 [PRESSURE DATA]
TOTAL FM JAN 1 495 HIGHEST SLP M ON M
DPTR FM NORMAL 128 LOWEST SLP 29.45 ON 26
[REMARKS]
#FINAL-09-20#