000
CXUS56 KMFR 010930
CF6MFR
PRELIMINARY LOCAL CLIMATOLOGICAL DATA (WS FORM: F-6)
STATION: MEDFORD OR
MONTH: JUNE
YEAR: 2023
LATITUDE: 42 22 N
LONGITUDE: 122 52 W
TEMPERATURE IN F: :PCPN: SNOW: WIND :SUNSHINE: SKY :PK WND
================================================================================
1 2 3 4 5 6A 6B 7 8 9 10 11 12 13 14 15 16 17 18
12Z AVG MX 2MIN
DY MAX MIN AVG DEP HDD CDD WTR SNW DPTH SPD SPD DIR MIN PSBL S-S WX SPD DR
================================================================================
1 75 44 60 -4 5 0 0.00 0.0 0 4.3 17 270 M M 0 23 360
2 83 46 65 1 0 0 0.00 0.0 0 3.9 17 360 M M 0 23 350
3 86 51 69 5 0 4 0.00 0.0 0 5.4 17 280 M M 0 23 280
4 83 56 70 6 0 5 0.00 0.0 0 5.8 14 330 M M 0 20 330
5 88 55 72 8 0 7 0.00 0.0 0 4.0 18 20 M M 0 23 10
6 94 59 77 13 0 12 0.03 0.0 0 4.7 20 360 M M 2 3 24 360
7 87 63 75 10 0 10 0.02 0.0 0 5.7 17 160 M M 4 38 22 140
8 85 61 73 8 0 8 T 0.0 0 4.8 18 360 M M 2 3 24 230
9 86 61 74 9 0 9 0.00 0.0 0 4.9 18 350 M M 3 25 340
10 85 57 71 6 0 6 0.00 0.0 0 4.9 17 340 M M 1 24 350
11 91 59 75 9 0 10 0.00 0.0 0 4.6 17 330 M M 1 24 330
12 92 59 76 10 0 11 0.00 0.0 0 4.8 21 350 M M 0 8 27 290
13 87 63 75 9 0 10 0.00 0.0 0 5.9 20 320 M M 0 8 29 10
14 76 56 66 0 0 1 0.00 0.0 0 6.4 16 320 M M 0 23 320
15 81 47 64 -2 1 0 0.00 0.0 0 4.7 16 320 M M 0 8 22 320
16 90 53 72 5 0 7 0.00 0.0 M 4.4 17 320 M M 0 24 310
17 83 58 71 4 0 6 0.00 0.0 M 7.3 18 320 M M 3 26 310
18 71 53 62 -5 3 0 0.00 0.0 M 8.5 18 320 M M 6 25 340
19 56 47 52 -16 13 0 0.39 0.0 0 5.4 20 280 M M 9 13 29 270
20 68 47 58 -10 7 0 0.00 0.0 0 4.6 12 320 M M 5 8 16 320
21 81 45 63 -5 2 0 0.00 0.0 0 4.0 15 360 M M 0 8 19 360
22 89 53 71 3 0 6 0.00 0.0 0 5.8 20 30 M M 2 38 25 30
23 84 55 70 1 0 5 T 0.0 0 5.5 20 20 M M 2 38 24 220
24 87 54 71 2 0 6 T 0.0 0 4.7 18 330 M M 1 3 27 350
25 88 60 74 5 0 9 0.00 0.0 0 5.8 20 350 M M 0 28 360
26 85 56 71 1 0 6 0.00 0.0 0 5.1 17 260 M M 0 8 22 340
27 88 56 72 2 0 7 0.00 0.0 0 4.7 16 280 M M 0 8 23 280
28 91 57 74 4 0 9 0.00 0.0 0 3.1 14 330 M M 0 8 21 330
29 95 59 77 6 0 12 0.00 0.0 0 4.7 16 300 M M 0 23 290
30 99 63 81 10 0 16 0.00 0.0 0 3.5 16 340 M M 0 8 23 290
================================================================================
SM 2534 1653 31 182 0.44 0.0 151.9 M 41
================================================================================
AV 84.5 55.1 5.1 FASTST M M 1 MAX(MPH)
MISC ----> 21 350 # 29 10
================================================================================
NOTES:
# LAST OF SEVERAL OCCURRENCES
COLUMN 17 PEAK WIND IN M.P.H.
PRELIMINARY LOCAL CLIMATOLOGICAL DATA (WS FORM: F-6) , PAGE 2
STATION: MEDFORD OR
MONTH: JUNE
YEAR: 2023
LATITUDE: 42 22 N
LONGITUDE: 122 52 W
[TEMPERATURE DATA] [PRECIPITATION DATA] SYMBOLS USED IN COLUMN 16
AVERAGE MONTHLY: 69.8 TOTAL FOR MONTH: 0.44 1 = FOG OR MIST
DPTR FM NORMAL: 2.9 DPTR FM NORMAL: -0.24 2 = FOG REDUCING VISIBILITY
HIGHEST: 99 ON 30 GRTST 24HR 0.39 ON 19-19 TO 1/4 MILE OR LESS
LOWEST: 44 ON 1 3 = THUNDER
SNOW, ICE PELLETS, HAIL 4 = ICE PELLETS
TOTAL MONTH: 0.0 INCH 5 = HAIL
GRTST 24HR 0.0 6 = FREEZING RAIN OR DRIZZLE
GRTST DEPTH: 0 7 = DUSTSTORM OR SANDSTORM:
VSBY 1/2 MILE OR LESS
8 = SMOKE OR HAZE
[NO. OF DAYS WITH] [WEATHER - DAYS WITH] 9 = BLOWING SNOW
X = TORNADO
MAX 32 OR BELOW: 0 0.01 INCH OR MORE: 3
MAX 90 OR ABOVE: 7 0.10 INCH OR MORE: 1
MIN 32 OR BELOW: 0 0.50 INCH OR MORE: 0
MIN 0 OR BELOW: 0 1.00 INCH OR MORE: 0
[HDD (BASE 65) ]
TOTAL THIS MO. 31 CLEAR (SCALE 0-3) 26
DPTR FM NORMAL -24 PTCLDY (SCALE 4-7) 3
TOTAL FM JUL 1 4262 CLOUDY (SCALE 8-10) 1
DPTR FM NORMAL 58
[CDD (BASE 65) ]
TOTAL THIS MO. 182
DPTR FM NORMAL 70 [PRESSURE DATA]
TOTAL FM JAN 1 302 HIGHEST SLP M ON M
DPTR FM NORMAL 150 LOWEST SLP 29.62 ON 6
[REMARKS]
#FINAL-06-23#