000
CXUS56 KMFR 201924
CF6MFR
PRELIMINARY LOCAL CLIMATOLOGICAL DATA (WS FORM: F-6)
STATION: MEDFORD OR
MONTH: MARCH
YEAR: 2020
LATITUDE: 42 22 N
LONGITUDE: 122 52 W
TEMPERATURE IN F: :PCPN: SNOW: WIND :SUNSHINE: SKY :PK WND
================================================================================
1 2 3 4 5 6A 6B 7 8 9 10 11 12 13 14 15 16 17 18
12Z AVG MX 2MIN
DY MAX MIN AVG DEP HDD CDD WTR SNW DPTH SPD SPD DIR MIN PSBL S-S WX SPD DR
================================================================================
1 52 28 40 -6 25 0 T 0.0 0 2.6 14 360 M M 2 17 340
2 59 28 44 -2 21 0 0.00 0.0 0 2.4 9 290 M M 4 13 280
3 66 31 49 2 16 0 0.00 0.0 0 1.7 8 30 M M 0 10 30
4 67 32 50 3 15 0 0.00 0.0 0 1.7 9 170 M M 0 11 190
5 69 32 51 4 14 0 0.00 0.0 0 2.4 13 320 M M 0 17 320
6 58 36 47 0 18 0 0.01 0.0 0 5.8 17 320 M M 3 22 330
7 51 36 44 -3 21 0 0.10 0.0 0 3.8 14 320 M M 9 1 18 330
8 47 34 41 -6 24 0 0.06 0.0 0 2.3 8 140 M M 9 9 140
9 58 39 49 2 16 0 0.01 0.0 0 1.9 8 20 M M 7 10 10
10 66 30 48 0 17 0 0.00 0.0 0 1.8 10 170 M M 0 12 180
11 66 34 50 2 15 0 0.00 0.0 0 2.5 13 300 M M 0 17 310
12 65 32 49 1 16 0 0.00 0.0 0 2.3 13 320 M M 0 14 330
13 65 30 48 0 17 0 0.02 0.0 0 6.1 25 270 M M 3 34 260
14 50 33 42 -6 23 0 0.04 M 0 7.2 21 250 M M 9 1 27 260
15 45 29 37 -11 28 0 0.12 0.0 0 2.9 12 230 M M 6 1 17 220
16 56 31 44 -4 21 0 0.00 0.0 0 4.4 13 200 M M 6 1 16 210
17 53 32 43 -5 22 0 0.00 0.0 0 3.6 14 290 M M 7 1 19 290
18 58 36 47 -2 18 0 0.00 0.0 0 2.6 9 270 M M 6 13 260
19 66 29 48 -1 17 0 0.00 0.0 0 2.8 10 300 M M 0 12 290
20 68 34 51 2 14 0 0.00 0.0 0 3.5 13 360 M M 1 16 360
21 69 35 52 3 13 0 0.00 0.0 0 3.2 14 240 M M 1 18 230
22 70 35 53 4 12 0 0.00 0.0 0 3.4 13 300 M M 1 17 300
23 58 41 50 1 15 0 T 0.0 0 7.2 20 310 M M 6 26 280
24 49 38 44 -5 21 0 0.09 0.0 0 4.6 15 260 M M 9 1 20 310
25 49 33 41 -8 24 0 0.11 0.0 0 3.2 16 30 M M 6 19 20
26 54 34 44 -6 21 0 0.00 0.0 0 3.1 12 20 M M 5 14 40
27 54 37 46 -4 19 0 0.00 0.0 0 2.5 9 330 M M 9 14 340
28 56 42 49 -1 16 0 0.08 0.0 0 2.6 13 300 M M 10 1 15 290
29 60 45 53 3 12 0 T 0.0 0 4.6 18 270 M M 7 22 270
30 59 47 53 3 12 0 0.05 M 0 5.4 20 200 M M 9 26 190
31 52 45 49 -1 16 0 0.06 M 0 6.9 21 240 M M 10 1 26 230
================================================================================
SM 1815 1078 559 0 0.75 0.0 111.0 M 145
================================================================================
AV 58.6 34.8 3.6 FASTST M M 5 MAX(MPH)
MISC ----> # 25 270 # 34 260
================================================================================
NOTES:
# LAST OF SEVERAL OCCURRENCES
COLUMN 17 PEAK WIND IN M.P.H.
PRELIMINARY LOCAL CLIMATOLOGICAL DATA (WS FORM: F-6) , PAGE 2
STATION: MEDFORD OR
MONTH: MARCH
YEAR: 2020
LATITUDE: 42 22 N
LONGITUDE: 122 52 W
[TEMPERATURE DATA] [PRECIPITATION DATA] SYMBOLS USED IN COLUMN 16
AVERAGE MONTHLY: 46.7 TOTAL FOR MONTH: 0.75 1 = FOG OR MIST
DPTR FM NORMAL: -1.6 DPTR FM NORMAL: -0.96 2 = FOG REDUCING VISIBILITY
HIGHEST: 70 ON 22 GRTST 24HR 0.12 ON 15-15 TO 1/4 MILE OR LESS
LOWEST: 28 ON 2, 1 3 = THUNDER
SNOW, ICE PELLETS, HAIL 4 = ICE PELLETS
TOTAL MONTH: 0.0 INCH 5 = HAIL
GRTST 24HR 0.0 6 = FREEZING RAIN OR DRIZZLE
GRTST DEPTH: 0 7 = DUSTSTORM OR SANDSTORM:
VSBY 1/2 MILE OR LESS
8 = SMOKE OR HAZE
[NO. OF DAYS WITH] [WEATHER - DAYS WITH] 9 = BLOWING SNOW
X = TORNADO
MAX 32 OR BELOW: 0 0.01 INCH OR MORE: 12
MAX 90 OR ABOVE: 0 0.10 INCH OR MORE: 3
MIN 32 OR BELOW: 12 0.50 INCH OR MORE: 0
MIN 0 OR BELOW: 0 1.00 INCH OR MORE: 0
[HDD (BASE 65) ]
TOTAL THIS MO. 559 CLEAR (SCALE 0-3) 12
DPTR FM NORMAL 41 PTCLDY (SCALE 4-7) 11
TOTAL FM JUL 1 3656 CLOUDY (SCALE 8-10) 8
DPTR FM NORMAL 24
[CDD (BASE 65) ]
TOTAL THIS MO. 0
DPTR FM NORMAL 0 [PRESSURE DATA]
TOTAL FM JAN 1 0 HIGHEST SLP M ON M
DPTR FM NORMAL 0 LOWEST SLP 29.54 ON 13
[REMARKS]
#FINAL-03-20#