000
CXUS51 KPBZ 141248
CF6MGW
PRELIMINARY LOCAL CLIMATOLOGICAL DATA (WS FORM: F-6)
STATION: MORGANTOWN WV
MONTH: FEBRUARY
YEAR: 2022
LATITUDE: 39 39 N
LONGITUDE: 79 55 W
TEMPERATURE IN F: :PCPN: SNOW: WIND :SUNSHINE: SKY :PK WND
================================================================================
1 2 3 4 5 6A 6B 7 8 9 10 11 12 13 14 15 16 17 18
12Z AVG MX 2MIN
DY MAX MIN AVG DEP HDD CDD WTR SNW DPTH SPD SPD DIR MIN PSBL S-S WX SPD DR
================================================================================
1 50 24 37 5 28 0 0.00 M M 7.0 14 110 M M 0 19 100
2 52 33 43 11 22 0 T M M 5.4 13 150 M M 3 1 15 160
3 47 33 40 8 25 0 0.84 M M 5.0 13 350 M M 10 12 19 360
4 34 23 29 -4 36 0 0.54 M M 4.2 12 360 M M 10 168 14 10
5 23 13 18 -15 47 0 T M M 3.7 9 280 M M 7 18 14 270
6 40 12 26 -7 39 0 0.00 M M 3.2 10 160 M M 0 14 150
7 48 23 36 3 29 0 0.00 M M 2.8 12 200 M M 0 17 200
8 37 24 31 -2 34 0 T M M 4.7 12 200 M M 5 8 17 230
9 57 33 45 11 20 0 T M M 7.5 18 200 M M 3 28 230
10 50 30 40 6 25 0 T M M 6.8 20 240 M M 4 32 220
11 62 26 44 10 21 0 0.00 M M 7.9 21 210 M M 4 38 220
12 53 28 41 7 24 0 T M M 6.6 14 290 M M 9 18 21 220
13 29 20 25 -9 40 0 T M M 5.3 10 320 M M 10 18 17 330
14 26 14 20 -14 45 0 T M M 3.9 9 270 M M 7 18 16 290
15 41 12 27 -8 38 0 0.00 M M 2.2 10 150 M M 0 14 140
16 63 35 49 14 16 0 0.00 M M 7.7 18 210 M M 0 33 200
17 63 M M M M M M M M 9.1 18 190 M M 7 1 M 180
18 63 23 43 8 22 0 0.01 M M 7.9 32 180 M M 7 1 55 190
19 33 18 26 -10 39 0 T M M 9.3 23 300 M M 4 8 35 290
20 51 15 33 -3 32 0 0.00 M M 5.7 14 210 M M 0 22 220
21 65 42 54 18 11 0 0.00 M M 6.3 14 210 M M 0 21 220
22 67 50 59 23 6 0 0.19 M M 9.2 24 200 M M 7 38 210
23 61 31 46 10 19 0 0.00 M M 7.8 16 210 M M 9 26 200
24 43 29 36 -1 29 0 0.34 M M 6.7 12 140 M M 10 1 17 110
25 60 28 44 7 21 0 0.47 M M 8.7 20 280 M M 10 1 31 290
26 36 26 31 -6 34 0 0.00 M M 6.4 14 250 M M 6 18 230
27 48 24 36 -2 29 0 0.00 M M 6.8 15 280 M M 0 24 290
28 48 28 38 0 27 0 0.00 M M 2.2 8 220 M M 1 12 310
================================================================================
SM 1350 697 758 0 2.39 M 170.0 M 133
================================================================================
AV 48.2 25.8 6.1 FASTST M M 5 MAX(MPH)
MISC ----> 32 180 55 190
================================================================================
NOTES:
# LAST OF SEVERAL OCCURRENCES
COLUMN 17 PEAK WIND IN M.P.H.
PRELIMINARY LOCAL CLIMATOLOGICAL DATA (WS FORM: F-6) , PAGE 2
STATION: MORGANTOWN WV
MONTH: FEBRUARY
YEAR: 2022
LATITUDE: 39 39 N
LONGITUDE: 79 55 W
[TEMPERATURE DATA] [PRECIPITATION DATA] SYMBOLS USED IN COLUMN 16
AVERAGE MONTHLY: 37.0 TOTAL FOR MONTH: 2.39 1 = FOG OR MIST
DPTR FM NORMAL: 2.2 DPTR FM NORMAL: -0.42 2 = FOG REDUCING VISIBILITY
HIGHEST: 67 ON 22 GRTST 24HR 1.38 ON 3- 4 TO 1/4 MILE OR LESS
LOWEST: 12 ON 15, 6 3 = THUNDER
SNOW, ICE PELLETS, HAIL 4 = ICE PELLETS
TOTAL MONTH: M 5 = HAIL
GRTST 24HR M ON M 6 = FREEZING RAIN OR DRIZZLE
GRTST DEPTH: M ON M 7 = DUSTSTORM OR SANDSTORM:
VSBY 1/2 MILE OR LESS
8 = SMOKE OR HAZE
[NO. OF DAYS WITH] [WEATHER - DAYS WITH] 9 = BLOWING SNOW
X = TORNADO
MAX 32 OR BELOW: 3 0.01 INCH OR MORE: 6
MAX 90 OR ABOVE: 0 0.10 INCH OR MORE: 5
MIN 32 OR BELOW: 21 0.50 INCH OR MORE: 2
MIN 0 OR BELOW: 0 1.00 INCH OR MORE: 0
[HDD (BASE 65) ]
TOTAL THIS MO. 758 CLEAR (SCALE 0-3) 11
DPTR FM NORMAL -89 PTCLDY (SCALE 4-7) 10
TOTAL FM JUL 1 3359 CLOUDY (SCALE 8-10) 7
DPTR FM NORMAL -386
[CDD (BASE 65) ]
TOTAL THIS MO. 0
DPTR FM NORMAL 0 [PRESSURE DATA]
TOTAL FM JAN 1 0 HIGHEST SLP 30.63 ON 15
DPTR FM NORMAL 0 LOWEST SLP 29.48 ON 17
[REMARKS]
#FINAL-02-22#