000
CXUS53 KTOP 010810
CF6MHK
PRELIMINARY LOCAL CLIMATOLOGICAL DATA (WS FORM: F-6)
STATION: MANHATTAN KS
MONTH: SEPTEMBER
YEAR: 2021
LATITUDE: 39 9 N
LONGITUDE: 96 40 W
TEMPERATURE IN F: :PCPN: SNOW: WIND :SUNSHINE: SKY :PK WND
================================================================================
1 2 3 4 5 6A 6B 7 8 9 10 11 12 13 14 15 16 17 18
12Z AVG MX 2MIN
DY MAX MIN AVG DEP HDD CDD WTR SNW DPTH SPD SPD DIR MIN PSBL S-S WX SPD DR
================================================================================
1 86 68 77 3 0 12 0.00 M M 9.7 16 90 M M 2 23 90
2 89 71 80 6 0 15 0.39 M M 8.0 16 110 M M 2 13 24 100
3 85 71 78 5 0 13 2.29 M M 5.3 12 230 M M 6 13 22 350
4 80 59 70 -3 0 5 0.52 M M 4.3 13 40 M M 5 13 17 30
5 86 56 71 -2 0 6 0.00 M M 2.8 13 230 M M 2 12 16 230
6 92 59 76 4 0 11 0.00 M M 6.1 18 230 M M 0 1 24 200
7 91 59 75 3 0 10 0.00 M M 6.6 17 40 M M 0 29 20
8 87 54 71 -1 0 6 0.00 M M 2.3 8 360 M M 0 14 10
9 88 55 72 1 0 7 0.00 M M 2.4 16 230 M M 0 20 220
10 91 61 76 5 0 11 0.00 M M 3.8 15 220 M M 0 19 220
11 95 64 80 9 0 15 0.00 M M 10.0 22 210 M M 0 32 210
12 93 69 81 11 0 16 0.00 M M 9.2 17 210 M M 0 28 200
13 92 69 81 11 0 16 0.00 M M 13.2 21 210 M M 0 31 210
14 78 66 72 2 0 7 0.01 M M 4.2 12 30 M M 2 18 220
15 86 62 74 5 0 9 0.00 M M 4.6 14 130 M M 4 18 21 140
16 91 67 79 10 0 14 0.00 M M 8.2 18 210 M M 0 27 170
17 91 64 78 10 0 13 0.00 M M 4.0 13 30 M M 1 3 20 30
18 92 63 78 10 0 13 0.00 M M 3.2 13 140 M M 0 18 150
19 92 61 77 9 0 12 0.00 M M 8.8 20 160 M M 0 1 28 150
20 89 62 76 9 0 11 T M M 9.5 22 200 M M 1 3 35 210
21 76 47 62 -5 3 0 T M M 4.6 14 280 M M 1 25 270
22 78 41 60 -6 5 0 0.00 M M 1.9 10 290 M M 0 16 360
23 85 43 64 -2 1 0 0.00 M M 5.6 18 170 M M 0 25 180
24 78 50 64 -2 1 0 0.00 M M 7.8 23 220 M M 0 32 230
25 82 43 63 -2 2 0 0.00 M M 4.4 14 210 M M 0 20 200
26 98 55 77 12 0 12 0.00 M M 14.4 28 220 M M 0 40 210
27 96 65 81 17 0 16 0.00 M M 6.9 17 220 M M 0 25 210
28 94 57 76 12 0 11 0.00 M M 6.3 14 190 M M 0 25 190
29 85 65 75 11 0 10 0.00 M M 4.7 17 200 M M 4 26 180
30 78 58 68 5 0 3 0.07 M M 3.8 16 260 M M 4 13 24 280
================================================================================
SM 2624 1784 12 274 3.28 M 186.6 M 34
================================================================================
AV 87.5 59.5 6.2 FASTST M M 1 MAX(MPH)
MISC ----> 28 220 40 210
================================================================================
NOTES:
# LAST OF SEVERAL OCCURRENCES
COLUMN 17 PEAK WIND IN M.P.H.
PRELIMINARY LOCAL CLIMATOLOGICAL DATA (WS FORM: F-6) , PAGE 2
STATION: MANHATTAN KS
MONTH: SEPTEMBER
YEAR: 2021
LATITUDE: 39 9 N
LONGITUDE: 96 40 W
[TEMPERATURE DATA] [PRECIPITATION DATA] SYMBOLS USED IN COLUMN 16
AVERAGE MONTHLY: 73.5 TOTAL FOR MONTH: 3.28 1 = FOG OR MIST
DPTR FM NORMAL: 4.7 DPTR FM NORMAL: 0.59 2 = FOG REDUCING VISIBILITY
HIGHEST: 98 ON 26 GRTST 24HR 2.59 ON 2- 3 TO 1/4 MILE OR LESS
LOWEST: 41 ON 22 3 = THUNDER
SNOW, ICE PELLETS, HAIL 4 = ICE PELLETS
TOTAL MONTH: M 5 = HAIL
GRTST 24HR M ON M 6 = FREEZING RAIN OR DRIZZLE
GRTST DEPTH: M ON M 7 = DUSTSTORM OR SANDSTORM:
VSBY 1/2 MILE OR LESS
8 = SMOKE OR HAZE
[NO. OF DAYS WITH] [WEATHER - DAYS WITH] 9 = BLOWING SNOW
X = TORNADO
MAX 32 OR BELOW: 0 0.01 INCH OR MORE: 5
MAX 90 OR ABOVE: 13 0.10 INCH OR MORE: 3
MIN 32 OR BELOW: 0 0.50 INCH OR MORE: 2
MIN 0 OR BELOW: 0 1.00 INCH OR MORE: 1
[HDD (BASE 65) ]
TOTAL THIS MO. 12 CLEAR (SCALE 0-3) 25
DPTR FM NORMAL -48 PTCLDY (SCALE 4-7) 5
TOTAL FM JUL 1 12 CLOUDY (SCALE 8-10) 0
DPTR FM NORMAL -49
[CDD (BASE 65) ]
TOTAL THIS MO. 274
DPTR FM NORMAL 100 [PRESSURE DATA]
TOTAL FM JAN 1 1712 HIGHEST SLP M ON M
DPTR FM NORMAL 254 LOWEST SLP 29.62 ON 20
[REMARKS]
#FINAL-09-21#