000
CXUS53 KTOP 011425
CLMMHK
CLIMATE REPORT
NATIONAL WEATHER SERVICE TOPEKA KS
925 AM CDT SAT APR 01 2023
...................................
...THE MANHATTAN KS CLIMATE SUMMARY FOR THE MONTH OF MARCH 2023...
CLIMATE NORMAL PERIOD 1991 TO 2020
CLIMATE RECORD PERIOD 9999 TO 9999
WEATHER OBSERVED NORMAL DEPART LAST YEAR`S
VALUE DATE(S) VALUE FROM VALUE
NORMAL
..............................................................
TEMPERATURE (F)
HIGHEST 76 03/30 85
LOWEST 9 03/19 2
AVG. MAXIMUM 54.7 57.6 -2.9 58.9
AVG. MINIMUM 31.6 31.8 -0.2 28.8
MEAN 43.1 44.7 -1.6 43.9
DAYS MAX >= 90 0 0.0 0.0 0
DAYS MAX <= 32 0 1.0 -1.0 1
DAYS MIN <= 32 16 17.6 -1.6 18
DAYS MIN <= 0 0 0.3 -0.3 0
PRECIPITATION (INCHES)
TOTALS 0.74R 1.83 -1.09 2.41
DAILY AVG. 0.02 0.08
DAYS >= .01 9 9
DAYS >= .10 3 7
DAYS >= .50 0 2
DAYS >= 1.00 0 0
GREATEST
24 HR. TOTAL 0.31 03/16 TO 03/16 1.46
DEGREE DAYS
HEATING TOTAL 669 634 35 647
SINCE 7/1 4557 4651 -94 MM
COOLING TOTAL 0 4 -4 1
SINCE 1/1 0 4 -4 MM
..............................................................
WIND (MPH)
AVERAGE WIND SPEED 8.8
HIGHEST WIND SPEED/DIRECTION 33/210 DATE 03/20
33/210 03/30
HIGHEST GUST SPEED/DIRECTION 49/280 DATE 03/31
SKY COVER
POSSIBLE SUNSHINE (PERCENT) MM
AVERAGE SKY COVER 0.44
NUMBER OF DAYS FAIR 17
NUMBER OF DAYS PC 7
NUMBER OF DAYS CLOUDY 7
AVERAGE RH (PERCENT) 62
WEATHER CONDITIONS. NUMBER OF DAYS WITH
THUNDERSTORM 0 MIXED PRECIP 0
HEAVY RAIN 0 RAIN 1
LIGHT RAIN 9 FREEZING RAIN 0
LT FREEZING RAIN 0 HAIL 0
HEAVY SNOW 0 SNOW 0
LIGHT SNOW 2 SLEET 0
FOG 11 FOG W/VIS <= 1/4 MILE 0
HAZE 4
- INDICATES NEGATIVE NUMBERS.
R INDICATES RECORD WAS SET OR TIED.
MM INDICATES DATA IS MISSING.
T INDICATES TRACE AMOUNT.
$$