000
CXUS52 KMFL 011030
CF6MIA
PRELIMINARY LOCAL CLIMATOLOGICAL DATA (WS FORM: F-6)
STATION: MIAMI
MONTH: OCTOBER
YEAR: 2023
LATITUDE: 25 49 N
LONGITUDE: 80 17 W
TEMPERATURE IN F: :PCPN: SNOW: WIND :SUNSHINE: SKY :PK WND
================================================================================
1 2 3 4 5 6A 6B 7 8 9 10 11 12 13 14 15 16 17 18
12Z AVG MX 2MIN
DY MAX MIN AVG DEP HDD CDD WTR SNW DPTH SPD SPD DIR MIN PSBL S-S WX SPD DR
================================================================================
1 93 79 86 4 0 21 0.09 0.0 0 4.4 15 30 M M 7 3 19 30
2 87 78 83 1 0 18 0.55 0.0 0 8.1 18 50 M M 7 13 28 40
3 89 80 85 3 0 20 0.00 0.0 0 9.0 20 80 M M 3 8 27 70
4 90 78 84 2 0 19 0.00 0.0 0 7.2 18 80 M M 3 24 80
5 91 78 85 3 0 20 T 0.0 0 5.8 14 70 M M 4 17 80
6 92 76 84 2 0 19 0.00 0.0 0 3.9 12 140 M M 5 15 130
7 92 78 85 3 0 20 0.76 0.0 0 2.6 13 140 M M 4 1 20 180
8 91 76 84 3 0 19 0.10 0.0 0 2.8 12 260 M M 5 14 260
9 88 78 83 2 0 18 0.00 0.0 0 3.8 10 320 M M 8 16 300
10 91 78 85 4 0 20 0.00 0.0 0 M M M M M M M M
11 88 78 83 2 0 18 2.40 0.0 0 5.4 20 190 M M 9 138 24 180
12 93 84 89 8 0 24 0.00 0.0 0 10.9 23 200 M M 8 30 190
13 95 83 89 8 0 24 0.00 0.0 0 7.5 17 250 M M 7 24 240
14 87 80 84 3 0 19 1.59 0.0 0 6.4 13 240 M M 7 123 20 240
15 90 76 83 3 0 18 0.00 0.0 0 8.6 17 250 M M 4 25 240
16 79 69 74 -6 0 9 0.00 0.0 0 8.2 15 330 M M 5 22 320
17 77 63 70 -10 0 5 0.00 0.0 0 8.5 16 330 M M 1 22 330
18 84 66 75 -5 0 10 0.00 0.0 0 7.1 15 70 M M 2 20 70
19 86 72 79 -1 0 14 0.00 0.0 0 6.4 17 90 M M 5 22 80
20 85 75 80 0 0 15 T 0.0 0 4.4 13 100 M M 7 16 260
21 89 68 79 0 0 14 0.00 0.0 0 4.5 12 160 M M 2 18 170
22 87 74 81 2 0 16 0.00 0.0 0 3.5 8 300 M M 7 11 290
23 88 68 78 -1 0 13 0.00 0.0 0 6.0 15 90 M M 4 21 80
24 86 77 82 3 0 17 T 0.0 0 11.2 24 90 M M 5 30 50
25 87 77 82 4 0 17 0.02 0.0 0 12.1 24 80 M M 5 31 80
26 87 77 82 4 0 17 0.07 0.0 0 12.8 24 80 M M 7 32 90
27 86 78 82 4 0 17 0.10 0.0 0 11.5 22 80 M M 6 27 80
28 86 79 83 5 0 18 0.05 0.0 0 11.7 21 70 M M 6 29 40
29 87 78 83 5 0 18 0.05 0.0 0 11.4 20 70 M M 6 26 50
30 89 78 84 6 0 19 0.00 0.0 0 5.4 16 80 M M 5 21 90
31 91 76 84 7 0 19 0.00 0.0 0 4.7 13 300 M M 4 17 250
================================================================================
SM 2731 2355 0 535 5.78 0.0 215.8 M 158
================================================================================
AV 88.1 76.0 7.2 FASTST M M 5 MAX(MPH)
MISC ----> # 24 90 32 90
================================================================================
NOTES:
# LAST OF SEVERAL OCCURRENCES
COLUMN 17 PEAK WIND IN M.P.H.
PRELIMINARY LOCAL CLIMATOLOGICAL DATA (WS FORM: F-6) , PAGE 2
STATION: MIAMI
MONTH: OCTOBER
YEAR: 2023
LATITUDE: 25 49 N
LONGITUDE: 80 17 W
[TEMPERATURE DATA] [PRECIPITATION DATA] SYMBOLS USED IN COLUMN 16
AVERAGE MONTHLY: 82.0 TOTAL FOR MONTH: 5.78 1 = FOG OR MIST
DPTR FM NORMAL: 1.9 DPTR FM NORMAL: -1.87 2 = FOG REDUCING VISIBILITY
HIGHEST: 95 ON 13 GRTST 24HR 2.40 ON 11-11 TO 1/4 MILE OR LESS
LOWEST: 63 ON 17 3 = THUNDER
SNOW, ICE PELLETS, HAIL 4 = ICE PELLETS
TOTAL MONTH: 0.0 INCH 5 = HAIL
GRTST 24HR 0.0 6 = FREEZING RAIN OR DRIZZLE
GRTST DEPTH: 0 7 = DUSTSTORM OR SANDSTORM:
VSBY 1/2 MILE OR LESS
8 = SMOKE OR HAZE
[NO. OF DAYS WITH] [WEATHER - DAYS WITH] 9 = BLOWING SNOW
X = TORNADO
MAX 32 OR BELOW: 0 0.01 INCH OR MORE: 11
MAX 90 OR ABOVE: 11 0.10 INCH OR MORE: 6
MIN 32 OR BELOW: 0 0.50 INCH OR MORE: 4
MIN 0 OR BELOW: 0 1.00 INCH OR MORE: 2
[HDD (BASE 65) ]
TOTAL THIS MO. 0 CLEAR (SCALE 0-3) 4
DPTR FM NORMAL 0 PTCLDY (SCALE 4-7) 24
TOTAL FM JUL 1 0 CLOUDY (SCALE 8-10) 3
DPTR FM NORMAL 0
[CDD (BASE 65) ]
TOTAL THIS MO. 535
DPTR FM NORMAL 68 [PRESSURE DATA]
TOTAL FM JAN 1 4926 HIGHEST SLP 30.12 ON 25
DPTR FM NORMAL 786 LOWEST SLP 29.73 ON 15
[REMARKS]
#FINAL-10-23#