000
CXUS53 KIND 010600
CF6MIE
PRELIMINARY LOCAL CLIMATOLOGICAL DATA (WS FORM: F-6)
STATION: MUNCIE IN
MONTH: JUNE
YEAR: 2023
LATITUDE: 40 13 N
LONGITUDE: 85 23 W
TEMPERATURE IN F: :PCPN: SNOW: WIND :SUNSHINE: SKY :PK WND
================================================================================
1 2 3 4 5 6A 6B 7 8 9 10 11 12 13 14 15 16 17 18
12Z AVG MX 2MIN
DY MAX MIN AVG DEP HDD CDD WTR SNW DPTH SPD SPD DIR MIN PSBL S-S WX SPD DR
================================================================================
1 91 64 78 9 0 13 0.00 M M 5.7 18 110 M M 1 26 110
2 92 58 75 5 0 10 0.00 M M 6.0 20 80 M M 0 25 80
3 94 64 79 9 0 14 0.00 M M 6.8 24 70 M M 1 3 30 60
4 87 56 72 2 0 7 0.00 M M 11.6 20 50 M M 0 28 40
5 83 50 67 -4 0 2 0.00 M M 5.3 15 50 M M 0 8 22 60
6 87 55 71 0 0 6 T M M 7.8 25 320 M M 4 8 27 20
7 77 57 67 -4 0 2 0.00 M M 7.7 18 40 M M 1 18 25 50
8 78 50 64 -8 1 0 0.00 M M 6.7 15 350 M M 0 22 20
9 80 51 66 -6 0 1 0.00 M M 4.9 17 360 M M 0 8 19 30
10 86 54 70 -2 0 5 0.00 M M 5.0 14 240 M M 0 8 20 280
11 72 60 66 -6 0 1 0.65 M M 7.7 23 20 M M 7 18 31 20
12 66 54 60 -13 5 0 0.04 M M 10.1 18 280 M M 8 1 24 260
13 64 54 59 -14 6 0 0.76 M M 8.5 17 280 M M 10 1 25 290
14 74 59 67 -6 0 2 0.06 M M 6.7 15 280 M M 7 1 23 270
15 85 56 71 -3 0 6 0.04 M M 6.6 18 360 M M 2 18 25 250
16 73 53 63 -11 2 0 0.00 M M 7.0 14 350 M M 7 18 19 350
17 81 52 67 -7 0 2 0.00 M M 2.3 10 350 M M 0 128 14 330
18 84 56 70 -4 0 5 0.00 M M 5.2 14 140 M M 0 18 20 160
19 81 64 73 -1 0 8 0.00 M M 9.6 16 80 M M 3 21 70
20 86 67 77 2 0 12 0.00 M M 12.8 29 100 M M 2 37 100
21 88 62 75 0 0 10 T M M 11.2 24 100 M M 1 8 31 90
22 76 61 69 -6 0 4 0.00 M M 8.4 18 50 M M 6 23 50
23 80 67 74 -1 0 9 T M M 3.6 10 340 M M 10 13 320
24 89 67 78 3 0 13 0.00 M M 1.5 9 270 M M 5 13 290
25 88 67 78 2 0 13 0.76 M M 9.9 29 220 M M 3 13 46 220
26 78 65 72 -4 0 7 0.17 M M 12.5 29 300 M M 8 18 47 280
27 71 62 67 -9 0 2 T M M 8.9 18 310 M M 10 18 25 300
28 83 54 69 -7 0 4 0.00 M M 1.3 8 80 M M 6 128 12 70
29 87 65 76 0 0 11 T M M 9.9 33 250 M M 3 8 49 260
30 87 67 77 1 0 12 T M M 5.3 13 280 M M 4 8 18 290
================================================================================
SM 2448 1771 14 181 2.48 M 216.5 M 109
================================================================================
AV 81.6 59.0 7.2 FASTST M M 4 MAX(MPH)
MISC ----> 33 250 49 260
================================================================================
NOTES:
# LAST OF SEVERAL OCCURRENCES
COLUMN 17 PEAK WIND IN M.P.H.
PRELIMINARY LOCAL CLIMATOLOGICAL DATA (WS FORM: F-6) , PAGE 2
STATION: MUNCIE IN
MONTH: JUNE
YEAR: 2023
LATITUDE: 40 13 N
LONGITUDE: 85 23 W
[TEMPERATURE DATA] [PRECIPITATION DATA] SYMBOLS USED IN COLUMN 16
AVERAGE MONTHLY: 70.3 TOTAL FOR MONTH: 2.48 1 = FOG OR MIST
DPTR FM NORMAL: -3.0 DPTR FM NORMAL: -2.33 2 = FOG REDUCING VISIBILITY
HIGHEST: 94 ON 3 GRTST 24HR 0.81 ON 13-14 TO 1/4 MILE OR LESS
LOWEST: 50 ON 8, 5 3 = THUNDER
SNOW, ICE PELLETS, HAIL 4 = ICE PELLETS
TOTAL MONTH: M 5 = HAIL
GRTST 24HR M ON M 6 = FREEZING RAIN OR DRIZZLE
GRTST DEPTH: M ON M 7 = DUSTSTORM OR SANDSTORM:
VSBY 1/2 MILE OR LESS
8 = SMOKE OR HAZE
[NO. OF DAYS WITH] [WEATHER - DAYS WITH] 9 = BLOWING SNOW
X = TORNADO
MAX 32 OR BELOW: 0 0.01 INCH OR MORE: 7
MAX 90 OR ABOVE: 3 0.10 INCH OR MORE: 4
MIN 32 OR BELOW: 0 0.50 INCH OR MORE: 3
MIN 0 OR BELOW: 0 1.00 INCH OR MORE: 0
[HDD (BASE 65) ]
TOTAL THIS MO. 14 CLEAR (SCALE 0-3) 15
DPTR FM NORMAL 0 PTCLDY (SCALE 4-7) 11
TOTAL FM JUL 1 4692 CLOUDY (SCALE 8-10) 4
DPTR FM NORMAL -566
[CDD (BASE 65) ]
TOTAL THIS MO. 181
DPTR FM NORMAL -82 [PRESSURE DATA]
TOTAL FM JAN 1 279 HIGHEST SLP M ON M
DPTR FM NORMAL -111 LOWEST SLP 29.57 ON 13
[REMARKS]
#FINAL-06-23#